-- http://www.phpmyadmin.net
--
-- Počítač: 127.0.0.1
-- Vygenerováno: Pát 24. kvě 2013, 12:53
-- Verze MySQL: 5.5.27-log
-- Verze PHP: 5.4.14




--
-- Databáze: `kavenu3`
--

-- --------------------------------------------------------

--
-- Struktura tabulky `adresa`
--

CREATE TABLE IF NOT EXISTS `adresa` (
  `adresa_id` int(11) NOT NULL AUTO_INCREMENT,
  `mesto` varchar(30) NOT NULL,
  `ulice` varchar(50) NOT NULL,
  `psc` varchar(10) NOT NULL,
  `firma_id` smallint(6) DEFAULT NULL,
  `osoba_id` smallint(6) NOT NULL,
  `stat_id` smallint(6) NOT NULL,
  `dat_vlozeni` datetime NOT NULL,
  `dat_smazani` datetime DEFAULT NULL,
  PRIMARY KEY (`adresa_id`)
) ENGINE=MyISAM  DEFAULT CHARSET=utf8 AUTO_INCREMENT=41 ;

--
-- Vypisuji data pro tabulku `adresa`
--

INSERT INTO `adresa` (`adresa_id`, `mesto`, `ulice`, `psc`, `firma_id`, `osoba_id`, `stat_id`, `dat_vlozeni`, `dat_smazani`) VALUES
(1, 'Litoměřice', 'Osvobození 839/19', '41201', 52, 0, 52, '2013-04-15 13:24:24', NULL),
(2, 'Praha 4  - Braník', 'Psohlavců 1201/48', '14000', 60, 0, 52, '2013-04-15 13:24:24', NULL),
(3, 'Praha 4  - Braník', 'Horáčkova 1208', '14000', 61, 0, 52, '2013-04-15 13:24:24', NULL),
(4, 'Ktiš', 'Ktiš 2', '38403', 62, 0, 52, '2010-05-11 00:00:00', NULL),
(5, 'Plzeň', 'Doudlevecká 15', '30133', 63, 0, 52, '2011-03-07 00:00:00', NULL),
(6, 'Ostrava – Kunčičky', 'Škrobálkova 22', '71800', 64, 0, 52, '2011-03-08 00:00:00', NULL),
(7, 'Plzeň', 'Husova 11', '30614', 69, 0, 52, '2013-04-15 13:24:24', NULL),
(8, 'Plzeň', 'sady Pětatřicátníků 31', '30100', 70, 0, 52, '2013-04-15 13:24:24', NULL),
(9, 'Praha 9', 'Bobkova 736/26', '19800', 75, 0, 52, '2013-04-15 13:24:24', NULL),
(10, 'Praha', 'Hrabákova 1980', '14800', 92, 0, 52, '2011-10-09 00:00:00', NULL),
(11, 'Brno', 'Chudobova 23', '61500', 93, 0, 52, '2011-10-09 00:00:00', NULL),
(12, 'Plzeň', 'Doudlevecká 18', '30100', 94, 0, 52, '2011-11-20 00:00:00', NULL),
(13, 'Plzeň', 'Americká třída 15', '30400', 95, 0, 52, '2013-04-15 13:24:24', NULL),
(14, 'Plzeň', 'Rooseveltova 10', '30114', 96, 0, 52, '2013-04-15 13:24:24', NULL),
(15, 'Plzeň', 'Anglické nábřeží 2142/13', '30100', 97, 0, 52, '2013-04-15 13:24:24', NULL),
(16, 'Praha', 'K Lánu 2', '', 99, 0, 52, '2013-04-15 13:24:24', NULL),
(17, 'Brno', 'Rooseveltova 584/9', '60200', 104, 0, 52, '2012-05-31 16:42:46', NULL),
(18, 'Plzeň', 'Třebízského 2702 12', '30100', 119, 0, 52, '2013-03-23 16:41:52', NULL),
(19, 'hhhhh', 'U Testu', '26154', NULL, 3, 0, '2013-04-15 16:24:01', NULL),
(20, 'P&Aring;', 'Na Samot&Auml;', '26101', NULL, 4, 1, '2013-04-15 16:25:00', NULL),
(21, 'Plze&Aring;', 'Do &Aring;&nbsp;t&Auml;', '30100', NULL, 5, 52, '2013-04-15 20:00:49', NULL),
(22, 'da', 'da', '54741', NULL, 6, 1, '2013-04-16 07:22:49', NULL),
(23, '&Aring;', 'kjsnak', '85245', NULL, 7, 0, '2013-04-16 08:46:10', NULL),
(24, 'jdakosd', 'nskjd', '26101', NULL, 8, 1, '2013-04-17 11:50:31', NULL),
(25, 'Plzeň', 'Maja 100', '45613', NULL, 9, 52, '2013-04-23 00:07:12', NULL),
(26, 'Plzen', 'Maja 100', '44444', NULL, 10, 0, '2013-04-23 00:08:38', NULL),
(27, 'b&Aring;&frac34;', '&Aring;&iexcl;&Auml;', '000000', NULL, 11, 0, '2013-04-23 08:25:31', NULL),
(28, 'Plzeň', 'Ulice 34', '12300', NULL, 12, 0, '0000-00-00 00:00:00', NULL),
(29, '', '', '', NULL, 13, 0, '0000-00-00 00:00:00', NULL),
(30, '', '', '', NULL, 13, 0, '0000-00-00 00:00:00', NULL),
(31, '', '', '', NULL, 13, 0, '0000-00-00 00:00:00', NULL),
(32, '', '', '', NULL, 16, 0, '0000-00-00 00:00:00', NULL),
(33, '', '', '', NULL, 17, 0, '0000-00-00 00:00:00', NULL),
(34, '', '', '', NULL, 17, 0, '0000-00-00 00:00:00', NULL),
(35, '', '', '', NULL, 19, 0, '0000-00-00 00:00:00', NULL),
(36, '', '', '', NULL, 20, 0, '0000-00-00 00:00:00', NULL),
(37, '', '', '', NULL, 3, 0, '0000-00-00 00:00:00', NULL),
(38, 'Plzen', 'Brněnská 1', '32300', 121, 0, 52, '0000-00-00 00:00:00', NULL),
(39, '', '', '32300', 121, 0, 52, '0000-00-00 00:00:00', NULL),
(40, 'Plzen', 'brněnská 1', '34322', NULL, 22, 52, '0000-00-00 00:00:00', NULL);

-- --------------------------------------------------------

--
-- Struktura tabulky `bankovni_ucet`
--

CREATE TABLE IF NOT EXISTS `bankovni_ucet` (
  `doklad_bu_id` int(11) NOT NULL,
  `ucet_bu_cislo` smallint(6) DEFAULT NULL,
  `typ_dokladu_id` smallint(6) NOT NULL,
  `doklad_bu_cislo` varchar(30) NOT NULL,
  `doklad_fa_id` int(11) NOT NULL,
  `datum_transakce` date NOT NULL,
  `castka_dokladu` double NOT NULL,
  `mena_id` smallint(6) NOT NULL,
  `osoba_id` smallint(6) NOT NULL,
  `firma_id` smallint(6) NOT NULL,
  `ucet_platce` varchar(30) DEFAULT NULL,
  `ucet_prijemce` varchar(30) DEFAULT NULL,
  `var_symbol` varchar(30) DEFAULT NULL,
  PRIMARY KEY (`doklad_bu_id`),
  KEY `BANKOVNI_UCET_FAKTURY_FK` (`doklad_fa_id`),
  KEY `BANKOVNI_UCET_FIRMA_FK` (`firma_id`),
  KEY `BANKOVNI_UCET_MENA_FK` (`mena_id`),
  KEY `BANKOVNI_UCET_OSOBA_FK` (`osoba_id`),
  KEY `BANKOVNI_UCET_TYP_DOKLADU_FK` (`typ_dokladu_id`)
) ENGINE=MyISAM DEFAULT CHARSET=utf8;

-- --------------------------------------------------------

--
-- Struktura tabulky `faktury`
--

CREATE TABLE IF NOT EXISTS `faktury` (
  `doklad_fa_id` int(11) NOT NULL,
  `typ_dokladu_id` smallint(6) NOT NULL,
  `cislo_dokladu` varchar(20) NOT NULL,
  `dat_vystaveni` date NOT NULL,
  `dat_splatnosti` date NOT NULL,
  `dat_plneni` date NOT NULL,
  `dat_uhrady` date DEFAULT NULL,
  `cena` double NOT NULL,
  `mena_id` smallint(6) NOT NULL,
  `osoba_id` smallint(6) NOT NULL,
  `firma_id` smallint(6) NOT NULL,
  `dph` double DEFAULT NULL,
  `adresa` varchar(250) DEFAULT NULL,
  `jmeno` varchar(100) NOT NULL,
  `dic` varchar(20) DEFAULT NULL,
  `ic` varchar(20) DEFAULT NULL,
  `resi_osoba_id` smallint(6) NOT NULL,
  `dat_vlozeni` datetime NOT NULL,
  `dat_zmeny` datetime DEFAULT NULL,
  `dat_smazani` datetime DEFAULT NULL,
  `platny_int` char(1) DEFAULT NULL,
  `platny_uct` char(1) DEFAULT NULL,
  `odkaz_doklad` varchar(100) DEFAULT NULL,
  `je_storno` char(1) DEFAULT NULL,
  PRIMARY KEY (`doklad_fa_id`),
  KEY `FAKTURA_FIRMA_FK` (`firma_id`),
  KEY `FAKTURA_MENA_FK` (`mena_id`),
  KEY `FAKTURA_OSOBA_FK` (`osoba_id`),
  KEY `FAKTURA_TYP_DOKLADU_FK` (`typ_dokladu_id`),
  KEY `FAKTURY_OSOBA_FK` (`resi_osoba_id`)
) ENGINE=MyISAM DEFAULT CHARSET=utf8;

-- --------------------------------------------------------

--
-- Struktura tabulky `firma`
--

CREATE TABLE IF NOT EXISTS `firma` (
  `firma_id` smallint(6) NOT NULL AUTO_INCREMENT,
  `nazev` varchar(30) COLLATE utf8_czech_ci NOT NULL,
  `nazev_uplny` varchar(60) COLLATE utf8_czech_ci NOT NULL,
  `resi_osoba_id` smallint(6) NOT NULL,
  `telefon` varchar(20) COLLATE utf8_czech_ci DEFAULT NULL,
  `email` varchar(50) COLLATE utf8_czech_ci DEFAULT NULL,
  `web` varchar(30) COLLATE utf8_czech_ci DEFAULT NULL,
  `ico` varchar(15) COLLATE utf8_czech_ci DEFAULT NULL,
  `dic` varchar(15) COLLATE utf8_czech_ci DEFAULT NULL,
  `poznamka_interni` blob,
  `zastupuje_osoba_id` smallint(6) DEFAULT NULL,
  `je_dodavatel` char(1) COLLATE utf8_czech_ci NOT NULL,
  `je_odberatel` char(1) COLLATE utf8_czech_ci NOT NULL,
  `je_partner` char(1) COLLATE utf8_czech_ci NOT NULL,
  `je_vyrobce` char(1) COLLATE utf8_czech_ci NOT NULL,
  `dph` double DEFAULT NULL,
  `mena_id` smallint(6) NOT NULL,
  `cislo_uctu` varchar(30) COLLATE utf8_czech_ci DEFAULT NULL,
  `dat_vlozeni` datetime NOT NULL,
  `dat_zmeny` datetime DEFAULT NULL,
  `dat_smazani` datetime DEFAULT NULL,
  `aktivni` char(1) COLLATE utf8_czech_ci NOT NULL,
  `osoba_id` tinyint(6) NOT NULL,
  PRIMARY KEY (`firma_id`),
  KEY `FIRMA_MENA_FK` (`mena_id`),
  KEY `FIRMA_RESI_OSOBA_FK` (`resi_osoba_id`),
  KEY `FIRMA_OSOBA_FK` (`zastupuje_osoba_id`)
) ENGINE=MyISAM  DEFAULT CHARSET=utf8 COLLATE=utf8_czech_ci AUTO_INCREMENT=123 ;

--
-- Vypisuji data pro tabulku `firma`
--

INSERT INTO `firma` (`firma_id`, `nazev`, `nazev_uplny`, `resi_osoba_id`, `telefon`, `email`, `web`, `ico`, `dic`, `poznamka_interni`, `zastupuje_osoba_id`, `je_dodavatel`, `je_odberatel`, `je_partner`, `je_vyrobce`, `dph`, `mena_id`, `cislo_uctu`, `dat_vlozeni`, `dat_zmeny`, `dat_smazani`, `aktivni`, `osoba_id`) VALUES
(1, 'Albi', 'Albi', 9, '', '', '', '', '', 0x41202d20416d6f6c6974202d20647261c48dc3ad206bc5afc5be652028c48d657276656e6fc5be6c7574c3bd29, 3, 'A', 'N', 'N', 'A', 21, 1, '', '2013-04-21 10:51:36', NULL, NULL, 'A', 0),
(2, 'Blackfire', 'Blackfire', 0, '', '', '', '', '', 0x42202d204268656c6c696f6d202d2076796d79736c656e656a20647261686f6b616d20442e20456464696e6773656d2028c48d657276656ec3bd29, 3, 'A', 'N', 'N', 'A', 21, 1, '', '2013-04-21 10:51:36', NULL, NULL, 'A', 0),
(3, 'Corfix', 'Corfix', 0, '', '', '', '', '', 0x43202d2043697472c3ad6e2028c5be6c7574c3bd29, 3, 'A', 'N', 'N', 'A', 21, 1, '', '2013-04-21 10:51:36', NULL, NULL, 'A', 0),
(4, 'Heidelberg', 'Heidelberg', 0, '', '', '', '', '', 0x48202d2048656d6174697420287374c599c3ad62726ec3bd29, 3, 'A', 'N', 'N', 'A', 19, 2, '', '2013-04-21 10:51:36', NULL, NULL, 'A', 0),
(5, 'Irbis', 'Irbis', 0, '', '', '', '', '', '', 3, 'A', 'N', 'N', 'A', 21, 1, '', '2013-04-21 10:51:36', NULL, NULL, 'A', 0),
(6, 'Kavenu', 'Kavenu', 0, '', '', '', '', '', '', 3, 'A', 'N', 'N', 'A', 21, 1, '', '2013-04-21 10:51:36', NULL, NULL, 'A', 0),
(7, 'Lokki', 'Lokki', 0, '', '', '', '', '', 0x4c202d204c61706973204c617a756c6920286d6f6472c3bd29, 3, 'A', 'N', 'N', 'A', 21, 1, '', '2013-04-21 10:51:36', NULL, NULL, 'A', 0),
(8, 'MWE', 'MWE', 0, '', '', '', '', '', '', 3, 'A', 'N', 'N', 'A', 21, 1, '', '2013-04-21 10:51:36', NULL, NULL, 'A', 0),
(9, 'Piatnik', 'Piatnik', 0, '', '', '', '', '', 0x50202d2050797269742028686ec49b646f7374c599c3ad62726ec3bd29, 3, 'A', 'N', 'N', 'A', 21, 1, '', '2013-04-21 10:51:36', NULL, NULL, 'A', 0),
(10, '12 Spiel', '12 Spiel', 0, '', '', '', '', '', 0x53202d20536d617261676420287a656c656ec3bd29, 3, 'A', 'N', 'N', 'A', 19, 2, '', '2013-04-21 10:51:36', NULL, NULL, 'N', 0),
(11, 'Altar', 'Altar', 0, '', '', '', '', '', 0x52202d205265616c676172202d206d6fc5be6ec3a1207a6dc49b6e6974206e6120416c7461697465, 3, 'A', 'N', 'N', 'A', 21, 1, '', '2013-04-21 10:51:36', NULL, NULL, 'A', 0),
(12, 'Mama games s.r.o.', 'Mama games s.r.o.', 0, '', '', '', '', '', '', 3, 'A', 'N', 'N', 'A', 21, 1, '', '2013-04-21 10:51:36', NULL, NULL, 'A', 0),
(13, 'CGE', 'CGE', 0, '', '', '', '', '', '', 3, 'A', 'N', 'N', 'A', 21, 1, '', '2013-04-21 10:51:36', NULL, NULL, 'A', 0),
(14, 'MindOK', 'MindOK', 0, '', '', '', '', '', '', 3, 'A', 'N', 'N', 'A', 21, 1, '', '2013-04-21 10:51:36', NULL, NULL, 'A', 0),
(15, 'Selecta Spielzeug', 'Selecta Spielzeug', 0, '', '', 'www.selecta-spielzeug.de', '', '', 0x6b6f6e74616b74207a20457373656e75203037, 3, 'A', 'N', 'N', 'A', 19, 2, '', '2013-04-21 10:51:36', NULL, NULL, 'A', 0),
(16, 'Spielzeit', 'Spielzeit', 0, '', '', 'www.spielzeit.de', '', '', 0x6b6f6e74616b74207a20457373656e75203037, 3, 'A', 'N', 'N', 'A', 19, 2, '', '2013-04-21 10:51:36', NULL, NULL, 'A', 0),
(17, 'Pegasus Spiele', 'Pegasus Spiele', 0, '', '', 'www.pegasus.de', '', '', 0x6b6f6e74616b74207a20457373656e75203037, 3, 'A', 'N', 'N', 'A', 19, 2, '', '2013-04-21 10:51:36', NULL, NULL, 'A', 0),
(18, 'Drei Magier Spiele', 'Drei Magier Spiele', 0, '', '', 'www.dreimagier.de', '', '', 0x6b6f6e74616b74207a20457373656e75203037, 3, 'A', 'N', 'N', 'A', 19, 2, '', '2013-04-21 10:51:36', NULL, NULL, 'A', 0),
(19, 'Smart Games', 'Smart Games', 0, '', '', 'www.smart.be', '', '', 0x6b6f6e74616b74207a20457373656e75203037, 3, 'A', 'N', 'N', 'A', 21, 1, '', '2013-04-21 10:51:36', NULL, NULL, 'A', 0),
(20, 'Zoch Verlag', 'Zoch Verlag', 0, '', '', 'www.zoch-verlag.com', '', '', 0x6b6f6e74616b74207a20457373656e75203037, 3, 'A', 'N', 'N', 'A', 19, 2, '', '2013-04-21 10:51:36', NULL, NULL, 'A', 0),
(21, 'Schmidt Spiele', 'Schmidt Spiele', 0, '', '', 'www.schmidtspiele.de', '', '', 0x6b6f6e74616b74207a20457373656e75203037, 3, 'A', 'N', 'N', 'A', 21, 1, '', '2013-04-21 10:51:36', NULL, NULL, 'A', 0),
(22, 'Phalanx games', 'Phalanx games', 0, '', '', 'www.phalanxgames.net', '', '', 0x6b6f6e74616b74207a20457373656e75203037, 3, 'A', 'N', 'N', 'A', 19, 2, '', '2013-04-21 10:51:36', NULL, NULL, 'A', 0),
(23, 'Ravensburger', 'Ravensburger', 0, '', '', 'www.ravensburger.com', '', '', 0x6b6f6e74616b74207a20457373656e75203037, 3, 'A', 'N', 'N', 'A', 19, 2, '', '2013-04-21 10:51:36', NULL, NULL, 'A', 0),
(24, 'Logis', 'Logis', 0, '', '', 'www.logis.lt/zaidimai.php?lang', '', '', 0x6b6f6e74616b74207a20457373656e75203037, 3, 'A', 'N', 'N', 'A', 19, 2, '', '2013-04-21 10:51:36', NULL, NULL, 'A', 0),
(25, 'Billard centrum', 'Billard centrum', 0, '', '', '', '', '', '', 3, 'A', 'N', 'N', 'A', 21, 1, '', '2013-04-21 10:51:36', NULL, NULL, 'A', 0),
(26, 'Dino toys', 'Dino toys', 0, '', '', '', '', '', '', 3, 'A', 'N', 'N', 'A', 21, 1, '', '2013-04-21 10:51:36', NULL, NULL, 'A', 0),
(27, 'Jira''s Games', 'Jira''s Games', 0, '', '', '', '', '', '', 3, 'A', 'N', 'N', 'A', 21, 1, '', '2013-04-21 10:51:36', NULL, NULL, 'A', 0),
(28, 'CBG', 'CBG', 0, '', '', '', '', '', '', 3, 'A', 'N', 'N', 'A', 21, 1, '', '2013-04-21 10:51:36', NULL, NULL, 'A', 0),
(29, 'BEN', 'BEN - technická literatura s.r.o.', 0, '', '', '', '', '', 0x6ec3a16b757020362e20426572652070c59965642056c3a16e6f6369, 3, 'A', 'N', 'N', 'A', 21, 1, '', '2013-04-21 10:51:36', NULL, NULL, 'A', 0),
(30, 'Svět desk.her', 'Svět deskových her', 0, '', '', '', '', '', 0x6ec3a16b7570207a2048656964656c6265726775, 3, 'A', 'N', 'N', 'A', 21, 1, '', '2013-04-21 10:51:36', NULL, NULL, 'A', 0),
(31, 'Hasbro', 'Hasbro', 0, '', '', 'www.hasbrohry.cz/', '', '', '', 3, 'A', 'N', 'N', 'A', 21, 1, '', '2013-04-21 10:51:36', NULL, NULL, 'A', 0),
(32, 'Efko', 'Efko', 0, '', '', '', '', '', '', 3, 'A', 'N', 'N', 'A', 21, 1, '', '2013-04-21 10:51:36', NULL, NULL, 'A', 0),
(33, 'Avio', 'Avio s.r.o.', 0, '', 'info@plastelina.cz', 'www.plastelina.cz', '', '', 0x6ec3a16b757020496e74656c6967656e746ec3ad20706c617374656cc3ad6e79, 3, 'A', 'N', 'N', 'A', 21, 1, '', '2013-04-21 10:51:36', NULL, NULL, 'A', 0),
(34, 'Rebel team', 'Rebel team', 0, '', '', '', '', '', '', 3, 'A', 'N', 'N', 'A', 21, 1, '', '2013-04-21 10:51:36', NULL, NULL, 'A', 0),
(35, 'Garde games', 'Garde games', 0, '', '', '', '', '', '', 3, 'A', 'N', 'N', 'A', 21, 1, '', '2013-04-21 10:51:36', NULL, NULL, 'A', 0),
(36, 'Bonaparte', 'Bonaparte', 0, '', '', 'www.bonaparte.cz', '', '', '', 3, 'A', 'N', 'N', 'A', 21, 1, '', '2013-04-21 10:51:36', NULL, NULL, 'A', 0),
(37, 'Makro', 'Makro', 0, '', '', '', '', '', '', 3, 'A', 'N', 'N', 'A', 21, 1, '', '2013-04-21 10:51:36', NULL, NULL, 'A', 0),
(38, 'Pro Ludo', 'Pro Ludo', 0, '', '', 'www.proludo-spiele.de', '', '', '', 3, 'A', 'N', 'N', 'A', 19, 2, '', '2013-04-21 10:51:36', NULL, NULL, 'A', 0),
(39, 'Asmodee', 'Asmodee GmbH', 0, '', '', 'www.proludo-spiele.de', '', '', '', 3, 'A', 'N', 'N', 'A', 21, 1, '', '2013-04-21 10:51:36', NULL, NULL, 'A', 0),
(40, 'Eggertspiele', 'Eggertspiele', 0, '', '', 'www.eggertspiele.de', '', '', '', 3, 'A', 'N', 'N', 'A', 19, 2, '', '2013-04-21 10:51:36', NULL, NULL, 'A', 0),
(41, 'Conquest', 'Conquest Entertainment a.s.', 0, '', '', 'www.cqe.cz', '', '', '', 3, 'A', 'N', 'N', 'A', 21, 1, '', '2013-04-21 10:51:36', NULL, NULL, 'A', 0),
(42, 'MPK Toys', 'MPK Toys s r.o.', 0, '', '', '', '', '', '', 3, 'A', 'N', 'N', 'A', 21, 1, '', '2013-04-21 10:51:36', NULL, NULL, 'A', 0),
(43, 'BH Promo', 'BH Promo', 0, '', '', '', '', '', '', 3, 'A', 'N', 'N', 'A', 21, 1, '', '2013-04-21 10:51:36', NULL, NULL, 'A', 0),
(44, 'Granna', 'Granna', 0, '', 'info@granna.cz', 'www.granna.cz', '', '', '', 3, 'A', 'N', 'N', 'A', 21, 1, '', '2013-04-21 10:51:36', NULL, NULL, 'A', 0),
(45, 'Huch & friends', 'Huch & friends', 0, '', '', 'www.huchandfriends.de', '', '', '', 3, 'A', 'N', 'N', 'A', 19, 2, '', '2013-04-21 10:51:36', NULL, NULL, 'A', 0),
(46, 'Ikea', 'Ikea', 0, '', '', '', '', '', '', 3, 'A', 'N', 'N', 'A', 21, 1, '', '2013-04-21 10:51:36', NULL, NULL, 'A', 0),
(47, 'Tesco', 'Tesco', 0, '', '', '', '', '', '', 3, 'A', 'N', 'N', 'A', 21, 1, '', '2013-04-21 10:51:36', NULL, NULL, 'A', 0),
(48, 'UTS International', 'UTS', 0, '', '', '', '', '', '', 3, 'A', 'N', 'N', 'A', 21, 1, '', '2013-04-21 10:51:36', NULL, NULL, 'A', 0),
(49, 'Tantrix', 'Tantrix', 0, '', '', '', '', '', '', 3, 'A', 'N', 'N', 'A', 21, 1, '', '2013-04-21 10:51:36', NULL, NULL, 'A', 0),
(50, 'HLS', 'HLS', 0, '', '', '', '', '', '', 3, 'A', 'N', 'N', 'A', 21, 1, '', '2013-04-21 10:51:36', NULL, NULL, 'A', 0),
(51, 'Orvest', 'Orvest', 0, '', '', '', '', '', '', 3, 'A', 'N', 'N', 'A', 21, 1, '', '2013-04-21 10:51:36', NULL, NULL, 'A', 0),
(52, 'Shine Bean', 'Shine Bean o. s.', 0, '', '', '', '', '', 0x49c48c3a203232363930303030, 3, 'A', 'N', 'N', 'A', 21, 1, '', '2013-04-21 10:51:36', NULL, NULL, 'A', 0),
(53, 'Detoa', 'Detoa Albrechtice', 0, '', '', '', '', '', '', 3, 'A', 'N', 'N', 'A', 21, 1, '', '2013-04-21 10:51:36', NULL, NULL, 'A', 0),
(54, 'M.I.K.', 'M.I.K.', 0, '', '', '', '', '', '', 3, 'A', 'N', 'N', 'A', 21, 1, '', '2013-04-21 10:51:36', NULL, NULL, 'A', 0),
(55, 'Haba', 'Habermaaß GmbH', 0, '', '', 'www.haba.de', '', '', '', 3, 'A', 'N', 'N', 'A', 21, 1, '', '2013-04-21 10:51:36', NULL, NULL, 'A', 0),
(56, 'Goada', 'Goada', 0, '', '', '', '', '', '', 3, 'A', 'N', 'N', 'A', 21, 1, '', '2013-04-21 10:51:36', NULL, NULL, 'A', 0),
(57, 'ČEZ', 'ČEZ', 0, '', '', '', '', '', '', 3, 'A', 'N', 'N', 'A', 21, 1, '', '2013-04-21 10:51:36', NULL, NULL, 'A', 0),
(58, 'RWE', 'RWE', 0, '840 113 355', '', '', '', '', '', 3, 'A', 'N', 'N', 'A', 21, 1, '', '2013-04-21 10:51:36', NULL, NULL, 'A', 0),
(59, 'UPC', 'UPC', 0, '', '', '', '', '', '', 3, 'A', 'N', 'N', 'A', 21, 1, '', '2013-04-21 10:51:36', NULL, NULL, 'A', 0),
(60, 'EVK Říha', 'EVK-Vladimír Říha', 0, '318 695 050, 604 216', 'info~/vladimir.riha@evk-riha.cz, Evk.Riha@atlas.cz', 'www.evk-riha.cz/', '14929180', 'CZ6206107358', 0x76c3bd726f62636520687279204c6f67696b0d0a4b616e63656cc3a1c5993a0d0a566f7a6e6963652033340d0a446f62c599c3adc5a12020323633203031, 3, 'A', 'N', 'N', 'A', 21, 1, '', '2013-04-21 10:51:36', NULL, NULL, 'A', 0),
(61, 'Straky n.v.', 'Straky na vrbě - Michael Bronec', 0, '241 406 404', '', '', '15084396', 'CZ6910160169', '', 3, 'A', 'N', 'N', 'A', 21, 1, '2200033500/2010', '2013-04-21 10:51:36', NULL, NULL, 'A', 0),
(62, 'Forpsi', 'INTERNET CZ, a.s.', 0, '383 835 355', 'info@forpsi.com', 'www.forpsi.com', '26043319', 'CZ26043319', '', 3, 'A', 'N', 'N', 'A', 21, 1, '830809001/5500', '2010-05-11 00:00:00', NULL, NULL, 'A', 0),
(63, 'Kůs Elektro', 'Kůs Jaroslav - Elektrosoučástky', 0, '377 325 607', 'info@radiokus.cz', 'www.radiokus.cz', '', '', 0x50726f64656a6ec3ad20646f62613a20506f2d50c3a120382c33302d31322c30302031342c30302d31372c3330207c20536f20382c30302d31322c3030, 3, 'A', 'N', 'N', 'A', 21, 1, '', '2011-03-07 00:00:00', NULL, NULL, 'A', 0),
(64, 'Firemky s.r.o.', 'Firemky s.r.o.', 0, '775 949 273', 'info@firemky.cz', 'www.firemky.cz', '27800806', 'CZ27800806', '', 3, 'A', 'N', 'N', 'A', 21, 1, '', '2011-03-08 00:00:00', NULL, NULL, 'A', 0),
(65, 'Vodafone', 'Vodafone', 0, '', '', '', '', '', '', 3, 'A', 'N', 'N', 'A', 21, 1, '', '2013-04-21 10:51:36', NULL, NULL, 'A', 0),
(66, 'OBI', 'OBI', 0, '', '', '', '', '', '', 3, 'A', 'N', 'N', 'A', 21, 1, '', '2013-04-21 10:51:36', NULL, NULL, 'A', 0),
(67, 'Lobovská Jitka', 'Lobovská Jitka', 0, '', '', '', '', '', '', 3, 'A', 'N', 'N', 'A', 21, 1, '', '2013-04-21 10:51:36', NULL, NULL, 'A', 0),
(68, 'Oliberiusová Lenka', 'Oliberiusová Lenka', 0, '', '', '', '', '', '', 3, 'A', 'N', 'N', 'A', 21, 1, '', '2013-04-21 10:51:36', NULL, NULL, 'A', 0),
(69, 'AIESEC Plzeň', 'AIESEC Plzeň', 0, '', '', '', '75064677', '', '', 3, 'A', 'N', 'N', 'A', 21, 1, '', '2013-04-21 10:51:36', NULL, NULL, 'A', 0),
(70, 'Ferrum', 'Ferrum Plzeň, spol. S r.o.', 0, '377200142', '', '', '40527450', '', '', 3, 'A', 'N', 'N', 'A', 21, 1, '', '2013-04-21 10:51:36', NULL, NULL, 'A', 0),
(71, 'Bystam', 'Bystam V. Zíma', 0, '', '', '', '', '', '', 3, 'A', 'N', 'N', 'A', 21, 1, '', '2013-04-21 10:51:36', NULL, NULL, 'A', 0),
(72, 'Poštovní spořitelna', 'Poštovní spořitelna', 0, '', '', '', '', '', '', 3, 'A', 'N', 'N', 'A', 21, 1, '', '2013-04-21 10:51:36', NULL, NULL, 'A', 0),
(73, 'Česká spořitelna', 'Česká spořitelna', 0, '', '', '', '', '', '', 3, 'A', 'N', 'N', 'A', 21, 1, '', '2013-04-21 10:51:36', NULL, NULL, 'A', 0),
(74, 'LMBC', 'Lukas Marlen Buffet Corporation s.r.o.', 0, '', '', '', '', '', '', 3, 'A', 'N', 'N', 'A', 21, 1, '', '2013-04-21 10:51:36', NULL, NULL, 'A', 0),
(75, 'A-systems, s.r.o.', 'A-systems, s.r.o.', 0, '', '', '', '28494792', '', '', 3, 'A', 'N', 'N', 'A', 21, 1, '', '2013-04-21 10:51:36', NULL, NULL, 'A', 0),
(76, 'alza.cz', 'alza.cz', 0, '', '', '', '', '', '', 3, 'A', 'N', 'N', 'A', 21, 1, '', '2013-04-21 10:51:36', NULL, NULL, 'A', 0),
(77, 'prink', 'prink', 0, '', '', '', '', '', '', 3, 'A', 'N', 'N', 'A', 21, 1, '', '2013-04-21 10:51:36', NULL, NULL, 'A', 0),
(78, 'Pavel Larva', 'Pavel Larva', 0, '', '', '', '', '', '', 3, 'A', 'N', 'N', 'A', 21, 1, '', '2013-04-21 10:51:36', NULL, NULL, 'A', 0),
(79, 'Dobrý skutek', 'Občanské sdružení Dobrý skutek', 0, '', '', '', '', '', '', 3, 'A', 'N', 'N', 'A', 21, 1, '', '2013-04-21 10:51:36', NULL, NULL, 'A', 0),
(80, 'M.A.T. Group', 'M.A.T. Group, s.r.o.', 0, '', '', '', '', '', '', 3, 'A', 'N', 'N', 'A', 21, 1, '', '2013-04-21 10:51:36', NULL, NULL, 'A', 0),
(81, 'Sládek M., st. Chemie', 'Miroslav Sládek, stavební chemie', 0, '', '', '', '', '', '', 3, 'A', 'N', 'N', 'A', 21, 1, '', '2013-04-21 10:51:36', NULL, NULL, 'A', 0),
(82, 'Queen games', 'Queen games', 0, '', '', '', '', '', '', 3, 'A', 'N', 'N', 'A', 19, 2, '', '2013-04-21 10:51:36', NULL, NULL, 'A', 0),
(83, 'Zockato', 'Zockato', 0, '', '', '', '', '', '', 3, 'A', 'N', 'N', 'A', 19, 2, '', '2013-04-21 10:51:36', NULL, NULL, 'A', 0),
(84, 'Ascora games', 'Ascora games', 0, '', '', '', '', '', '', 3, 'A', 'N', 'N', 'A', 19, 2, '', '2013-04-21 10:51:36', NULL, NULL, 'A', 0),
(85, 'Rebel PL', 'Rebel Centrum Gier S.C.', 0, '', '', '', '', '', '', 3, 'A', 'N', 'N', 'A', 21, 1, '', '2013-04-21 10:51:36', NULL, NULL, 'A', 0),
(86, 'Kooperativa pojišť.', 'Kooperativa pojišťovna a.s.', 0, '', '', '', '', '', '', 3, 'A', 'N', 'N', 'A', 21, 1, '', '2013-04-21 10:51:36', NULL, NULL, 'A', 0),
(87, 'Živnostenský úřad', 'Živnostenský úřad Plzeň', 0, '', '', '', '', '', '', 3, 'A', 'N', 'N', 'A', 21, 1, '', '2013-04-21 10:51:36', NULL, NULL, 'A', 0),
(88, 'Papírnictví U Alfy', 'Papírnictví U Alfy - Tiskopisy Dušek', 0, '', '', '', '', '', '', 3, 'A', 'N', 'N', 'A', 21, 1, '', '2013-04-21 10:51:36', NULL, NULL, 'A', 0),
(89, 'GM electronic', 'GM electronic spol. s r. o.', 0, '', '', '', '', '', '', 3, 'A', 'N', 'N', 'A', 21, 1, '', '2013-04-21 10:51:36', NULL, NULL, 'A', 0),
(90, 'Česká pošta', 'Česká pošta', 0, '', '', '', '', '', '', 3, 'A', 'N', 'N', 'A', 21, 1, '', '2013-04-21 10:51:36', NULL, NULL, 'A', 0),
(91, 'Levné knihy', 'Levné knihy k.s.', 0, '', '', '', '', '', '', 3, 'A', 'N', 'N', 'A', 21, 1, '', '2013-04-21 10:51:36', NULL, NULL, 'A', 0),
(92, 'Bronda Games', 'Bronda Games s.r.o.', 0, '724380899, 604499086', 'info@chytrejfotbal.cz, brondagames@email.cz', 'www.chytrejfotbal.cz', '26486750', '', '', 3, 'A', 'N', 'N', 'A', 21, 1, '', '2011-10-09 00:00:00', NULL, NULL, 'A', 0),
(93, 'RexHry', 'RexHry.cz - Rexport, s.r.o.', 0, '774 057 570', 'info@rexhry.cz', 'www.rexhry.cz', '', '', '', 3, 'A', 'N', 'N', 'A', 21, 1, '', '2011-10-09 00:00:00', NULL, NULL, 'A', 0),
(94, 'Centrum klíčů', 'Centrum klíčů, s.r.o.', 0, '737762289', '', 'www.centrumklicu.cz', '28097271', 'CZ28097271', '', 3, 'A', 'N', 'N', 'A', 21, 1, '', '2011-11-20 00:00:00', NULL, NULL, 'A', 0),
(95, 'Dušek Karel', 'Dušek Karel, Americká', 0, '', '', '', '46878386', 'CZ6904061923', '', 3, 'A', 'N', 'N', 'A', 21, 1, '', '2013-04-21 10:51:36', NULL, NULL, 'A', 0),
(96, 'Koh-I-Noor', 'Koh-I-Noor Hardtmuth', 0, '', '', '', '', '', '', 3, 'A', 'N', 'N', 'A', 21, 1, '', '2013-04-21 10:51:36', NULL, NULL, 'A', 0),
(97, 'Stříbrný Vlastimil', 'Stříbrný Vlastimil', 0, '', '', '', '', '', '', 3, 'A', 'N', 'N', 'A', 21, 1, '', '2013-04-21 10:51:36', NULL, NULL, 'A', 0),
(98, 'Ingomat', 'Ingomat', 0, '', '', '', '', '', '', 3, 'A', 'N', 'N', 'A', 21, 1, '', '2013-04-21 10:51:36', NULL, NULL, 'A', 0),
(99, 'Duha - Děsír', 'Duha - Děsír', 0, '', '', '', '', '', '', 3, 'A', 'N', 'N', 'A', 21, 1, '', '2013-04-21 10:51:36', NULL, NULL, 'A', 0),
(100, 'Motochema', 'Motochema', 0, '', '', '', '', '', '', 3, 'A', 'N', 'N', 'A', 21, 1, '', '2012-05-29 15:24:12', NULL, NULL, 'A', 0),
(101, 'Messcom', 'Messcom, spol. s r.o.', 0, '', '', '', '', '', '', 3, 'A', 'N', 'N', 'A', 21, 1, '', '2012-05-29 15:33:54', NULL, NULL, 'A', 0),
(102, 'Dragon Print', 'Dragon Print s.r.o.', 0, '', '', '', '', '', '', 3, 'A', 'N', 'N', 'A', 21, 1, '', '2012-05-29 15:37:10', NULL, NULL, 'A', 0),
(103, 'Eva Bochinová', 'Eva Bochinová - papírnictví', 0, '', '', '', '', '', '', 3, 'A', 'N', 'N', 'A', 21, 1, '', '2012-05-29 15:40:14', NULL, NULL, 'A', 0),
(104, 'Venti Media s.r.o.', 'Venti Media s.r.o.', 0, '775729999', 'info@venti.cz', 'www.venti.cz', '28279549', 'CZ28279549', '', 3, 'A', 'N', 'N', 'A', 21, 1, '2900046775/2010', '2012-05-31 16:42:46', NULL, NULL, 'A', 0),
(105, 'Axes Computers s.r.o.', 'Axes Computers s.r.o.', 0, '', '', '', '', '', '', 3, 'A', 'N', 'N', 'A', 21, 1, '', '2012-06-01 22:21:42', NULL, NULL, 'A', 0),
(107, 'Stragoo', 'Stragoo Games', 0, '', '', '', '', '', '', 3, 'A', 'N', 'N', 'A', 21, 1, '', '2013-04-21 10:51:36', NULL, NULL, 'A', 0),
(108, 'AEG', 'AEG', 0, '', '', '', '', '', '', 3, 'A', 'N', 'N', 'A', 21, 1, '', '2013-04-21 10:51:36', NULL, NULL, 'A', 0),
(109, 'Libellud', 'Libellud', 0, '', '', '', '', '', '', 3, 'A', 'N', 'N', 'A', 19, 2, '', '2013-04-21 10:51:36', NULL, NULL, 'A', 0),
(110, 'Ferti', 'Ferti', 0, '', '', '', '', '', '', 3, 'A', 'N', 'N', 'A', 19, 2, '', '2013-04-21 10:51:36', NULL, NULL, 'A', 0),
(111, 'Joenedu', 'Joenedu', 0, '', '', '', '', '', '', 3, 'A', 'N', 'N', 'A', 19, 2, '', '2013-04-21 10:51:36', NULL, NULL, 'A', 0),
(112, 'PD-Verlag', 'PD-Verlag', 0, '', '', '', '', '', '', 3, 'A', 'N', 'N', 'A', 21, 1, '', '2013-04-21 10:51:36', NULL, NULL, 'A', 0),
(113, 'Jakub Elexmayer, s.r.o.', 'Jakub Elexmayer, s.r.o.', 0, '', '', '', '', '', '', 3, 'A', 'N', 'N', 'A', 21, 1, '', '2013-01-05 11:11:03', NULL, NULL, 'A', 0),
(114, 'Reich Luboš', 'Reich Luboš', 0, '', '', '', '', '', '', 3, 'A', 'N', 'N', 'A', 21, 1, '', '2013-03-09 00:21:26', NULL, NULL, 'A', 0),
(115, 'PPL CZ s.r.o.', 'PPL CZ s.r.o.', 0, '', '', '', '', '', '', 3, 'A', 'N', 'N', 'A', 21, 1, '', '2013-03-09 03:25:29', NULL, NULL, 'A', 0),
(116, 'Integra Co. s.r.o.', 'Integra Co. s.r.o.', 0, '', '', '', '', '', '', 3, 'A', 'N', 'N', 'A', 21, 1, '', '2013-03-09 04:26:09', NULL, NULL, 'A', 0),
(117, 'Barvy-laky Modrý racek', 'Barvy-laky Modrý racek', 0, '', '', '', '', '', '', 3, 'A', 'N', 'N', 'A', 21, 1, '', '2013-03-09 04:28:47', NULL, NULL, 'A', 0),
(118, 'TechDraw Office s.r.o.', 'TechDraw Office s.r.o.', 0, '', '', '', '', '', '', 3, 'A', 'N', 'N', 'A', 21, 1, '', '2013-03-09 04:30:09', NULL, NULL, 'A', 0),
(119, 'IT Host.CZ', 'IT Host.CZ', 0, '', '', '', '22720456', 'CZ22720456', '', 3, 'A', 'N', 'N', 'A', 21, 1, '', '2013-03-23 16:41:52', NULL, NULL, 'A', 0),
(120, 'rajhh', '', 0, NULL, NULL, NULL, '', '', NULL, 3, '', '', '', '', NULL, 1, NULL, '2013-04-23 08:24:52', NULL, NULL, 'y', 7),
(121, 'Firma', 'Firma s.r.o.', 0, '774167524', 'info@firma.cz', 'www.firma.cz', '76322165', '', 0x5a6b75c5a165626ec3ad206669726d61, 3, '', '', '', '', 21, 2, NULL, '2013-05-08 19:00:01', NULL, NULL, 'A', 0),
(122, 'a', '', 0, '111222333', 'a@a.cz', '', '76322165', '', '', 3, '', '', '', '', 0, 1, NULL, '2013-05-16 22:05:24', NULL, NULL, 'A', 0);

-- --------------------------------------------------------

--
-- Struktura tabulky `herni_akce`
--

CREATE TABLE IF NOT EXISTS `herni_akce` (
  `akce_id` int(11) NOT NULL,
  `dat_zahajeni` date NOT NULL,
  `dat_ukonceni` date NOT NULL,
  `nazev` varchar(100) NOT NULL,
  `misto` varchar(30) NOT NULL,
  `hodnoceni` varchar(1) NOT NULL,
  `popis` blob,
  `dat_vlozeni` datetime NOT NULL,
  `dat_zmeny` datetime DEFAULT NULL,
  `dat_smazani` datetime DEFAULT NULL,
  `aktivni` char(1) NOT NULL,
  PRIMARY KEY (`akce_id`)
) ENGINE=MyISAM DEFAULT CHARSET=utf8;

-- --------------------------------------------------------

--
-- Struktura tabulky `herni_akce_polozky`
--

CREATE TABLE IF NOT EXISTS `herni_akce_polozky` (
  `akce_id` int(11) NOT NULL,
  `polozka_skladem_id` smallint(6) NOT NULL,
  `poc_nasich` smallint(6) DEFAULT NULL,
  `poc_cizich` smallint(6) DEFAULT NULL,
  `poc_prodano` smallint(6) DEFAULT NULL,
  `poc_hrani` smallint(6) NOT NULL,
  `poznamka` varchar(100) DEFAULT NULL,
  `prodej_cena` double DEFAULT NULL,
  PRIMARY KEY (`akce_id`,`polozka_skladem_id`),
  KEY `AKCE_POLOZKY_POL_SKLADEM_FK` (`polozka_skladem_id`)
) ENGINE=MyISAM DEFAULT CHARSET=utf8;

-- --------------------------------------------------------

--
-- Struktura tabulky `jazykova_narocnost`
--

CREATE TABLE IF NOT EXISTS `jazykova_narocnost` (
  `jazykova_narocnost_id` smallint(6) NOT NULL,
  `kod_narocnosti` varchar(1) COLLATE utf8_czech_ci NOT NULL,
  `popis_narocnosti` varchar(60) COLLATE utf8_czech_ci NOT NULL,
  PRIMARY KEY (`jazykova_narocnost_id`)
) ENGINE=MyISAM DEFAULT CHARSET=utf8 COLLATE=utf8_czech_ci;

--
-- Vypisuji data pro tabulku `jazykova_narocnost`
--

INSERT INTO `jazykova_narocnost` (`jazykova_narocnost_id`, `kod_narocnosti`, `popis_narocnosti`) VALUES
(1, 'A', 'Herní součásti neobsahují žádný text'),
(2, 'B', 'Text ve hře: nepodstatný'),
(3, 'C', 'Text ve hře: jednoduchý či snadno zapamatovatelný'),
(4, 'D', 'Text ve hře: občasný, je třeba překlad či přelepky'),
(5, 'E', 'Text ve hře: velmi rozsáhlý'),
(6, 'F', 'Téměř nehratelná v jiném jazyce');

-- --------------------------------------------------------

--
-- Struktura tabulky `kategorie`
--

CREATE TABLE IF NOT EXISTS `kategorie` (
  `kategorie_id` int(6) NOT NULL,
  `popis_kategorie` varchar(50) NOT NULL,
  `dat_vlozeni` datetime NOT NULL,
  `dat_zmeny` datetime DEFAULT NULL,
  `aktivni` char(1) NOT NULL,
  `dat_vymazani` datetime DEFAULT NULL,
  `seo_url` varchar(255) NOT NULL COMMENT 'seo tag',
  `seo_klice` varchar(255) NOT NULL COMMENT 'seo tag',
  `seo_popis` text NOT NULL COMMENT 'seo tag',
  PRIMARY KEY (`kategorie_id`)
) ENGINE=MyISAM DEFAULT CHARSET=utf8;

--
-- Vypisuji data pro tabulku `kategorie`
--

INSERT INTO `kategorie` (`kategorie_id`, `popis_kategorie`, `dat_vlozeni`, `dat_zmeny`, `aktivni`, `dat_vymazani`, `seo_url`, `seo_klice`, `seo_popis`) VALUES
(1, 'abstraktní hry', '2013-04-18 14:34:42', NULL, 'M', NULL, 'abstraktni_hry', 'abstraktní hry', 'obvykle hry pro 2 hráče s malým či žádným podílem náhody a jednoduchými pravidly'),
(95, 'kostky', '2013-04-18 14:34:42', NULL, 'M', NULL, 'kostky', 'kostky', 'kostky jako doplňky her'),
(2, 'akční/dovednostní', '2013-04-18 14:34:42', NULL, 'A', NULL, 'akcni-dovednostni', 'akční/dovednostní', 'většinou využívá více zručnost manuální než myšlenkovou'),
(3, 'dobrodružné', '2013-04-18 14:34:42', NULL, 'A', NULL, 'dobrodruzne', 'dobrodružné', 'hra může zahrnovat simulaci fantazijní výpravy nebo příběhu'),
(4, 'americká občanská válka', '2013-04-18 14:34:42', NULL, 'A', NULL, 'americka_obcanska_valka', 'americká občanská válka', 'americká občanská válka'),
(5, 'americké boje s indiány', '2013-04-18 14:34:42', NULL, 'A', NULL, 'americke_boje_s_indiany', 'americké boje s indiány', 'americké boje s indiány'),
(6, 'americká revoluce', '2013-04-18 14:34:42', NULL, 'A', NULL, 'americka_revoluce', 'americká revoluce', 'americká revoluce'),
(7, 'americký západ', '2013-04-18 14:34:42', NULL, 'A', NULL, 'americky_zapad', 'americký západ', 'americký západ'),
(8, 'starověk', '2013-04-18 14:34:42', NULL, 'A', NULL, 'starovek', 'starověk', 'od počátku historie udávané v písemných pramenech (cca 4000 let p.n.l.) až do pádu Říše římské (500 n.l.); téma zahrnuje pozdnější období než prehistorické, zároveň mladší než středověké'),
(9, 'zvířata', '2013-04-18 14:34:42', NULL, 'M', NULL, 'zvirata', 'zvířata', 'hry, ve kterých jsou zvířata hlavním tématem, nebo ve kterých jsou jako podstatné herní komponenty; hráči mohou vystupovat v roli zvířat, hrát se zvířaty nebo je mít na starosti'),
(10, 'arabský svět', '2013-04-18 14:34:42', NULL, 'A', NULL, 'arabsky_svet', 'arabský svět', 'arabský svět'),
(11, 'blafování', '2013-04-18 14:34:42', NULL, 'A', NULL, 'blafovani', 'blafování', 'hráči mohou vyhrát pomocí blafování či mystifikace ostatních'),
(12, 'kniha', '2013-04-18 14:34:42', NULL, 'A', NULL, 'kniha', 'kniha', 'kniha o hrách; může obsahovat různá pravidla her, ale není to podmínkou'),
(13, 'karetní', '2013-04-18 14:34:42', NULL, 'M', NULL, 'karetni', 'karetní', 'hlavním herní komponentou tohoto typu her, zpravidla prodávaném v malých balíčcích, jsou karty; (hra s herní deskou a kartami je zpravidla nazývána "deskovou hrou")'),
(14, 'dětské', '2013-04-18 14:34:42', NULL, 'M', NULL, 'detske', 'dětské', 'jednoduchá pravidla umožňují hru hrát i dětem; za dětskou hru lze považovat každou s doporučeným věkem hráčů pod 10 let'),
(15, 'budování měst', '2013-04-18 14:34:42', NULL, 'A', NULL, 'budovani_mest', 'budování měst', 'hra obsahuje plánování či stavění budov a jiných objektů'),
(16, 'občanské války', '2013-04-18 14:34:42', NULL, 'A', NULL, 'obcanske_valky', 'občanské války', 'občanské války'),
(17, 'civilizace', '2013-04-18 14:34:42', NULL, 'A', NULL, 'civilizace', 'civilizace', 'hráči ve hře vystupují jako rozdílné civilizace, nebo se hra týká rozvoje různých civilizací'),
(18, 'sběratelské součásti', '2013-04-18 14:34:42', NULL, 'A', NULL, 'sberatelske_soucasti', 'sběratelské součásti', 'sběratelské součásti'),
(19, 'dle komiksu/filmu', '2013-04-18 14:34:42', NULL, 'A', NULL, 'dle_komiksu-filmu', 'dle komiksu/filmu', 'dle komiksu/filmu'),
(20, 'počítače/internet', '2013-04-18 14:34:42', NULL, 'A', NULL, 'pocitace-internet', 'počítače/internet', 'počítače/internet'),
(21, 'dedukce', '2013-04-18 14:34:42', NULL, 'A', NULL, 'dedukce', 'dedukce', 'hráči využívají logiku k určení věcí, které zpočátku nebyly známy'),
(22, 'kostkové', '2013-04-18 14:34:42', NULL, 'A', NULL, 'kostkove', 'kostkové', 'jednou z nejdůležitějších složek hry je hod kostkou a jeho vyhodnocení'),
(23, 'ekonomika', '2013-04-18 14:34:42', NULL, 'A', NULL, 'ekonomika', 'ekonomika', 'nedílnou součástí hry jsou finance a jejich správa; finance zde neslouží jako pouhé určování skóre'),
(24, 'výukové hry', '2013-04-18 14:34:42', NULL, 'M', NULL, 'vyukove_hry', 'výukové hry', '-'),
(25, 'elektronika', '2013-04-18 14:34:42', NULL, 'A', NULL, 'elektronika', 'elektronika', '-'),
(26, 'ekologie/životní prostředí', '2013-04-18 14:34:42', NULL, 'A', NULL, 'ekologie-zivotni_prostredi', 'ekologie/životní prostředí', 'ekologie/životní prostředí'),
(27, 'rozšíření k základní hře', '2013-04-18 14:34:42', NULL, 'M', NULL, 'rozsireni_k_zakladni_hre', 'rozšíření k základní hře', 'rozšíření k základní hře'),
(28, 'objevování', '2013-04-18 14:34:42', NULL, 'A', NULL, 'objevovani', 'objevování', 'v tématu hry jsou obsažena neznámá území či skryté odměny, které se hráči snaží nalézt či odkrýt'),
(29, 'fantasy', '2013-04-18 14:34:42', NULL, 'A', NULL, 'fantasy', 'fantasy', 'používá klasické fantazijní prvky, jako jsou trolové, skřeti, kouzelníci, čarodějky a další fantazijní bytosti'),
(30, 'zemědělství', '2013-04-18 14:34:42', NULL, 'A', NULL, 'zemedelstvi', 'zemědělství', 'zemědělství'),
(31, 'bojové', '2013-04-18 14:34:42', NULL, 'A', NULL, 'bojove', 'bojové', '-'),
(32, 'horror', '2013-04-18 14:34:42', NULL, 'A', NULL, 'horror', 'horror', 'odpovídá stejnému stylu ve filmu; hry obsahující krvavá témata či motivy nemrtvých apod.'),
(33, 'humor', '2013-04-18 14:34:42', NULL, 'A', NULL, 'humor', 'humor', '-'),
(34, 'průmysl/výroba', '2013-04-18 14:34:42', NULL, 'A', NULL, 'prumysl-vyroba', 'průmysl/výroba', 'průmysl/výroba'),
(35, 'korejská válka', '2013-04-18 14:34:42', NULL, 'A', NULL, 'korejska_valka', 'korejská válka', 'korejská válka'),
(36, 'mafie', '2013-04-18 14:34:42', NULL, 'A', NULL, 'mafie', 'mafie', 'mafie'),
(37, 'matematika', '2013-04-18 14:34:42', NULL, 'A', NULL, 'matematika', 'matematika', '-'),
(38, 'bludiště', '2013-04-18 14:34:42', NULL, 'A', NULL, 'bludiste', 'bludiště', 'bludiště'),
(39, 'středověk', '2013-04-18 14:34:42', NULL, 'A', NULL, 'stredovek', 'středověk', 'tematicky se dotýká středověku, vystupují zde rytíři, poddaní a další; navazuje na starověk, končí s příchodem renesance'),
(40, 'paměť', '2013-04-18 14:34:42', NULL, 'A', NULL, 'pamet', 'paměť', 'hráči jsou nuceni si pamatovat součásti hry, aby mohli bojovat o vítězství'),
(41, 'miniatury', '2013-04-18 14:34:42', NULL, 'A', NULL, 'miniatury', 'miniatury', 'miniatury'),
(42, 'novodobé války', '2013-04-18 14:34:42', NULL, 'A', NULL, 'novodobe_valky', 'novodobé války', 'novodobé války'),
(43, 'filmy/TV/rádio', '2013-04-18 14:34:42', NULL, 'A', NULL, 'filmy-tv-radio', 'filmy/TV/rádio', 'filmy/TV/rádio'),
(44, 'vraždy/záhady', '2013-04-18 14:34:42', NULL, 'A', NULL, 'vrazdy-zahady', 'vraždy/záhady', 'vraždy/záhady'),
(45, 'hudba', '2013-04-18 14:34:42', NULL, 'A', NULL, 'hudba', 'hudba', 'hudba'),
(46, 'mytologie', '2013-04-18 14:34:42', NULL, 'A', NULL, 'mytologie', 'mytologie', 'mytologie'),
(47, 'napoleonské války', '2013-04-18 14:34:42', NULL, 'A', NULL, 'napoleonske_valky', 'napoleonské války', 'napoleonské války'),
(48, 'námořní', '2013-04-18 14:34:42', NULL, 'A', NULL, 'namorni', 'námořní', 'spojeno s mořem, plavbou, loděmi či námořníky'),
(49, 'vyjednávání', '2013-04-18 14:34:42', NULL, 'A', NULL, 'vyjednavani', 'vyjednávání', 'hráči jsou v zájmu vítězství nuceni mezi sebou uzavírat dohody a obchody'),
(50, 'podle románu', '2013-04-18 14:34:42', NULL, 'A', NULL, 'podle_romanu', 'podle románu', 'doba, do které je hra situována, je ještě před nástupem dominance člověka'),
(51, 'číselné', '2013-04-18 14:34:42', NULL, 'A', NULL, 'ciselne', 'číselné', '-'),
(52, 'párty hry', '2013-04-18 14:34:42', NULL, 'M', NULL, 'party_hry', 'párty hry', 'zábavná hra s lehkými pravidly určená zejména pro rozjařenou společnost pro zpestření společného večera'),
(53, 'piráti', '2013-04-18 14:34:42', NULL, 'A', NULL, 'pirati', 'piráti', 'piráti'),
(54, 'politika', '2013-04-18 14:34:42', NULL, 'A', NULL, 'politika', 'politika', 'hráči se snaží manipulovat součástmi či událostmi ve hře v zájmu svých cílů'),
(55, 'pravěk', '2013-04-18 14:34:42', NULL, 'A', NULL, 'pravek', 'pravěk', 'pravěk'),
(56, 'puzzle', '2013-04-18 14:34:42', NULL, 'A', NULL, 'puzzle', 'puzzle', 'namísto ovlivňování jeden druhého se hráči snaží najít způsob, jak danou situaci vyřešit efektivněji či rychleji'),
(57, 'závodní hry', '2013-04-18 14:34:42', NULL, 'M', NULL, 'zavodni_hry', 'závodní hry', 'hráči se snaží splnit co nejrychleji svůj úkol či zadání'),
(58, 'real-time', '2013-04-18 14:34:42', NULL, 'A', NULL, 'real-time', 'real-time', 'namísto střídání po tazích či kolech jsou hráči odměňováni na základě důvtipu či postřehu a rychlých rukou'),
(59, 'náboženský', '2013-04-18 14:34:42', NULL, 'A', NULL, 'nabozensky', 'náboženský', '-'),
(60, 'renesance', '2013-04-18 14:34:42', NULL, 'A', NULL, 'renesance', 'renesance', 'renesance, pozdní středověk; 15. stol. v Itálii či později i jinde; období nových myšlenek, obrození, výzkumů, objevů a dlouhých obchodních cest'),
(61, 'sci-fi', '2013-04-18 14:34:42', NULL, 'M', NULL, 'sci-fi', 'sci-fi', 'hra obsahuje prvky založené na klasických tématech science-fiction, kterými jsou např. mimozemšťani, neznámé technologie, cesty vesmírem či trhliny v časoprostoru'),
(62, 'vesmírný výzkum', '2013-04-18 14:34:42', NULL, 'A', NULL, 'vesmirny_vyzkum', 'vesmírný výzkum', '-'),
(63, 'špióni/agenti', '2013-04-18 14:34:42', NULL, 'A', NULL, 'spioni-agenti', 'špióni/agenti', '-'),
(64, 'sport', '2013-04-18 14:34:42', NULL, 'M', NULL, 'sport', 'sport', 'hra se tematicky týká sportu a různých sportovních disciplín'),
(65, 'budování území', '2013-04-18 14:34:42', NULL, 'A', NULL, 'budovani_uzemi', 'budování území', '-'),
(66, 'vlaky', '2013-04-18 14:34:42', NULL, 'A', NULL, 'vlaky', 'vlaky', 'tato hra se týká zejména vlaků, jejich kopií a modelů'),
(67, 'doprava', '2013-04-18 14:34:42', NULL, 'A', NULL, 'doprava', 'doprava', 'hráči jsou odměňování v zásilosti na převezeném zboží ži lidech z jednoho místa na druhé'),
(68, 'cestování', '2013-04-18 14:34:42', NULL, 'A', NULL, 'cestovani', 'cestování', 'cestování'),
(69, 'znalosti', '2013-04-18 14:34:42', NULL, 'A', NULL, 'znalosti', 'znalosti', 'testování obecných či specifických znalostí hráčů'),
(70, 'podle video hry', '2013-04-18 14:34:42', NULL, 'A', NULL, 'podle_video_hry', 'podle video hry', '-'),
(71, 'vietnamská válka', '2013-04-18 14:34:42', NULL, 'A', NULL, 'vietnamska_valka', 'vietnamská válka', '-'),
(72, 'wargame', '2013-04-18 14:34:42', NULL, 'A', NULL, 'wargame', 'wargame', 'typ her wargame'),
(73, 'slova', '2013-04-18 14:34:42', NULL, 'A', NULL, 'slova', 'slova', 'hráči potřebují při hře používat svou slovní zásobu'),
(74, 'I. světová válka', '2013-04-18 14:34:42', NULL, 'A', NULL, 'i_svetova_valka', 'I. světová válka', '-'),
(75, 'II. světová válka', '2013-04-18 14:34:42', NULL, 'A', NULL, 'ii_svetova_valka', 'II. světová válka', '-'),
(76, 'rodinné hry', '2013-04-18 14:34:42', NULL, 'M', NULL, 'rodinne_hry', 'rodinné hry', 'hry odpočinkové, relaxační, vhodné pro celou rodinu'),
(77, 'týmové hry', '2013-04-18 14:34:42', NULL, 'M', NULL, 'tymove_hry', 'týmové hry', 'hry, ve kterých zpravidla soupeří jednotlivé týmy; vhodné i jako teambuilding apod.'),
(78, 'strategie', '2013-04-18 14:34:42', NULL, 'M', NULL, 'strategie', 'strategie', 'strategie'),
(79, 'hry českých autorů', '2013-04-18 14:34:42', NULL, 'M', NULL, 'hry_ceskych_autoru', 'hry českých autorů', 'hry českých autorů'),
(80, 'do parku', '2013-04-18 14:34:42', NULL, 'M', NULL, 'do_parku', 'do parku', 'vhodné na deku do parku - obsahují malé množství komponent, jsou snadné na přípravu, hru i kontrolu po dohrání.'),
(81, 'do hospody', '2013-04-18 14:34:42', NULL, 'M', NULL, 'do_hospody', 'do hospody', 'pobaví rozvernou společnost v hospodě, nebo jsou natolik jednoduché na hru či přípravu, že nemusí mít hráči strach, že budou muset přespříliš počítat komponenty.'),
(82, 'budovatelské', '2013-04-18 14:34:42', NULL, 'M', NULL, 'budovatelske', 'budovatelské', 'dochází zde k budování či rozvoji, ať již domu, města, království, civilizace či světa'),
(83, 'kooperativní', '2013-04-18 14:34:42', NULL, 'M', NULL, 'kooperativni', 'kooperativní', 'založené na vzájemné spolupráci hráčů, kteří zpravidla hrají všichni proti hře samotné'),
(84, 'historické', '2013-04-18 14:34:42', NULL, 'M', NULL, 'historicke', 'historické', 'hry vážně zaměřené na určité historické období nebo využívající historické reálie pro příběh'),
(85, 'herní systém', '2013-04-18 14:34:42', NULL, 'A', NULL, 'herni_system', 'herní systém', 'hra, jejíž komponenty se používají při hraní jiných her, např. s kameny Go lze hrát hry Go-Moku, Renju, Alak, Pente a další'),
(86, 'hry pro dospělé', '2013-04-18 14:34:42', NULL, 'M', NULL, 'hry_pro_dospele', 'hry pro dospělé', 'hry pro dospělé'),
(87, 'k vlastní výrobě', '2013-04-18 14:34:42', NULL, 'A', NULL, 'k_vlastni_vyrobe', 'k vlastní výrobě', 'hry, které si hráči musí nejprve vytisknout, sestavit a poté teprve hrát; většinou jsou zdarma\r\nOdkazy na stránce: http://www.boardgamegeek.com/boardgamecategory/1120'),
(88, 'deskové hry', '2013-04-18 14:34:42', NULL, 'M', NULL, 'deskove_hry', 'deskové hry', 'jako protipól karetních her'),
(89, 'hry pro 2', '2013-04-18 14:34:42', NULL, 'M', NULL, 'hry_pro_2', 'hry pro 2', 'hry pro 2'),
(90, 'hry pro náročné', '2013-04-18 14:34:42', NULL, 'M', NULL, 'hry_pro_narocne', 'hry pro náročné', 'hry pro náročné'),
(91, 'klasické hry', '2013-04-18 14:34:42', NULL, 'M', NULL, 'klasicke_hry', 'klasické hry', 'klasické hry'),
(92, 'válečné hry', '2013-04-18 14:34:42', NULL, 'M', NULL, 'valecne_hry', 'válečné hry', 'válečné hry, ve kterých se zpravidla řeší téma otevřeného konfliktu, často založené na historických událostech'),
(93, 'na cestu', '2013-04-18 14:34:42', NULL, 'M', NULL, 'na_cestu', 'na cestu', 'na cestu'),
(94, 'tip na dárek', '2013-04-18 14:34:42', NULL, 'M', NULL, 'tip_na_darek', 'tip na dárek', 'hry, které potěší skoro každého'),
(96, 'lékařské', '2013-04-18 14:34:42', NULL, 'A', NULL, 'lekarske', 'lékařské', 'hry související s lékařstvím mohou zahrnovat chirurgii, léky, uzdravení / rekuperační / fyzikální terapie, psychiatrie, farmacii, recepty, léky a další související položky.'),
(97, 'zombie', '2013-04-18 14:34:42', NULL, 'A', NULL, 'zombie', 'zombie', 'Často obsahují témata a připodobnění týkající se oživlých mrtvých, apokalyptických motivů, hororu a boje.');

-- --------------------------------------------------------

--
-- Struktura tabulky `mena`
--

CREATE TABLE IF NOT EXISTS `mena` (
  `mena_id` smallint(6) NOT NULL,
  `kod_meny` varchar(3) NOT NULL,
  `symbol_meny` varchar(3) NOT NULL,
  `za_castkou` char(1) NOT NULL,
  `kurz` double NOT NULL,
  PRIMARY KEY (`mena_id`)
) ENGINE=MyISAM DEFAULT CHARSET=utf8;

--
-- Vypisuji data pro tabulku `mena`
--

INSERT INTO `mena` (`mena_id`, `kod_meny`, `symbol_meny`, `za_castkou`, `kurz`) VALUES
(1, 'CZK', 'Kč', 'A', 1),
(2, 'EUR', '€', 'A', 25.35),
(3, 'GBP', '£', 'N', 32),
(4, 'USD', '$', 'N', 18.5);

-- --------------------------------------------------------

--
-- Struktura tabulky `nakup_prodej`
--

CREATE TABLE IF NOT EXISTS `nakup_prodej` (
  `zaznam_id` int(11) NOT NULL,
  `polozka_skladem_id` smallint(6) NOT NULL,
  `doklad_pk_id` int(11) NOT NULL,
  `doklad_fa_id` int(11) NOT NULL,
  `cena` double NOT NULL,
  `sleva_id` smallint(6) NOT NULL,
  `objednavka_id` int(11) NOT NULL,
  PRIMARY KEY (`zaznam_id`),
  KEY `NAKUP_PRODEJ_OBJEDNAVKA_FK` (`objednavka_id`),
  KEY `PRODEJ_FAKTURA_FK` (`doklad_fa_id`),
  KEY `PRODEJ_POKLADNI_KNIHA_FK` (`doklad_pk_id`),
  KEY `PRODEJ_POLOZKA_SKLADEM_FK` (`polozka_skladem_id`),
  KEY `PRODEJ_SLEVY_FK` (`sleva_id`)
) ENGINE=MyISAM DEFAULT CHARSET=utf8;

-- --------------------------------------------------------

--
-- Struktura tabulky `objednavka`
--

CREATE TABLE IF NOT EXISTS `objednavka` (
  `objednavka_id` int(11) NOT NULL AUTO_INCREMENT,
  `datum` date NOT NULL,
  `poznamka` blob,
  `vytvoril_osoba_id` smallint(6) NOT NULL,
  `objednava_osoba_id` smallint(6) NOT NULL,
  `objednava_firma_id` smallint(6) NOT NULL,
  `stav_obj_id` smallint(6) NOT NULL,
  `typ_obj_id` smallint(6) NOT NULL,
  `mena_id` smallint(6) NOT NULL,
  `dph` double NOT NULL,
  `dodat_komplet` char(1) NOT NULL,
  `dat_vlozeni` datetime NOT NULL,
  `dat_zmeny` datetime DEFAULT NULL,
  `dat_smazani` datetime DEFAULT NULL,
  `aktivni` char(1) DEFAULT NULL,
  PRIMARY KEY (`objednavka_id`),
  KEY `OBJEDNAVKA_FIRMA_FK` (`objednava_firma_id`),
  KEY `OBJEDNAVKA_MENA_FK` (`mena_id`),
  KEY `OBJEDNAVKA_OSOBA_FK` (`vytvoril_osoba_id`),
  KEY `OBJEDNAVKA_OSOBA_FKv1` (`objednava_osoba_id`),
  KEY `OBJEDNAVKA_STAV_OBJEDNAVKY_FK` (`stav_obj_id`),
  KEY `OBJEDNAVKA_TYP_OBJEDNAVKY_FK` (`typ_obj_id`)
) ENGINE=MyISAM  DEFAULT CHARSET=utf8 AUTO_INCREMENT=27 ;

--
-- Vypisuji data pro tabulku `objednavka`
--

INSERT INTO `objednavka` (`objednavka_id`, `datum`, `poznamka`, `vytvoril_osoba_id`, `objednava_osoba_id`, `objednava_firma_id`, `stav_obj_id`, `typ_obj_id`, `mena_id`, `dph`, `dodat_komplet`, `dat_vlozeni`, `dat_zmeny`, `dat_smazani`, `aktivni`) VALUES
(1, '2013-04-22', NULL, 1, 1, 1, 1, 1, 1, 21, 'A', '2013-04-22 20:12:33', NULL, NULL, '1'),
(2, '2013-04-22', NULL, 1, 1, 1, 1, 1, 1, 21, 'A', '2013-04-22 20:22:17', NULL, NULL, '1'),
(3, '2013-04-22', NULL, 1, 1, 1, 1, 1, 1, 21, 'A', '2013-04-22 20:28:32', NULL, NULL, '1'),
(4, '2013-04-22', NULL, 1, 1, 1, 1, 1, 1, 21, 'A', '2013-04-22 20:28:36', NULL, NULL, '1'),
(5, '2013-04-22', NULL, 1, 1, 1, 1, 1, 1, 21, 'A', '2013-04-22 20:28:58', NULL, NULL, '1'),
(6, '2013-04-22', NULL, 1, 1, 1, 1, 1, 1, 21, 'A', '2013-04-22 20:40:31', NULL, NULL, '1'),
(7, '2013-04-22', NULL, 1, 1, 1, 1, 1, 1, 21, 'A', '2013-04-22 20:41:17', NULL, NULL, '1'),
(8, '2013-04-22', NULL, 1, 1, 1, 1, 1, 1, 21, 'A', '2013-04-22 20:41:53', NULL, NULL, '1'),
(9, '2013-04-22', NULL, 1, 1, 1, 1, 1, 1, 21, 'A', '2013-04-22 20:44:20', NULL, NULL, '1'),
(10, '2013-04-22', NULL, 3, 3, 0, 1, 1, 1, 21, 'A', '2013-04-22 20:46:04', NULL, NULL, '1'),
(11, '2013-04-22', NULL, 3, 3, 0, 1, 1, 1, 21, 'A', '2013-04-22 20:46:37', NULL, NULL, '1'),
(12, '2013-04-22', NULL, 3, 3, 0, 1, 1, 1, 21, 'A', '2013-04-22 20:51:10', NULL, NULL, '1'),
(13, '2013-04-22', NULL, 3, 3, 0, 1, 1, 1, 21, 'A', '2013-04-22 20:52:46', NULL, NULL, '1'),
(14, '2013-04-22', NULL, 3, 3, 0, 1, 1, 1, 21, 'A', '2013-04-22 20:53:13', NULL, NULL, '1'),
(15, '2013-04-22', NULL, 3, 3, 0, 1, 1, 1, 21, 'A', '2013-04-22 20:56:01', NULL, NULL, '1'),
(16, '2013-04-22', NULL, 3, 3, 0, 1, 1, 1, 21, 'A', '2013-04-22 20:57:08', NULL, NULL, '1'),
(17, '2013-04-22', NULL, 3, 3, 0, 1, 1, 1, 21, 'A', '2013-04-22 21:00:49', NULL, NULL, '1'),
(18, '2013-04-22', NULL, 3, 3, 0, 1, 1, 1, 21, 'A', '2013-04-22 21:03:08', NULL, NULL, '1'),
(19, '2013-04-22', NULL, 3, 3, 0, 1, 1, 1, 21, 'A', '2013-04-22 21:04:40', NULL, NULL, '1'),
(20, '2013-04-22', NULL, 3, 3, 0, 1, 1, 1, 21, 'A', '2013-04-22 21:07:00', NULL, NULL, '1'),
(21, '2013-04-22', NULL, 3, 3, 0, 1, 1, 1, 21, 'A', '2013-04-22 21:22:30', NULL, NULL, '1'),
(22, '2013-04-22', NULL, 3, 3, 0, 1, 1, 1, 21, 'A', '2013-04-22 21:26:30', NULL, NULL, '1'),
(23, '2013-04-23', NULL, 3, 3, 0, 1, 1, 1, 21, 'A', '2013-04-23 06:00:27', NULL, NULL, '1'),
(24, '2013-04-23', NULL, 7, 7, 0, 1, 1, 1, 21, 'A', '2013-04-23 06:55:00', NULL, NULL, '1'),
(25, '2013-04-23', NULL, 11, 11, 0, 1, 1, 1, 21, 'A', '2013-04-23 09:09:52', NULL, NULL, '1'),
(26, '2013-04-23', NULL, 7, 7, 0, 1, 1, 1, 21, 'A', '2013-04-23 12:09:56', NULL, NULL, '1');

-- --------------------------------------------------------

--
-- Struktura tabulky `objednavka_polozky`
--

CREATE TABLE IF NOT EXISTS `objednavka_polozky` (
  `objednavka_id` int(11) NOT NULL,
  `typ_obj_id` int(11) NOT NULL,
  `polozka_skladem_id` smallint(6) NOT NULL,
  `dat_zahajeni` date DEFAULT NULL,
  `dat_ukonceni` date DEFAULT NULL,
  `cas_od` time DEFAULT NULL,
  `cas_do` time DEFAULT NULL,
  `mnozstvi` double NOT NULL,
  `dohodnuta_cena` double DEFAULT NULL,
  `mnozstvi_blokovane` double DEFAULT NULL,
  PRIMARY KEY (`objednavka_id`,`polozka_skladem_id`),
  KEY `OBJEDNAVKA_POLOZKY_POLOZKA_SKLADEM_FK` (`polozka_skladem_id`)
) ENGINE=MyISAM DEFAULT CHARSET=utf8;

--
-- Vypisuji data pro tabulku `objednavka_polozky`
--

INSERT INTO `objednavka_polozky` (`objednavka_id`, `typ_obj_id`, `polozka_skladem_id`, `dat_zahajeni`, `dat_ukonceni`, `cas_od`, `cas_do`, `mnozstvi`, `dohodnuta_cena`, `mnozstvi_blokovane`) VALUES
(1, 13, 0, NULL, NULL, NULL, NULL, 0, 111, 1),
(2, 13, 0, NULL, NULL, NULL, NULL, 0, 111, 1),
(3, 2, 13, NULL, NULL, NULL, NULL, 0, 280, 1),
(4, 2, 13, NULL, NULL, NULL, NULL, 0, 280, 1),
(5, 2, 13, NULL, NULL, NULL, NULL, 0, 280, 1),
(6, 2, 13, NULL, NULL, NULL, NULL, 0, 280, 1),
(7, 2, 13, NULL, NULL, NULL, NULL, 0, 280, 1),
(8, 2, 13, NULL, NULL, NULL, NULL, 0, 280, 1),
(9, 2, 13, NULL, NULL, NULL, NULL, 0, 280, 1),
(10, 2, 13, NULL, NULL, NULL, NULL, 0, 280, 1),
(11, 2, 13, NULL, NULL, NULL, NULL, 0, 280, 1),
(12, 2, 13, NULL, NULL, NULL, NULL, 0, 280, 1),
(13, 2, 13, NULL, NULL, NULL, NULL, 0, 280, 1),
(14, 2, 13, NULL, NULL, NULL, NULL, 0, 280, 1),
(15, 2, 13, NULL, NULL, NULL, NULL, 0, 280, 1),
(16, 2, 13, NULL, NULL, NULL, NULL, 0, 280, 1),
(17, 2, 13, NULL, NULL, NULL, NULL, 0, 280, 1),
(18, 2, 13, NULL, NULL, NULL, NULL, 0, 280, 1),
(19, 1, 30, NULL, NULL, NULL, NULL, 0, 600, 1),
(19, 2, 13, NULL, NULL, NULL, NULL, 0, 280, 1),
(20, 1, 30, NULL, NULL, NULL, NULL, 0, 600, 1),
(20, 2, 13, NULL, NULL, NULL, NULL, 0, 280, 1),
(21, 1, 30, NULL, NULL, NULL, NULL, 1, 600, 0),
(21, 2, 13, NULL, NULL, NULL, NULL, 1, 280, 1),
(22, 1, 30, NULL, NULL, NULL, NULL, 1, 600, 0),
(22, 2, 13, NULL, NULL, NULL, NULL, 1, 280, 1),
(23, 2, 11, NULL, NULL, NULL, NULL, 1, 280, 1),
(24, 1, 56, NULL, NULL, NULL, NULL, 1, 400, 0),
(26, 2, 13, NULL, NULL, NULL, NULL, 1, 280, 1),
(26, 2, 30, NULL, NULL, NULL, NULL, 1, 560, 1);

-- --------------------------------------------------------

--
-- Struktura tabulky `osoba_ve_skupine`
--

CREATE TABLE IF NOT EXISTS `osoba_ve_skupine` (
  `osoba_id` smallint(6) NOT NULL,
  `skupina_id` smallint(6) NOT NULL,
  `sleva_id` smallint(6) NOT NULL,
  PRIMARY KEY (`osoba_id`,`skupina_id`),
  KEY `OSOBA_VE_SKUPINE_SKUPINA_FK` (`skupina_id`),
  KEY `OSOBA_VE_SKUPINE_SLEVY_FK` (`sleva_id`)
) ENGINE=MyISAM DEFAULT CHARSET=utf8;

-- --------------------------------------------------------

--
-- Struktura tabulky `pokladni_kniha`
--

CREATE TABLE IF NOT EXISTS `pokladni_kniha` (
  `doklad_pk_id` int(11) NOT NULL,
  `typ_dokladu_id` smallint(6) NOT NULL,
  `doklad_pk_cislo` varchar(20) NOT NULL,
  `dat_vystaveni` date NOT NULL,
  `dat_uhrady` date DEFAULT NULL,
  `castka` double NOT NULL,
  `mena_id` smallint(6) NOT NULL,
  `osoba_id` smallint(6) NOT NULL,
  `firma_id` smallint(6) NOT NULL,
  `dph` double NOT NULL,
  `resi_osoba_id` smallint(6) NOT NULL,
  `platny_int` char(1) DEFAULT NULL,
  `platny_uct` char(1) DEFAULT NULL,
  `dat_vlozeni` datetime NOT NULL,
  `dat_zmeny` datetime DEFAULT NULL,
  `dat_smazani` datetime DEFAULT NULL,
  `je_storno` char(1) DEFAULT NULL,
  PRIMARY KEY (`doklad_pk_id`),
  KEY `POKLADNI_KNIHA_FIRMA_FK` (`firma_id`),
  KEY `POKLADNI_KNIHA_MENA_FK` (`mena_id`),
  KEY `POKLADNI_KNIHA_OSOBA_FK` (`osoba_id`),
  KEY `POKLADNI_KNIHA_TYP_DOKLADU_FK` (`typ_dokladu_id`),
  KEY `POKLADNI_KNIHA_USER_FK` (`resi_osoba_id`)
) ENGINE=MyISAM DEFAULT CHARSET=utf8;

-- --------------------------------------------------------

--
-- Struktura tabulky `polozka`
--

CREATE TABLE IF NOT EXISTS `polozka` (
  `polozka_id` int(11) NOT NULL,
  `typ_pol_id` smallint(6) NOT NULL,
  `titul_polozky` varchar(100) COLLATE utf8_czech_ci NOT NULL,
  `podtitul_polozky` varchar(100) COLLATE utf8_czech_ci DEFAULT NULL,
  `vyrobce_firma_id` smallint(6) NOT NULL,
  `rok_vyroby` smallint(6) DEFAULT NULL,
  `kratky_popis` varchar(255) COLLATE utf8_czech_ci DEFAULT NULL,
  `popis` blob,
  `poznamka` blob,
  `odkaz_vyrobce` varchar(200) COLLATE utf8_czech_ci DEFAULT NULL,
  `seo_url` varchar(255) COLLATE utf8_czech_ci NOT NULL COMMENT 'seo tag',
  `seo_klice` varchar(255) COLLATE utf8_czech_ci NOT NULL COMMENT 'seo tag',
  `seo_popis` text COLLATE utf8_czech_ci NOT NULL COMMENT 'seo tag',
  `dat_vlozeni` datetime NOT NULL,
  `dat_zmeny` datetime DEFAULT NULL,
  `dat_smazani` datetime DEFAULT NULL,
  `aktivni` char(1) COLLATE utf8_czech_ci NOT NULL,
  `prodej_zaklad` double DEFAULT NULL,
  `prodej_sleva` double DEFAULT NULL,
  `pujcovna_zaloha` int(11) DEFAULT NULL,
  `pujcovne_id` int(11) NOT NULL,
  PRIMARY KEY (`polozka_id`)
) ENGINE=MyISAM DEFAULT CHARSET=utf8 COLLATE=utf8_czech_ci;

--
-- Vypisuji data pro tabulku `polozka`
--

INSERT INTO `polozka` (`polozka_id`, `typ_pol_id`, `titul_polozky`, `podtitul_polozky`, `vyrobce_firma_id`, `rok_vyroby`, `kratky_popis`, `popis`, `poznamka`, `odkaz_vyrobce`, `seo_url`, `seo_klice`, `seo_popis`, `dat_vlozeni`, `dat_zmeny`, `dat_smazani`, `aktivni`, `prodej_zaklad`, `prodej_sleva`, `pujcovna_zaloha`, `pujcovne_id`) VALUES
(1, 101, '6 bere!', NULL, 0, 1994, '', 0x[BLOB], '', '', '6_bere', '6 bere!', '6 bere!', '2008-01-13 00:00:00', '2008-01-13 00:00:00', NULL, 'A', 290, 280, 300, 13),
(2, 101, 'Alhambra', NULL, 0, 2003, 'Hra založená na jednoduchém principu, ale plná napětí. Komu se podaří vystavět zahrady, které se stanou oním světoznámým místem v Alhambře?', 0x[BLOB], '', '', 'alhambra', 'Alhambra', 'Hra založená na jednoduchém principu, ale plná napětí. Komu se podaří vystavět zahrady, které se stanou oním světoznámým místem v Alhambře?', '2008-01-13 00:00:00', '2008-01-13 00:00:00', NULL, 'A', 630, 590, 700, 21),
(3, 101, 'Blafuj', NULL, 0, 2004, '', '', '', '', 'blafuj', 'Blafuj', 'Blafuj', '2008-08-30 00:00:00', '2008-08-30 00:00:00', NULL, 'A', 229, 220, 300, 13),
(4, 101, 'Bohnanza', NULL, 0, 1997, '', '', '', '', 'bohnanza', 'Bohnanza', 'Bohnanza', '2008-01-13 00:00:00', '2008-01-13 00:00:00', NULL, 'A', 295, 280, 300, 18),
(5, 101, 'Cartagena', NULL, 0, 2000, '', 0x[BLOB], '', '', 'cartagena', 'Cartagena', 'Cartagena', '2008-01-13 00:00:00', '2008-01-13 00:00:00', NULL, 'A', 530, 490, 600, 18),
(6, 101, 'Hexenrennen (Rej čarodějnic)', NULL, 0, 2001, '', '', '', '', 'hexenrennen_(rej_carodejnic)', 'Hexenrennen (Rej čarodějnic)', 'Hexenrennen (Rej čarodějnic)', '2008-01-13 00:00:00', '2008-01-13 00:00:00', NULL, 'A', 530, 490, 600, 21),
(7, 101, 'Los Mampfos', NULL, 0, 2006, '', 0x[BLOB], '', '', 'los_mampfos', 'Los Mampfos', 'Los Mampfos', '2008-01-13 00:00:00', '2008-01-13 00:00:00', NULL, 'A', 920, 870, 1000, 31),
(8, 101, 'Manila', NULL, 0, 2005, '', '', '', '', 'manila', 'Manila', 'Manila', '2008-01-13 00:00:00', '2008-01-13 00:00:00', NULL, 'A', 780, 710, 800, 31),
(9, 101, 'Niagara', NULL, 0, 2004, '', '', '', '', 'niagara', 'Niagara', 'Niagara', '2008-01-13 00:00:00', '2008-01-13 00:00:00', NULL, 'A', 940, 880, 1000, 31),
(10, 101, 'Um Krone und Kragen (O Korunu a límec)', NULL, 0, 2006, '', '', '', '', 'um_krone_und_kragen_(o_korunu_a_limec)', 'Um Krone und Kragen (O Korunu a límec)', 'Um Krone und Kragen (O Korunu a límec)', '2008-01-13 00:00:00', '2008-01-13 00:00:00', NULL, 'A', 490, 460, 500, 18),
(11, 101, 'Pippo', NULL, 0, 1996, '', '', '', '', 'pippo', 'Pippo', 'Pippo', '2008-01-13 00:00:00', '2008-01-13 00:00:00', NULL, 'A', 295, 280, 400, 18),
(12, 101, 'Razzia!', NULL, 0, 2004, '', '', '', '', 'razzia', 'Razzia!', 'Razzia!', '2008-01-13 00:00:00', '2008-01-13 00:00:00', NULL, 'A', 340, 320, 400, 18),
(13, 101, 'Serpentina (Hisss)', NULL, 0, 2002, '', 0x[BLOB], '', '', 'serpentina_(hisss)', 'Serpentina (Hisss)', 'Serpentina (Hisss)', '2008-01-13 00:00:00', '2008-01-13 00:00:00', NULL, 'A', 295, 280, 400, 18),
(14, 101, 'Timbuktu', NULL, 0, 1993, '', '', '', '', 'timbuktu', 'Timbuktu', 'Timbuktu', '2008-01-13 00:00:00', '2008-01-13 00:00:00', NULL, 'A', 920, 870, 1000, 31),
(15, 101, 'Tsuro', NULL, 0, 2005, '', 0x[BLOB], '', '', 'tsuro', 'Tsuro', 'Tsuro', '2008-01-13 00:00:00', '2008-01-13 00:00:00', NULL, 'A', 680, 600, 700, 21),
(16, 101, 'Walhalla', NULL, 0, 2006, '', '', '', '', 'walhalla', 'Walhalla', 'Walhalla', '2008-01-13 00:00:00', '2008-01-13 00:00:00', NULL, 'A', 730, 690, 800, 21),
(17, 101, 'Želví závody (Schildkroetenrennen)', NULL, 0, 2004, 'veselá hra pro malé i velké. Kartičkami poháníte želvy. Nesmíte ale prozradit, která je vaše. Která doběhne první k salátku, vyhrává.', 0x[BLOB], '', '', 'zelvi_zavody', 'Želví závody (Schildkroetenrennen)', 'veselá hra pro malé i velké. Kartičkami poháníte želvy. Nesmíte ale prozradit, která je vaše. Která doběhne první k salátku, vyhrává.', '2008-01-13 00:00:00', '2008-01-13 00:00:00', NULL, 'A', 390, 360, 400, 18),
(18, 101, 'Bang!', NULL, 0, 0, '', 0x[BLOB], '', '', 'bang', 'Bang!', 'Bang!', '2008-01-13 00:00:00', '2008-01-13 00:00:00', NULL, 'A', 290, 280, 300, 13),
(20, 101, 'Česko - Otázky a odpovědi', NULL, 0, 0, '', '', '', '', 'cesko-otazky_a_odpovedi', 'Česko - Otázky a odpovědi', 'Česko - Otázky a odpovědi', '2008-01-13 00:00:00', '2008-01-13 00:00:00', NULL, 'A', 680, 650, 700, 30),
(22, 101, 'Mykerinos', NULL, 0, 2006, '', '', '', '', 'mykerinos', 'Mykerinos', 'Mykerinos', '2008-01-13 00:00:00', '2008-01-13 00:00:00', NULL, 'A', 680, 630, 700, 21),
(23, 101, 'Pilíře země', NULL, 0, 2006, 'Hra na motivy historického románu, v níž vítězí v roli stavitele ten, kdo nějvětší měrou přispěje ke stavbě nejkrásnější katedrály v zemi.', 0x[BLOB], '', '', 'pilire_zeme', 'Pilíře země', 'Hra na motivy historického románu, v níž vítězí v roli stavitele ten, kdo nějvětší měrou přispěje ke stavbě nejkrásnější katedrály v zemi.', '2008-01-13 00:00:00', '2008-01-13 00:00:00', NULL, 'A', 875, 830, 900, 21),
(24, 101, 'Poštovní kurýr (Thurm und Taxis)', NULL, 0, 2006, '', '', '', '', 'postovni_kuryr_(thurm_und_taxis)', 'Poštovní kurýr (Thurm und Taxis)', 'Poštovní kurýr (Thurm und Taxis)', '2008-01-13 00:00:00', '2008-01-13 00:00:00', NULL, 'A', 670, 630, 700, 21),
(25, 101, 'Vysoké napětí (Funkenschlag)', NULL, 0, 2004, '', '', '', '', 'vysoke_napeti_(funkenschlag)', 'Vysoké napětí (Funkenschlag)', 'Vysoké napětí (Funkenschlag)', '2008-01-13 00:00:00', '2008-01-13 00:00:00', NULL, 'A', 950, 890, 1000, 33),
(26, 101, 'Formula Dé', NULL, 0, 1991, '', 0x[BLOB], '', '', 'formula_de', 'Formula Dé', 'Formula Dé', '2008-01-13 00:00:00', '2008-01-13 00:00:00', NULL, 'A', 750, 690, 900, 31),
(27, 101, 'Fowl play', NULL, 0, 2002, '', 0x[BLOB], '', '', 'fowl_play', 'Fowl play', 'Fowl play', '2008-01-13 00:00:00', '2008-01-13 00:00:00', NULL, 'A', 195, 190, 200, 13),
(28, 101, 'Game, Set, Match!', NULL, 0, 1998, '', '', '', '', 'game_set_match', 'Game, Set, Match!', 'Game, Set, Match!', '2008-01-13 00:00:00', '2008-01-13 00:00:00', NULL, 'A', 195, 190, 200, 13),
(29, 101, 'K-9 Capers', NULL, 0, 2002, '', 0x[BLOB], '', '', 'k-9_capers', 'K-9 Capers', 'K-9 Capers', '2008-01-13 00:00:00', '2008-01-13 00:00:00', NULL, 'A', 195, 190, 200, 13),
(30, 101, 'Kanaloa', NULL, 0, 2002, '', '', '', '', 'kanaloa', 'Kanaloa', 'Kanaloa', '2008-01-13 00:00:00', '2008-01-13 00:00:00', NULL, 'A', 590, 560, 600, 21),
(31, 101, 'Maka Bana', NULL, 0, 2003, '', '', '', '', 'maka_bana', 'Maka Bana', 'Maka Bana', '2008-01-13 00:00:00', '2008-01-13 00:00:00', NULL, 'A', 590, 560, 600, 21),
(32, 101, 'Memoir 44', NULL, 0, 2004, '', '', '', '', 'memoir_44', 'Memoir 44', 'Memoir 44', '2008-01-13 00:00:00', '2008-01-13 00:00:00', NULL, 'A', 1350, 1250, 1400, 31),
(33, 101, 'Skaal', NULL, 0, 2004, '', '', '', '', 'skaal', 'Skaal', 'Skaal', '2008-01-13 00:00:00', '2008-01-13 00:00:00', NULL, 'A', 590, 560, 600, 23),
(34, 101, 'Stampede!', NULL, 0, 2003, '', 0x[BLOB], '', '', 'stampede', 'Stampede!', 'Stampede!', '2008-01-13 00:00:00', '2008-01-13 00:00:00', NULL, 'A', 195, 190, 200, 13),
(35, 101, 'Taradiddle (Pinocchio)', NULL, 0, 2000, '', '', '', '', 'taradiddle_(pinocchio)', 'Taradiddle (Pinocchio)', 'Taradiddle (Pinocchio)', '2008-01-13 00:00:00', '2008-01-13 00:00:00', NULL, 'A', 195, 190, 200, 13),
(36, 101, 'Warcraft, The', NULL, 0, 2003, '', '', '', '', 'warcraft_the', 'Warcraft, The', 'Warcraft, The', '2008-01-13 00:00:00', '2008-01-13 00:00:00', NULL, 'A', 950, 890, 1000, 36),
(37, 101, 'Wig out!', NULL, 0, 2004, '', 0x[BLOB], '', '', 'wig_out', 'Wig out!', 'Wig out!', '2008-01-13 00:00:00', '2008-01-13 00:00:00', NULL, 'A', 195, 190, 200, 13),
(38, 101, 'Evo', NULL, 0, 2001, '', '', '', '', 'evo', 'Evo', 'Evo', '2008-01-13 00:00:00', '2008-01-13 00:00:00', NULL, 'A', 590, 550, 600, 21),
(39, 101, 'China moon', NULL, 0, 2003, '', '', '', '', 'china_moon', 'China moon', 'China moon', '2008-01-13 00:00:00', '2008-01-13 00:00:00', NULL, 'A', 290, 250, 300, 18),
(40, 101, 'Tyrus', NULL, 0, 2004, '', '', '', '', 'tyrus', 'Tyrus', 'Tyrus', '2008-01-13 00:00:00', '2008-01-13 00:00:00', NULL, 'A', 350, 300, 500, 18),
(41, 101, 'Wikinger (Hans im Glück)', NULL, 0, 2007, '', '', '', '', 'wikinger_(hans_im_gluck)', 'Wikinger (Hans im Glück)', 'Wikinger (Hans im Glück)', '2008-01-13 00:00:00', '2008-01-13 00:00:00', NULL, 'A', 690, 650, 700, 31),
(42, 101, 'Zug um Zug (Ticket to ride) - Märklin', NULL, 0, 2006, 'Hráči pomocí karet zobrazujících modely firmy Märklín sestavují vlaky a propojují tratěmi německá města. Čím delší trať, tím větší zisk. Ten přináší i šikovné využití cestujících. A plnění úkolů. Kdo bude nejlepší?', 0x[BLOB], '', '', 'zug_um_zug_(ticket_to_ride)-marklin', 'Zug um Zug (Ticket to ride) - Märklin', 'Hráči pomocí karet zobrazujících modely firmy Märklín sestavují vlaky a propojují tratěmi německá města. Čím delší trať, tím větší zisk. Ten přináší i šikovné využití cestujících. A plnění úkolů. Kdo bude nejlepší?', '2008-01-13 00:00:00', '2008-01-13 00:00:00', NULL, 'A', 990, 940, 1000, 31),
(43, 101, 'Blitz und Donner (Blesk a hrom)', NULL, 0, 2000, '', '', '', '', 'blitz_und_donner_(blesk_a_hrom)', 'Blitz und Donner (Blesk a hrom)', 'Blitz und Donner (Blesk a hrom)', '2008-01-13 00:00:00', '2008-01-13 00:00:00', NULL, 'A', 270, 230, 400, 18),
(44, 101, 'Carcassonne', NULL, 0, 2001, '', 0x[BLOB], '', '', 'carcassonne', 'Carcassonne', 'Carcassonne', '2008-01-13 00:00:00', '2008-01-13 00:00:00', NULL, 'A', 580, 520, 600, 18),
(45, 101, 'Carcassonne - 2. Kupci a stavitelé', NULL, 0, 2003, '', 0x[BLOB], '', '', 'carcassonne-2_kupci_a_stavitele', 'Carcassonne - 2. Kupci a stavitelé', 'Carcassonne - 2. Kupci a stavitelé', '2008-01-13 00:00:00', '2008-01-13 00:00:00', NULL, 'A', 385, 360, 400, 18),
(46, 101, 'Cech zlodějů', NULL, 0, 0, '', '', '', '', 'cech_zlodeju', 'Cech zlodějů', 'Cech zlodějů', '2008-01-13 00:00:00', '2008-01-13 00:00:00', NULL, 'A', 200, 180, 200, 13),
(47, 101, 'Coloretto', NULL, 0, 2003, '', 0x[BLOB], '', '', 'coloretto', 'Coloretto', 'Coloretto', '2008-01-13 00:00:00', '2008-01-13 00:00:00', NULL, 'A', 290, 275, 300, 13),
(48, 101, 'Emerald', NULL, 0, 2002, '', '', '', '', 'emerald', 'Emerald', 'Emerald', '2008-01-13 00:00:00', '2008-01-13 00:00:00', NULL, 'A', 320, 280, 400, 18),
(49, 101, 'Industria', NULL, 0, 2003, '', '', '', '', 'industria', 'Industria', 'Industria', '2008-01-13 00:00:00', '2008-01-13 00:00:00', NULL, 'A', 490, 460, 600, 21),
(50, 101, 'Factory Fun', NULL, 0, 2006, 'Postavte nejvýkonnější továrnu! Nakupte co nejlepší stroje, dopravte materiál a distribujte výrobky. Hra která zábavnou forou zaujme zejména nadšené stratégy a tovární architekty.', 0x[BLOB], '', '', 'factory_fun', 'Factory Fun', 'Postavte nejvýkonnější továrnu! Nakupte co nejlepší stroje, dopravte materiál a distribujte výrobky. Hra která zábavnou forou zaujme zejména nadšené stratégy a tovární architekty.', '2008-01-13 00:00:00', '2008-01-13 00:00:00', NULL, 'A', 690, 650, 700, 31),
(51, 101, 'Halali', NULL, 0, 1973, '', '', '', '', 'halali', 'Halali', 'Halali', '2008-01-13 00:00:00', '2008-01-13 00:00:00', NULL, 'A', 485, 450, 500, 18),
(52, 101, 'Himalaya', NULL, 0, 2002, '', '', '', '', 'himalaya', 'Himalaya', 'Himalaya', '2008-01-13 00:00:00', '2008-01-13 00:00:00', NULL, 'A', 890, 850, 900, 31),
(53, 101, 'Intrique (Intriky)', NULL, 0, 1994, '', '', '', '', 'intrique_(intriky)', 'Intrique (Intriky)', 'Intrique (Intriky)', '2008-01-13 00:00:00', '2008-01-13 00:00:00', NULL, 'A', 440, 420, 500, 18),
(54, 101, 'Legend of Landlock, The', NULL, 0, 1988, '', '', '', '', 'legend_of_landlock_the', 'Legend of Landlock, The', 'Legend of Landlock, The', '2008-01-13 00:00:00', '2008-01-13 00:00:00', NULL, 'A', 325, 315, 400, 18),
(55, 101, 'Mare Nostrum', NULL, 0, 2003, 'Boj Říma, Řeků, Babylona, Egypta a Kartaginců o oblast Středozemního moře. Hra pro náročné, téměř bez podílu náhody, skýtající možnosti taktické, dobyvatelské i budovatelské, s napětím až do konce.', 0x[BLOB], '', '', 'mare_nostrum', 'Mare Nostrum', 'Boj Říma, Řeků, Babylona, Egypta a Kartaginců o oblast Středozemního moře. Hra pro náročné, téměř bez podílu náhody, skýtající možnosti taktické, dobyvatelské i budovatelské, s napětím až do konce.', '2008-01-13 00:00:00', '2008-01-13 00:00:00', NULL, 'A', 750, 710, 1000, 31),
(56, 101, 'Maya madness', NULL, 0, 2003, '', '', '', '', 'maya_madness', 'Maya madness', 'Maya madness', '2008-01-13 00:00:00', '2008-01-13 00:00:00', NULL, 'A', 345, 330, 400, 18),
(57, 101, 'Metro', NULL, 0, 1997, '', '', '', '', 'metro', 'Metro', 'Metro', '2008-01-13 00:00:00', '2008-01-13 00:00:00', NULL, 'A', 630, 590, 700, 21),
(58, 101, 'Nicht die Bohne', NULL, 0, 1999, '', '', '', '', 'nicht_die_bohne', 'Nicht die Bohne', 'Nicht die Bohne', '2008-01-13 00:00:00', '2008-01-13 00:00:00', NULL, 'A', 0, 0, 300, 13),
(60, 101, 'Activity original 2', NULL, 0, 2002, 'Párty hra pro týmy hráčů veselé mysli, kteří společně zdolávají úskalí veselých úkolů (pantomima, kreslení či slovní popis) dle zadání.', 0x[BLOB], '', '', 'activity', 'Activity original 2', 'Párty hra pro týmy hráčů veselé mysli, kteří společně zdolávají úskalí veselých úkolů (pantomima, kreslení či slovní popis) dle zadání.', '2008-01-13 00:00:00', '2008-01-13 00:00:00', NULL, 'A', 660, 620, 700, 21),
(61, 101, 'Cink! (Halli Galli)', NULL, 0, 1992, '', '', '', '', 'cink_(halli_galli)', 'Cink! (Halli Galli)', 'Cink! (Halli Galli)', '2008-01-13 00:00:00', '2008-01-13 00:00:00', NULL, 'A', 320, 300, 400, 8),
(62, 101, 'Da Vinci Code', NULL, 0, 2004, '', '', '', '', 'da_vinci_code', 'Da Vinci Code', 'Da Vinci Code', '2008-01-13 00:00:00', '2008-01-13 00:00:00', NULL, 'A', 370, 350, 400, 18),
(63, 101, 'Hra s kašpárkem', NULL, 0, 0, '', '', '', '', 'hra_s_kasparkem', 'Hra s kašpárkem', 'Hra s kašpárkem', '2008-01-13 00:00:00', '2008-01-13 00:00:00', NULL, 'A', 295, 280, 300, 13),
(64, 101, 'Hra s kladívkem', NULL, 0, 0, '', '', '', '', 'hra_s_kladivkem', 'Hra s kladívkem', 'Hra s kladívkem', '2008-01-13 00:00:00', '2008-01-13 00:00:00', NULL, 'A', 320, 305, 400, 13),
(65, 101, 'Hra s obrázky', NULL, 0, 0, '', '', '', '', 'hra_s_obrazky', 'Hra s obrázky', 'Hra s obrázky', '2008-01-13 00:00:00', '2008-01-13 00:00:00', NULL, 'A', 295, 280, 300, 13),
(66, 101, 'Jede, jede mašinka (Eine kleine Eissenbahn)', NULL, 0, 0, '', '', '', '', 'jede_jede_masinka_(eine_kleine_eissenbahn)', 'Jede, jede mašinka (Eine kleine Eissenbahn)', 'Jede, jede mašinka (Eine kleine Eissenbahn)', '2008-01-13 00:00:00', '2008-01-13 00:00:00', NULL, 'A', 390, 370, 500, 18),
(67, 101, 'Jungle speed', NULL, 0, 1997, '', '', '', '', 'jungle_speed', 'Jungle speed', 'Jungle speed', '2008-01-13 00:00:00', '2008-01-13 00:00:00', NULL, 'A', 430, 400, 500, 18),
(68, 101, 'Kuřecí olympiáda', NULL, 0, 1998, '', 0x[BLOB], '', '', 'kureci_olympiada', 'Kuřecí olympiáda', 'Kuřecí olympiáda', '2008-01-13 00:00:00', '2008-01-13 00:00:00', NULL, 'A', 490, 460, 500, 18),
(69, 101, 'Mám tě!', NULL, 0, 2004, '', 0x[BLOB], '', '', 'mam_te', 'Mám tě!', 'Mám tě!', '2008-01-13 00:00:00', '2008-01-13 00:00:00', NULL, 'A', 490, 460, 500, 18),
(70, 101, 'Myšky', NULL, 0, 0, '', '', '', '', 'mysky', 'Myšky', 'Myšky', '2008-01-13 00:00:00', '2008-01-13 00:00:00', NULL, 'A', 490, 460, 500, 18),
(71, 101, 'Potrubí (Pipeline)', NULL, 0, 1993, '', '', '', '', 'pipeline_(potrubi)', 'Potrubí (Pipeline)', 'Potrubí (Pipeline)', '2008-01-13 00:00:00', '2008-01-13 00:00:00', NULL, 'A', 320, 305, 400, 18),
(72, 101, 'Toscana', NULL, 0, 2001, '', '', '', '', 'toscana', 'Toscana', 'Toscana', '2008-01-13 00:00:00', '2008-01-13 00:00:00', NULL, 'A', 195, 190, 300, 18),
(73, 101, 'Villa Paletti', NULL, 0, 2001, '', '', '', '', 'villa_paletti', 'Villa Paletti', 'Villa Paletti', '2008-01-13 00:00:00', '2008-01-13 00:00:00', NULL, 'A', 490, 460, 500, 18),
(75, 101, 'Carcassonne - 3. Princezna a drak', NULL, 0, 2005, '', 0x[BLOB], '', '', 'carcassonne-3_princezna_a_drak', 'Carcassonne - 3. Princezna a drak', 'Carcassonne - 3. Princezna a drak', '2008-01-13 00:00:00', '2008-01-13 00:00:00', NULL, 'A', 385, 360, 400, 18),
(76, 101, 'Carcassonne - 4. Věž', NULL, 0, 2006, '', 0x[BLOB], '', '', 'carcassonne-4_vez', 'Carcassonne - 4. Věž', 'Carcassonne - 4. Věž', '2008-01-13 00:00:00', '2008-01-13 00:00:00', NULL, 'A', 385, 360, 400, 18),
(77, 101, 'Carcassonne - Hrad', NULL, 0, 2003, '', 0x[BLOB], '', '', 'carcassonne-hrad', 'Carcassonne - Hrad', 'Carcassonne - Hrad', '2008-01-13 00:00:00', '2008-01-13 00:00:00', NULL, 'A', 580, 540, 600, 18),
(78, 101, 'Carcassonne - Objevitelé', NULL, 0, 2005, '', 0x[BLOB], '', '', 'carcassonne-objevitele', 'Carcassonne - Objevitelé', 'Carcassonne - Objevitelé', '2008-01-13 00:00:00', '2008-01-13 00:00:00', NULL, 'A', 580, 520, 600, 18),
(80, 101, 'Carcassonne - Hrabě', NULL, 0, 2004, '', 0x[BLOB], '', '', 'carcassonne-hrabe', 'Carcassonne - Hrabě', 'Carcassonne - Hrabě', '2008-01-13 00:00:00', '2008-01-13 00:00:00', NULL, 'A', 140, 95, 200, 13),
(81, 101, 'Osadníci z Katanu', NULL, 0, 2006, '', 0x[BLOB], '', '', 'osadnici_z_katanu', 'Osadníci z Katanu', 'Osadníci z Katanu', '2008-01-13 00:00:00', '2008-01-13 00:00:00', NULL, 'A', 950, 890, 1000, 31),
(82, 101, 'Osadníci z Katanu: pro 5-6 hráčů', NULL, 0, 1996, '', '', '', '', 'osadnici_z_katanu_pro_5-6_hracu', 'Osadníci z Katanu: pro 5-6 hráčů', 'Osadníci z Katanu: pro 5-6 hráčů', '2008-01-13 00:00:00', '2008-01-13 00:00:00', NULL, 'A', 580, 540, 600, 18),
(83, 101, 'Osadníci z Katanu: Atlantis', NULL, 0, 2005, '', '', '', '', 'osadnici_z_katanu-_atlantis', 'Osadníci z Katanu: Atlantis', 'Osadníci z Katanu: Atlantis', '2008-01-13 00:00:00', '2008-01-13 00:00:00', NULL, 'A', 580, 540, 0, 0),
(85, 101, 'Osadníci z Katanu: Města a rytíři', NULL, 0, 1998, '', '', '', '', 'osadnici_z_katanu_mesta_a_rytiri', 'Osadníci z Katanu: Města a rytíři', 'Osadníci z Katanu: Města a rytíři', '2008-01-13 00:00:00', '2008-01-13 00:00:00', NULL, 'A', 950, 890, 1000, 21),
(86, 101, 'Osadníci z Katanu - karetní hra', NULL, 0, 1996, '', '', '', '', 'osadnici_z_katanu-karetni_hra', 'Osadníci z Katanu - karetní hra', 'Osadníci z Katanu - karetní hra', '2008-01-13 00:00:00', '2008-01-13 00:00:00', NULL, 'A', 485, 450, 500, 18),
(87, 101, 'Alhambra - 1. rozšíření', NULL, 0, 2004, '', '', '', '', 'alhambra-1_rozsireni', 'Alhambra - 1. rozšíření', 'Alhambra - 1. rozšíření', '2008-01-13 00:00:00', '2008-01-13 00:00:00', NULL, 'A', 390, 380, 0, 0),
(88, 101, 'Alhambra - 2. rozšíření', NULL, 0, 2004, '', '', '', '', 'alhambra-2_rozsireni', 'Alhambra - 2. rozšíření', 'Alhambra - 2. rozšíření', '2008-01-13 00:00:00', '2008-01-13 00:00:00', NULL, 'A', 390, 380, 400, 8),
(89, 101, 'Alhambra - 3. rozšíření', NULL, 0, 2005, '', '', '', '', 'alhambra-3_rozsireni', 'Alhambra - 3. rozšíření', 'Alhambra - 3. rozšíření', '2008-01-13 00:00:00', '2008-01-13 00:00:00', NULL, 'A', 390, 380, 0, 0),
(90, 101, 'Alhambra - hra s kostkami', NULL, 0, 2006, '', '', '', '', 'alhambra-hra_s_kostkami', 'Alhambra - hra s kostkami', 'Alhambra - hra s kostkami', '2008-01-13 00:00:00', '2008-01-13 00:00:00', NULL, 'A', 630, 590, 0, 0),
(91, 101, 'Aqua Romana', NULL, 0, 2005, '', '', '', '', 'aqua_romana', 'Aqua Romana', 'Aqua Romana', '2008-01-13 00:00:00', '2008-01-13 00:00:00', NULL, 'A', 920, 870, 0, 0),
(92, 101, 'Aton', NULL, 0, 2006, 'Stoupenci bohů Amona a Atona se snaží získat vliv ve 4 chrámech a oslabit toho druhého. Velmi dobrá hra skýtající hned několik cest k vítězství.', '', '', '', 'aton', 'Aton', 'Stoupenci bohů Amona a Atona se snaží získat vliv ve 4 chrámech a oslabit toho druhého. Velmi dobrá hra skýtající hned několik cest k vítězství.', '2008-01-13 00:00:00', '2008-01-13 00:00:00', NULL, 'A', 390, 360, 400, 18),
(93, 101, 'Buccaneer', NULL, 0, 2006, '', '', '', '', 'buccaneer', 'Buccaneer', 'Buccaneer', '2008-01-13 00:00:00', '2008-01-13 00:00:00', NULL, 'A', 390, 360, 400, 18),
(94, 101, 'Carolus Magnus', NULL, 0, 2000, '', '', '', '', 'carolus_magnus', 'Carolus Magnus', 'Carolus Magnus', '2008-01-13 00:00:00', '2008-01-13 00:00:00', NULL, 'A', 870, 810, 0, 0),
(95, 101, 'Cartagena 2', NULL, 0, 2006, '', '', '', '', 'cartagena_2', 'Cartagena 2', 'Cartagena 2', '2008-01-13 00:00:00', '2008-01-13 00:00:00', NULL, 'A', 530, 490, 600, 18),
(96, 101, 'Čingischán ', NULL, 0, 2006, '', '', '', '', 'cingischan_', 'Čingischán ', 'Čingischán ', '2008-01-13 00:00:00', '2008-01-13 00:00:00', NULL, 'A', 580, 540, 0, 0),
(97, 101, 'Flandern 1302', NULL, 0, 2004, '', '', '', '', 'flandern_1302', 'Flandern 1302', 'Flandern 1302', '2008-01-13 00:00:00', '2008-01-13 00:00:00', NULL, 'A', 440, 420, 0, 0),
(98, 101, 'Haste Bock', NULL, 0, 2005, '', '', '', '', 'haste_bock', 'Haste Bock', 'Haste Bock', '2008-01-13 00:00:00', '2008-01-13 00:00:00', NULL, 'A', 990, 940, 0, 0),
(99, 101, 'Il Principe', NULL, 0, 2005, '', '', '', '', 'il_principe', 'Il Principe', 'Il Principe', '2008-01-13 00:00:00', '2008-01-13 00:00:00', NULL, 'A', 730, 690, 0, 0),
(100, 101, 'Indus', NULL, 0, 2004, '', '', '', '', 'indus', 'Indus', 'Indus', '2008-01-13 00:00:00', '2008-01-13 00:00:00', NULL, 'A', 490, 460, 0, 0),
(101, 101, 'Karibik', NULL, 0, 2004, '', '', '', '', 'karibik', 'Karibik', 'Karibik', '2008-06-20 00:00:00', '2008-06-20 00:00:00', NULL, 'A', 530, 490, 600, 18),
(102, 101, 'Klany', NULL, 0, 2002, '', '', '', '', 'klany', 'Klany', 'Klany', '2008-01-13 00:00:00', '2008-01-13 00:00:00', NULL, 'A', 530, 490, 0, 0),
(103, 101, 'Lucky Loop', NULL, 0, 2003, '', '', '', '', 'lucky_loop', 'Lucky Loop', 'Lucky Loop', '2008-01-13 00:00:00', '2008-01-13 00:00:00', NULL, 'A', 490, 460, 0, 0),
(104, 101, 'Na palmě (Auf die Palme)', NULL, 0, 2006, '', '', '', '', 'na_palme_(auf_die_palme)', 'Na palmě (Auf die Palme)', 'Na palmě (Auf die Palme)', '2008-01-13 00:00:00', '2008-01-13 00:00:00', NULL, 'A', 295, 280, 0, 0),
(105, 101, 'Niagara: Duch řeky (rozšíření)', NULL, 0, 2006, '', '', '', '', 'niagara_duch_reky_(rozsireni)', 'Niagara: Duch řeky (rozšíření)', 'Niagara: Duch řeky (rozšíření)', '2008-01-13 00:00:00', '2008-01-13 00:00:00', NULL, 'A', 580, 540, 600, 6),
(106, 101, 'O Zoo Le Mio', NULL, 0, 2002, '', '', '', '', 'o_zoo_le_mio', 'O Zoo Le Mio', 'O Zoo Le Mio', '2008-01-13 00:00:00', '2008-01-13 00:00:00', NULL, 'A', 390, 360, 500, 21),
(107, 101, 'Pit De Luxe', NULL, 0, 0, '', '', '', '', 'pit_de_luxe', 'Pit De Luxe', 'Pit De Luxe', '2008-01-13 00:00:00', '2008-01-13 00:00:00', NULL, 'A', 340, 320, 0, 0),
(108, 101, 'Řím (Roma)', NULL, 0, 2005, '', '', '', '', 'rim_(roma)', 'Řím (Roma)', 'Řím (Roma)', '2008-01-13 00:00:00', '2008-01-13 00:00:00', NULL, 'A', 390, 360, 400, 18),
(109, 101, 'Salamanca', NULL, 0, 2006, '', '', '', '', 'salamanca', 'Salamanca', 'Salamanca', '2008-01-13 00:00:00', '2008-01-13 00:00:00', NULL, 'A', 870, 810, 0, 0),
(110, 101, 'Sequence', NULL, 0, 1982, '', '', '', '', 'sequence', 'Sequence', 'Sequence', '2008-01-13 00:00:00', '2008-01-13 00:00:00', NULL, 'A', 730, 690, 0, 0),
(111, 101, 'Shogun', NULL, 0, 2006, '', '', '', '', 'shogun', 'Shogun', 'Shogun', '2008-01-13 00:00:00', '2008-01-13 00:00:00', NULL, 'A', 1100, 1050, 1100, 33),
(112, 101, 'Submarine', NULL, 0, 2004, '', '', '', '', 'submarine', 'Submarine', 'Submarine', '2008-01-13 00:00:00', '2008-01-13 00:00:00', NULL, 'A', 530, 490, 0, 0),
(113, 101, 'Turbo Taxi', NULL, 0, 2000, '', '', '', '', 'turbo_taxi', 'Turbo Taxi', 'Turbo Taxi', '2008-01-13 00:00:00', '2008-01-13 00:00:00', NULL, 'A', 390, 360, 0, 0),
(114, 101, 'Terra Nova', NULL, 0, 2006, '', '', '', '', 'terra_nova', 'Terra Nova', 'Terra Nova', '2008-01-13 00:00:00', '2008-01-13 00:00:00', NULL, 'A', 530, 490, 0, 0),
(115, 101, 'Zloděj z Bagdádu (The thief of Baghdad)', NULL, 0, 2006, '', '', '', '', 'thief_of_baghdad', 'Zloděj z Bagdádu (The thief of Baghdad)', 'Zloděj z Bagdádu (The thief of Baghdad)', '2008-01-13 00:00:00', '2008-01-13 00:00:00', NULL, 'A', 630, 590, 700, 21),
(116, 101, 'Trans America', NULL, 0, 2001, '', '', '', '', 'trans_america', 'Trans America', 'Trans America', '2008-01-13 00:00:00', '2008-01-13 00:00:00', NULL, 'A', 490, 470, 600, 18),
(117, 101, 'Trans Europa', NULL, 0, 2005, '', '', '', '', 'trans_europa', 'Trans Europa', 'Trans Europa', '2008-01-13 00:00:00', '2008-01-13 00:00:00', NULL, 'A', 490, 470, 0, 0),
(118, 101, 'Zahrady Alhambry', NULL, 0, 1993, '', '', '', '', 'zahrady_alhambry', 'Zahrady Alhambry', 'Zahrady Alhambry', '2008-01-13 00:00:00', '2008-01-13 00:00:00', NULL, 'A', 630, 590, 0, 0),
(119, 101, 'Schatz der Drachen (Dračí poklad)', NULL, 0, 2003, '', 0x[BLOB], '', '', 'schatz_der_drachen_(draci_poklad)', 'Schatz der Drachen (Dračí poklad)', 'Schatz der Drachen (Dračí poklad)', '2008-01-13 00:00:00', '2008-01-13 00:00:00', NULL, 'A', 390, 360, 400, 18),
(120, 101, 'Gulo Gulo ', NULL, 0, 2003, '', '', '', '', 'gulo_gulo_', 'Gulo Gulo ', 'Gulo Gulo ', '2008-01-13 00:00:00', '2008-01-13 00:00:00', NULL, 'A', 580, 540, 600, 21),
(121, 101, 'Igloo Pop', NULL, 0, 2003, '', '', '', '', 'igloo_pop', 'Igloo Pop', 'Igloo Pop', '2008-01-13 00:00:00', '2008-01-13 00:00:00', NULL, 'A', 390, 360, 0, 0),
(122, 101, 'Squeeky', NULL, 0, 2003, '', '', '', '', 'squeeky', 'Squeeky', 'Squeeky', '2008-01-13 00:00:00', '2008-01-13 00:00:00', NULL, 'A', 390, 360, 0, 0),
(123, 101, 'Dvonn', NULL, 0, 2001, '', '', '', '', 'dvonn', 'Dvonn', 'Dvonn', '2008-01-13 00:00:00', '2008-01-13 00:00:00', NULL, 'A', 440, 420, 500, 18),
(124, 101, 'Gipf', NULL, 0, 1998, '', '', '', '', 'gipf', 'Gipf', 'Gipf', '2008-01-13 00:00:00', '2008-01-13 00:00:00', NULL, 'A', 440, 420, 0, 0),
(125, 101, 'Gipf Set 2', NULL, 0, 2001, '', '', '', '', 'gipf_set_2', 'Gipf Set 2', 'Gipf Set 2', '2008-01-13 00:00:00', '2008-01-13 00:00:00', NULL, 'A', 240, 230, 0, 0),
(126, 101, 'Pente', NULL, 0, 1979, '', '', '', '', 'pente', 'Pente', 'Pente', '2008-01-13 00:00:00', '2008-01-13 00:00:00', NULL, 'A', 580, 540, 0, 0),
(127, 101, 'Pünct', NULL, 0, 2005, '', '', '', '', 'punct', 'Pünct', 'Pünct', '2008-01-13 00:00:00', '2008-01-13 00:00:00', NULL, 'A', 440, 420, 0, 0),
(129, 101, 'Yinsh', NULL, 0, 2003, '', '', '', '', 'yinsh', 'Yinsh', 'Yinsh', '2008-01-13 00:00:00', '2008-01-13 00:00:00', NULL, 'A', 440, 420, 500, 18),
(130, 101, 'Zértz', NULL, 0, 2000, '', '', '', '', 'zertz', 'Zértz', 'Zértz', '2008-01-13 00:00:00', '2008-01-13 00:00:00', NULL, 'A', 440, 420, 500, 18),
(131, 101, 'Al Cabohne (samostatná hra)', NULL, 0, 2000, '', '', '', '', 'al_cabohne_(samostatna_hra)', 'Al Cabohne (samostatná hra)', 'Al Cabohne (samostatná hra)', '2008-01-13 00:00:00', '2008-01-13 00:00:00', NULL, 'A', 295, 280, 300, 13),
(132, 101, 'Arne (Blistr)', NULL, 0, 2002, '', '', '', '', 'arne_(blistr)', 'Arne (Blistr)', 'Arne (Blistr)', '2008-01-13 00:00:00', '2008-01-13 00:00:00', NULL, 'A', 215, 205, 0, 0),
(133, 101, 'Arne Total ', NULL, 0, 2003, '', '', '', '', 'arne_total_', 'Arne Total ', 'Arne Total ', '2008-01-13 00:00:00', '2008-01-13 00:00:00', NULL, 'A', 195, 185, 0, 0),
(134, 101, 'Bohnanza - rozšíření', NULL, 0, 0, '', '', '', '', 'bohnanza-rozsireni', 'Bohnanza - rozšíření', 'Bohnanza - rozšíření', '2008-01-13 00:00:00', '2008-01-13 00:00:00', NULL, 'A', 295, 280, 0, 0),
(135, 101, 'Bohnaparte - rozšíření k Bohnanze', NULL, 0, 2003, '', '', '', '', 'bohnaparte-rozsireni_k_bohnanze', 'Bohnaparte - rozšíření k Bohnanze', 'Bohnaparte - rozšíření k Bohnanze', '2008-01-13 00:00:00', '2008-01-13 00:00:00', NULL, 'A', 295, 280, 0, 0),
(136, 101, 'Café International ', NULL, 0, 1989, '', '', '', '', 'cafe_international_', 'Café International ', 'Café International ', '2008-01-13 00:00:00', '2008-01-13 00:00:00', NULL, 'A', 295, 280, 0, 0),
(137, 101, 'Ehre der Samurai (Čest samurajů)', NULL, 0, 1996, '', '', '', '', 'ehre_der_samurai_(cest_samuraju)', 'Ehre der Samurai (Čest samurajů)', 'Ehre der Samurai (Čest samurajů)', '2008-01-13 00:00:00', '2008-01-13 00:00:00', NULL, 'A', 340, 320, 400, 13),
(138, 101, 'High Bohn - rozšíření k Bohnanze a Al Cabohne', NULL, 0, 2000, '', '', '', '', 'high_bohn-rozsireni_k_bohnanze_a_al_cabohne', 'High Bohn - rozšíření k Bohnanze a Al Cabohne', 'High Bohn - rozšíření k Bohnanze a Al Cabohne', '2008-05-31 00:00:00', '2008-05-31 00:00:00', NULL, 'A', 295, 280, 300, 8),
(139, 101, 'König der Elfen', NULL, 0, 1999, '', '', '', '', 'konig_der_elfen', 'König der Elfen', 'König der Elfen', '2008-01-13 00:00:00', '2008-01-13 00:00:00', NULL, 'A', 340, 320, 0, 0),
(140, 101, 'La Isla Bohnita - rozšíření k Bohnanze', NULL, 0, 1998, '', '', '', '', 'la_isla_bohnita-rozsireni_k_bohnanze', 'La Isla Bohnita - rozšíření k Bohnanze', 'La Isla Bohnita - rozšíření k Bohnanze', '2008-01-13 00:00:00', '2008-01-13 00:00:00', NULL, 'A', 295, 280, 0, 0),
(141, 101, 'Megastar', NULL, 0, 2006, '', '', '', '', 'megastar', 'Megastar', 'Megastar', '2008-01-13 00:00:00', '2008-01-13 00:00:00', NULL, 'A', 295, 280, 0, 0),
(142, 101, 'No Merci', NULL, 0, 2004, '', '', '', '', 'no_merci', 'No Merci', 'No Merci', '2008-01-13 00:00:00', '2008-01-13 00:00:00', NULL, 'A', 295, 280, 0, 0),
(143, 101, 'Null and Nichtig', NULL, 0, 2006, '', '', '', '', 'null_and_nichtig', 'Null and Nichtig', 'Null and Nichtig', '2008-01-13 00:00:00', '2008-01-13 00:00:00', NULL, 'A', 295, 280, 0, 0),
(144, 101, 'Ogallala', NULL, 0, 1975, '', '', '', '', 'ogallala', 'Ogallala', 'Ogallala', '2008-01-13 00:00:00', '2008-01-13 00:00:00', NULL, 'A', 295, 280, 300, 13),
(145, 101, 'Rage', NULL, 0, 1983, '', '', '', '', 'rage', 'Rage', 'Rage', '2008-01-13 00:00:00', '2008-01-13 00:00:00', NULL, 'A', 295, 280, 0, 0),
(146, 101, 'Relikt', NULL, 0, 2006, '', '', '', '', 'relikt', 'Relikt', 'Relikt', '2008-01-13 00:00:00', '2008-01-13 00:00:00', NULL, 'A', 295, 280, 0, 0),
(147, 101, 'Sabotér', NULL, 0, 2004, '', '', '', '', 'saboter', 'Sabotér', 'Sabotér', '2008-01-13 00:00:00', '2008-01-13 00:00:00', NULL, 'A', 245, 235, 300, 13),
(148, 101, 'Sitting Ducks', NULL, 0, 2005, '', '', '', '', 'sitting_ducks', 'Sitting Ducks', 'Sitting Ducks', '2008-01-13 00:00:00', '2008-01-13 00:00:00', NULL, 'A', 295, 280, 0, 0),
(149, 101, 'Slon v porcelánu (Elefant im Porzellanladen, Der)', NULL, 0, 2006, '', '', '', '', 'slon_v_porcelanu_(elefant_im_porzellanladen_der)', 'Slon v porcelánu (Elefant im Porzellanladen, Der)', 'Slon v porcelánu (Elefant im Porzellanladen, Der)', '2008-01-13 00:00:00', '2008-01-13 00:00:00', NULL, 'A', 295, 280, 400, 13),
(150, 101, 'Solo ', NULL, 0, 1998, '', '', '', '', 'solo_', 'Solo ', 'Solo ', '2008-01-13 00:00:00', '2008-01-13 00:00:00', NULL, 'A', 295, 280, 0, 0),
(151, 101, 'Land unter (Země pod vodou)', NULL, 0, 2001, '', '', '', '', 'land_unter_(zeme_pod_vodou)', 'Land unter (Země pod vodou)', 'Land unter (Země pod vodou)', '2008-01-13 00:00:00', '2008-01-13 00:00:00', NULL, 'A', 295, 280, 0, 0),
(152, 101, 'Camouflage - Severní pól', NULL, 0, 0, '', '', '', '', 'camouflage-severni_pol', 'Camouflage - Severní pól', 'Camouflage - Severní pól', '2008-01-13 00:00:00', '2008-01-13 00:00:00', NULL, 'A', 490, 460, 0, 0),
(153, 101, 'Gogetter: Kočka a myš', NULL, 0, 0, '', '', '', '', 'gogetter-_kocka_a_mys', 'Gogetter: Kočka a myš', 'Gogetter: Kočka a myš', '2008-01-13 00:00:00', '2008-01-13 00:00:00', NULL, 'A', 390, 360, 500, 18),
(154, 101, 'Gogetter: Země a voda', NULL, 0, 0, '', '', '', '', 'gogetter-zeme_a_voda', 'Gogetter: Země a voda', 'Gogetter: Země a voda', '2008-01-13 00:00:00', '2008-01-13 00:00:00', NULL, 'A', 390, 360, 0, 0),
(155, 101, 'Hide And Seek - Piráti', NULL, 0, 0, '', '', '', '', 'hide_and_seek-pirati', 'Hide And Seek - Piráti', 'Hide And Seek - Piráti', '2008-01-13 00:00:00', '2008-01-13 00:00:00', NULL, 'A', 490, 460, 0, 0),
(156, 101, 'Age of Mythology', NULL, 0, 2003, '', '', '', '', 'age_of_mythology', 'Age of Mythology', 'Age of Mythology', '2008-01-13 00:00:00', '2008-01-13 00:00:00', NULL, 'A', 1400, 1300, 0, 0),
(157, 101, 'ATTACK!', NULL, 0, 2003, '', '', '', '', 'attack', 'ATTACK!', 'ATTACK!', '2008-01-13 00:00:00', '2008-01-13 00:00:00', NULL, 'A', 1090, 1000, 0, 0),
(158, 101, 'ATTACK! Expansion', NULL, 0, 2003, '', '', '', '', 'attack_expansion', 'ATTACK! Expansion', 'ATTACK! Expansion', '2008-01-13 00:00:00', '2008-01-13 00:00:00', NULL, 'A', 1090, 1000, 0, 0),
(159, 101, 'Axis & Allies', NULL, 0, 2004, '', '', '', '', 'axis_&_allies', 'Axis & Allies', 'Axis & Allies', '2008-01-13 00:00:00', '2008-01-13 00:00:00', NULL, 'A', 1250, 1150, 0, 0),
(160, 101, 'Axis & Allies: Europe', NULL, 0, 1999, '', '', '', '', 'axis_&_allies_europe', 'Axis & Allies: Europe', 'Axis & Allies: Europe', '2008-01-13 00:00:00', '2008-01-13 00:00:00', NULL, 'A', 1250, 1150, 0, 0);
INSERT INTO `polozka` (`polozka_id`, `typ_pol_id`, `titul_polozky`, `podtitul_polozky`, `vyrobce_firma_id`, `rok_vyroby`, `kratky_popis`, `popis`, `poznamka`, `odkaz_vyrobce`, `seo_url`, `seo_klice`, `seo_popis`, `dat_vlozeni`, `dat_zmeny`, `dat_smazani`, `aktivni`, `prodej_zaklad`, `prodej_sleva`, `pujcovna_zaloha`, `pujcovne_id`) VALUES
(161, 101, 'Axis & Allies: D-Day', NULL, 0, 2004, '', '', '', '', 'axis_&_allies_d-day', 'Axis & Allies: D-Day', 'Axis & Allies: D-Day', '2008-01-13 00:00:00', '2008-01-13 00:00:00', NULL, 'A', 1250, 1150, 0, 0),
(162, 101, 'Axis & Allies: Pacific', NULL, 0, 2001, '', '', '', '', 'axis_&_allies_pacific', 'Axis & Allies: Pacific', 'Axis & Allies: Pacific', '2008-01-13 00:00:00', '2008-01-13 00:00:00', NULL, 'A', 1250, 1150, 0, 0),
(163, 101, 'Axis & Allies: Battle of the Bulge', NULL, 0, 2006, '', '', '', '', 'axis_&_allies_battle_of_the_bulge', 'Axis & Allies: Battle of the Bulge', 'Axis & Allies: Battle of the Bulge', '2008-01-13 00:00:00', '2008-01-13 00:00:00', NULL, 'A', 1350, 1250, 0, 0),
(164, 101, 'RISK: Godstorm', NULL, 0, 2004, '', '', '', '', 'risk_godstorm', 'RISK: Godstorm', 'RISK: Godstorm', '2008-01-13 00:00:00', '2008-01-13 00:00:00', NULL, 'A', 1250, 1150, 0, 0),
(165, 101, 'RISK: 2210 A.D.', NULL, 0, 2001, '', '', '', '', 'risk_2210_a_d_', 'RISK: 2210 A.D.', 'RISK: 2210 A.D.', '2008-01-13 00:00:00', '2008-01-13 00:00:00', NULL, 'A', 1250, 1150, 0, 0),
(166, 101, 'RoboRally', NULL, 0, 1994, 'Naprogramujte si robůtka a vydejte se na závod tovární halou nebo do "boje o vlajku". Čekají na vás zákeřnosti továrny i vašich soupeřů.', '', '', '', 'roborally', 'RoboRally', 'Naprogramujte si robůtka a vydejte se na závod tovární halou nebo do "boje o vlajku". Čekají na vás zákeřnosti továrny i vašich soupeřů.', '2008-01-13 00:00:00', '2008-01-13 00:00:00', NULL, 'A', 1250, 1150, 1300, 36),
(167, 101, 'Sword & Skull', NULL, 0, 2005, '', '', '', '', 'sword_&_skull', 'Sword & Skull', 'Sword & Skull', '2008-01-13 00:00:00', '2008-01-13 00:00:00', NULL, 'A', 980, 930, 0, 0),
(168, 101, 'Vegas Showdown', NULL, 0, 2005, '', '', '', '', 'vegas_showdown', 'Vegas Showdown', 'Vegas Showdown', '2008-01-13 00:00:00', '2008-01-13 00:00:00', NULL, 'A', 980, 930, 0, 0),
(169, 101, 'Ticket to Ride', NULL, 0, 2004, 'Jakožto železniční manažeři propojujte americká města sítí tratí. Čím delší trať postavíte, tím větší zisk budete mít. Dokážete spojit všechna zadaná města?', 0x[BLOB], '', '', 'ticket_to_ride', 'Ticket to Ride', 'Jakožto železniční manažeři propojujte americká města sítí tratí. Čím delší trať postavíte, tím větší zisk budete mít. Dokážete spojit všechna zadaná města?', '2008-01-13 00:00:00', '2008-01-13 00:00:00', NULL, 'A', 980, 930, 1000, 31),
(170, 101, 'Ticket to Ride: Europe', NULL, 0, 2005, 'Jakožto železniční manažeři propojujte evropská města sítí tratí. Čím delší trať postavíte, tím větší zisk budete mít. Dokážete spojit všechna zadaná města?', 0x[BLOB], '', '', 'ticket_to_ride_europe', 'Ticket to Ride: Europe', 'Jakožto železniční manažeři propojujte evropská města sítí tratí. Čím delší trať postavíte, tím větší zisk budete mít. Dokážete spojit všechna zadaná města?', '2008-01-13 00:00:00', '2008-01-13 00:00:00', NULL, 'A', 980, 930, 1000, 31),
(171, 101, 'Memoir 44: Terrain pack', NULL, 0, 2005, '', '', '', '', 'memoir_44_terrain_pack', 'Memoir 44: Terrain pack', 'Memoir 44: Terrain pack', '2008-01-13 00:00:00', '2008-01-13 00:00:00', NULL, 'A', 690, 660, 0, 0),
(172, 101, 'Shadows over Camelot', NULL, 0, 2005, 'Velmi dobrá kooperativní hra na motivy rytířů kulatého stolu. Hrad Camelot je v ohrožení a je na všech rytířích, aby se společně zasadili o jeho záchranu.', '', '', '', 'shadows_over_camelot', 'Shadows over Camelot', 'Velmi dobrá kooperativní hra na motivy rytířů kulatého stolu. Hrad Camelot je v ohrožení a je na všech rytířích, aby se společně zasadili o jeho záchranu.', '2008-01-13 00:00:00', '2008-01-13 00:00:00', NULL, 'A', 1350, 1250, 1400, 36),
(173, 101, 'Cleopatra and the society of architects (Kleopatra a stavit)', NULL, 0, 2006, 'Skvělá hra, ve které při stavbě chrámu pro Kleopatru usilujete o titul nejlepšího stavitele. Ale příliš nekalostí z vás může udělat potravu pro krokodýly…', 0x[BLOB], '', '', 'cleopatra_and_the_architects', 'Cleopatra and the society of architects (Kleopatra a stavit)', 'Skvělá hra, ve které při stavbě chrámu pro Kleopatru usilujete o titul nejlepšího stavitele. Ale příliš nekalostí z vás může udělat potravu pro krokodýly…', '2008-01-13 00:00:00', '2008-01-13 00:00:00', NULL, 'A', 1350, 1250, 1400, 33),
(174, 101, 'Warcraft, The: Expansion (rozšíření)', NULL, 0, 2004, '', '', '', '', 'warcraft_the_expansion_(rozsireni)', 'Warcraft, The: Expansion (rozšíření)', 'Warcraft, The: Expansion (rozšíření)', '2008-01-13 00:00:00', '2008-01-13 00:00:00', NULL, 'A', 890, 850, 900, 21),
(175, 101, 'DOOM', NULL, 0, 2004, '', '', '', '', 'doom', 'DOOM', 'DOOM', '2008-01-13 00:00:00', '2008-01-13 00:00:00', NULL, 'A', 1400, 1300, 0, 0),
(176, 101, 'DOOM: Expansion set (rozšíření)', NULL, 0, 2005, '', '', '', '', 'doom_expansion_set_(rozsireni)', 'DOOM: Expansion set (rozšíření)', 'DOOM: Expansion set (rozšíření)', '2008-01-13 00:00:00', '2008-01-13 00:00:00', NULL, 'A', 1350, 1250, 0, 0),
(177, 101, 'War of the Ring', NULL, 0, 2004, '', '', '', '', 'war_of_the_ring', 'War of the Ring', 'War of the Ring', '2008-01-13 00:00:00', '2008-01-13 00:00:00', NULL, 'A', 2300, 2200, 0, 0),
(178, 101, 'War of the Ring: Battles of the third age', NULL, 0, 2006, '', '', '', '', 'war_of_the_ring_battles_of_the_third_age', 'War of the Ring: Battles of the third age', 'War of the Ring: Battles of the third age', '2008-01-13 00:00:00', '2008-01-13 00:00:00', NULL, 'A', 1600, 1500, 0, 0),
(179, 101, 'Game of Thrones, A', NULL, 0, 2003, '', '', '', '', 'game_of_thrones_a', 'Game of Thrones, A', 'Game of Thrones, A', '2008-01-13 00:00:00', '2008-01-13 00:00:00', NULL, 'A', 1600, 1500, 0, 0),
(180, 101, 'Game of Thrones, A: Clash of kings', NULL, 0, 2004, '', '', '', '', 'game_of_thrones_a_clash_of_kings', 'Game of Thrones, A: Clash of kings', 'Game of Thrones, A: Clash of kings', '2008-01-13 00:00:00', '2008-01-13 00:00:00', NULL, 'A', 1150, 1050, 0, 0),
(181, 101, 'Twilight Imperium 3rd Edition', NULL, 0, 2005, 'Dobývejte vesmír a soupeřte s ostatními rasami. Čeká vás osidlování planet, nové technologie, obchod, boj, politika... Kultovní záležitost.', 0x[BLOB], '', '', 'twilight_imperium', 'Twilight Imperium 3rd Edition', 'Dobývejte vesmír a soupeřte s ostatními rasami. Čeká vás osidlování planet, nové technologie, obchod, boj, politika... Kultovní záležitost.', '2008-01-13 00:00:00', '2008-01-13 00:00:00', NULL, 'A', 2500, 2400, 2500, 37),
(182, 101, 'Descent: Journey in the dark', NULL, 0, 2005, 'Desková RPG hra s variabilním herním plánem. Jeden hráč, tzv. Pán jeskyně, vede příběh, proti němu postupují ostatní v cestě za dobrodružstvím a slávou.', 0x[BLOB], '', '', 'descent-journey_in_the_dark', 'Descent: Journey in the dark', 'Desková RPG hra s variabilním herním plánem. Jeden hráč, tzv. Pán jeskyně, vede příběh, proti němu postupují ostatní v cestě za dobrodružstvím a slávou.', '2008-01-13 00:00:00', '2008-01-13 00:00:00', NULL, 'A', 2600, 2450, 2600, 37),
(183, 101, 'Descent: Well of darkness', NULL, 0, 2006, '', '', '', '', 'descent_well_of_darkness', 'Descent: Well of darkness', 'Descent: Well of darkness', '2008-01-13 00:00:00', '2008-01-13 00:00:00', NULL, 'A', 1250, 1150, 0, 0),
(184, 101, 'World of Warcraft, The', NULL, 0, 2005, '', '', '', '', 'world_of_warcraft_the', 'World of Warcraft, The', 'World of Warcraft, The', '2008-01-13 00:00:00', '2008-01-13 00:00:00', NULL, 'A', 2100, 1990, 2200, 37),
(185, 101, 'World of Warcraft, The: Shadow of war (rozšíření)', NULL, 0, 2006, '', '', '', '', 'world_of_warcraft_the_shadow_of_war_(rozsireni)', 'World of Warcraft, The: Shadow of war (rozšíření)', 'World of Warcraft, The: Shadow of war (rozšíření)', '2008-01-13 00:00:00', '2008-01-13 00:00:00', NULL, 'A', 890, 850, 0, 0),
(186, 101, 'Britannia', NULL, 0, 1986, '', '', '', '', 'britannia', 'Britannia', 'Britannia', '2008-01-13 00:00:00', '2008-01-13 00:00:00', NULL, 'A', 1250, 1150, 0, 0),
(187, 101, 'Slamwich', NULL, 0, 1997, '', '', '', '', 'slamwich', 'Slamwich', 'Slamwich', '2008-01-13 00:00:00', '2008-01-13 00:00:00', NULL, 'A', 295, 285, 0, 0),
(188, 101, 'Chramst! (Chomp!)', NULL, 0, 2000, '', '', '', '', 'chramst_(chomp)', 'Chramst! (Chomp!)', 'Chramst! (Chomp!)', '2008-01-13 00:00:00', '2008-01-13 00:00:00', NULL, 'A', 295, 285, 300, 13),
(189, 101, 'Hisss', NULL, 0, 2002, '', 0x[BLOB], '', '', 'hisss', 'Hisss', 'Hisss', '2008-01-13 00:00:00', '2008-01-13 00:00:00', NULL, 'A', 345, 320, 400, 8),
(190, 101, 'Piráti (Loot)', NULL, 0, 1992, 'Vypravte obchodní lodě na plavbu, chraňte je před útoky pirátů. Sami jako piráti zabavujte lodě jiných hráčů. Nejdrsnější pirát vyhrává...', 0x[BLOB], '', '', 'pirati_(loot)', 'Piráti (Loot)', 'Vypravte obchodní lodě na plavbu, chraňte je před útoky pirátů. Sami jako piráti zabavujte lodě jiných hráčů. Nejdrsnější pirát vyhrává...', '2008-01-13 00:00:00', '2008-01-13 00:00:00', NULL, 'A', 295, 285, 300, 13),
(191, 101, 'Dog Dice', NULL, 0, 2001, '', '', '', '', 'dog_dice', 'Dog Dice', 'Dog Dice', '2008-01-13 00:00:00', '2008-01-13 00:00:00', NULL, 'A', 295, 285, 0, 0),
(192, 101, 'Leaping Lizards', NULL, 0, 2003, '', '', '', '', 'leaping_lizards', 'Leaping Lizards', 'Leaping Lizards', '2008-01-13 00:00:00', '2008-01-13 00:00:00', NULL, 'A', 325, 315, 400, 13),
(193, 101, 'Snap', NULL, 0, 2002, '', '', '', '', 'snap', 'Snap', 'Snap', '2008-01-13 00:00:00', '2008-01-13 00:00:00', NULL, 'A', 325, 315, 0, 0),
(194, 101, 'Surprise! (Překvapení!)', NULL, 0, 2003, '', '', '', '', 'surprise_(prekvapeni)', 'Surprise! (Překvapení!)', 'Surprise! (Překvapení!)', '2008-01-13 00:00:00', '2008-01-13 00:00:00', NULL, 'A', 325, 315, 400, 18),
(195, 101, 'Abalone', NULL, 0, 1989, '', '', '', '', 'abalone', 'Abalone', 'Abalone', '2008-01-13 00:00:00', '2008-01-13 00:00:00', NULL, 'A', 600, 550, 700, 21),
(197, 101, 'Activity DĚTI', NULL, 0, 0, 'Dva sloni jdou pralesem k jezeru a děti jim pomáhají znárorňováním různých věcí a pojmů. Který slon bude u jezera rychleji?', '', '', '', 'activity', 'Activity DĚTI', 'Dva sloni jdou pralesem k jezeru a děti jim pomáhají znárorňováním různých věcí a pojmů. Který slon bude u jezera rychleji?', '2008-01-13 00:00:00', '2008-01-13 00:00:00', NULL, 'A', 440, 420, 500, 13),
(198, 101, 'Activity JUNIOR', NULL, 0, 1997, 'Jeden hráč z týmu se snaží popsat slovně, kresbou či pantomimou zadanou frázi, ostatní hádají, co to je. Uhodnou-li včas, postupují a hraje další tým.', 0x[BLOB], '', '', 'activity', 'Activity JUNIOR', 'Jeden hráč z týmu se snaží popsat slovně, kresbou či pantomimou zadanou frázi, ostatní hádají, co to je. Uhodnou-li včas, postupují a hraje další tým.', '2008-01-13 00:00:00', '2008-01-13 00:00:00', NULL, 'A', 440, 420, 500, 18),
(199, 101, 'Activity KOMPAKT', NULL, 0, 1996, 'Miniverze párty hry pro týmy hráčů veselé mysli, kteří společně zdolávají úskalí veselých úkolů (pantomima, kreslení či slovní popis) dle zadání.', '', '', '', 'activity', 'Activity KOMPAKT', 'Miniverze párty hry pro týmy hráčů veselé mysli, kteří společně zdolávají úskalí veselých úkolů (pantomima, kreslení či slovní popis) dle zadání.', '2009-03-20 00:00:00', '2009-03-20 00:00:00', NULL, 'A', 340, 320, 400, 6),
(200, 101, 'Blokus', NULL, 0, 2000, '', '', '', '', 'blokus', 'Blokus', 'Blokus', '2008-01-13 00:00:00', '2008-01-13 00:00:00', NULL, 'A', 680, 630, 700, 25),
(201, 101, 'Blokus Duo', NULL, 0, 2005, '', '', '', '', 'blokus_duo', 'Blokus Duo', 'Blokus Duo', '2008-05-12 00:00:00', '2008-05-12 00:00:00', NULL, 'A', 450, 430, 0, 0),
(202, 101, 'Blokus Trigon', NULL, 0, 2006, '', '', '', '', 'blokus_trigon', 'Blokus Trigon', 'Blokus Trigon', '2008-01-13 00:00:00', '2008-01-13 00:00:00', NULL, 'A', 680, 630, 700, 21),
(203, 101, 'Cink Junior', NULL, 0, 1998, '', '', '', '', 'cink_junior', 'Cink Junior', 'Cink Junior', '2008-01-13 00:00:00', '2008-01-13 00:00:00', NULL, 'A', 320, 300, 400, 8),
(205, 101, 'Genial', NULL, 0, 2004, '', '', '', '', 'genial', 'Genial', 'Genial', '2008-01-13 00:00:00', '2008-01-13 00:00:00', NULL, 'A', 710, 660, 800, 31),
(207, 101, 'Hra s bavlnkou (bez jehly)', NULL, 0, 0, '', '', '', '', 'hra_s_bavlnkou_(bez_jehly)', 'Hra s bavlnkou (bez jehly)', 'Hra s bavlnkou (bez jehly)', '2008-01-13 00:00:00', '2008-01-13 00:00:00', NULL, 'A', 295, 280, 0, 0),
(208, 101, 'Kakuro', NULL, 0, 0, '', '', '', '', 'kakuro', 'Kakuro', 'Kakuro', '2008-01-13 00:00:00', '2008-01-13 00:00:00', NULL, 'A', 490, 460, 0, 0),
(214, 101, 'Mikádo (dřevěné)', NULL, 0, 0, '', '', '', '', 'mikado_(drevene)', 'Mikádo (dřevěné)', 'Mikádo (dřevěné)', '2008-08-30 00:00:00', '2008-08-30 00:00:00', NULL, 'A', 80, 75, 100, 8),
(215, 101, 'My first Sudoku (Moje první sudoku)', NULL, 0, 0, '', '', '', '', 'my_first_sudoku_(moje_prvni_sudoku)', 'My first Sudoku (Moje první sudoku)', 'My first Sudoku (Moje první sudoku)', '2008-01-13 00:00:00', '2008-01-13 00:00:00', NULL, 'A', 490, 460, 500, 12),
(216, 101, 'Noemova archa', NULL, 0, 0, '', '', '', '', 'noemova_archa', 'Noemova archa', 'Noemova archa', '2008-01-13 00:00:00', '2008-01-13 00:00:00', NULL, 'A', 395, 380, 0, 0),
(217, 101, 'Perníková chaloupka', NULL, 0, 0, '', '', '', '', 'pernikova_chaloupka', 'Perníková chaloupka', 'Perníková chaloupka', '2008-01-13 00:00:00', '2008-01-13 00:00:00', NULL, 'A', 250, 235, 0, 0),
(219, 101, 'Razzia! 2', NULL, 0, 2004, '', '', '', '', 'razzia_2', 'Razzia! 2', 'Razzia! 2', '2008-01-13 00:00:00', '2008-01-13 00:00:00', NULL, 'A', 350, 320, 400, 18),
(220, 101, 'Vysoké napětí (Funkenschlag): stř.Evropa/Benelux', NULL, 0, 2006, '', '', '', '', 'vysoke_napeti_(funkenschlag)_str_evropabenelux', 'Vysoké napětí (Funkenschlag): stř.Evropa/Benelux', 'Vysoké napětí (Funkenschlag): stř.Evropa/Benelux', '2008-01-13 00:00:00', '2008-01-13 00:00:00', NULL, 'A', 290, 280, 300, 13),
(221, 101, 'Rolit', NULL, 0, 1997, '', '', '', '', 'rolit', 'Rolit', 'Rolit', '2008-01-13 00:00:00', '2008-01-13 00:00:00', NULL, 'A', 590, 540, 0, 0),
(222, 101, 'Roll over 16', NULL, 0, 2003, '', '', '', '', 'roll_over_16', 'Roll over 16', 'Roll over 16', '2008-01-13 00:00:00', '2008-01-13 00:00:00', NULL, 'A', 250, 235, 0, 0),
(223, 101, 'Safari', NULL, 0, 2000, '', '', '', '', 'safari', 'Safari', 'Safari', '2008-01-13 00:00:00', '2008-01-13 00:00:00', NULL, 'A', 390, 370, 0, 0),
(224, 101, 'San Gimignano', NULL, 0, 2002, '', '', '', '', 'san_gimignano', 'San Gimignano', 'San Gimignano', '2008-01-13 00:00:00', '2008-01-13 00:00:00', NULL, 'A', 490, 460, 500, 26),
(225, 101, 'Slonisko - Hra se žebříky', NULL, 0, 0, '', '', '', '', 'slonisko-hra_se_zebriky', 'Slonisko - Hra se žebříky', 'Slonisko - Hra se žebříky', '2008-01-13 00:00:00', '2008-01-13 00:00:00', NULL, 'A', 295, 280, 0, 0),
(226, 101, 'Soubor 200 her', NULL, 0, 0, '', '', '', '', 'soubor_200_her', 'Soubor 200 her', 'Soubor 200 her', '2008-01-13 00:00:00', '2008-01-13 00:00:00', NULL, 'A', 590, 570, 0, 0),
(227, 101, 'Sudoku WM', NULL, 0, 0, '', '', '', '', 'sudoku_wm', 'Sudoku WM', 'Sudoku WM', '2008-01-13 00:00:00', '2008-01-13 00:00:00', NULL, 'A', 390, 360, 0, 0),
(228, 101, 'Tik tak bum!', NULL, 0, 1996, 'Napínavě výbušná hřa. Spustíte odpočet bomby, vymyslíte slovo obsahující vybranou slabiku a bombu pošlete dál. U koho vybuchne, má smůlu...', 0x[BLOB], '', '', 'tick_tak_bum', 'Tik tak bum!', 'Napínavě výbušná hřa. Spustíte odpočet bomby, vymyslíte slovo obsahující vybranou slabiku a bombu pošlete dál. U koho vybuchne, má smůlu...', '2008-01-13 00:00:00', '2008-01-13 00:00:00', NULL, 'A', 395, 380, 500, 13),
(229, 101, 'Triomino', NULL, 0, 0, '', '', '', '', 'triomino', 'Triomino', 'Triomino', '2008-01-13 00:00:00', '2008-01-13 00:00:00', NULL, 'A', 430, 405, 0, 0),
(230, 101, 'Veselý statek', NULL, 0, 0, '', '', '', '', 'vesely_statek', 'Veselý statek', 'Veselý statek', '2008-01-13 00:00:00', '2008-01-13 00:00:00', NULL, 'A', 395, 380, 500, 18),
(231, 101, 'Žabák Kvak', NULL, 0, 0, '', '', '', '', 'zabak_kvak', 'Žabák Kvak', 'Žabák Kvak', '2008-01-13 00:00:00', '2008-01-13 00:00:00', NULL, 'A', 250, 235, 300, 6),
(232, 101, 'Backgammon magnet', NULL, 0, 200, '', '', '', '', 'backgammon_magnet', 'Backgammon magnet', 'Backgammon magnet', '2008-01-13 00:00:00', '2008-01-13 00:00:00', NULL, 'A', 250, 235, 0, 0),
(234, 101, 'Dáma magnet', NULL, 0, 0, '', '', '', '', 'dama_magnet', 'Dáma magnet', 'Dáma magnet', '2008-01-13 00:00:00', '2008-01-13 00:00:00', NULL, 'A', 250, 235, 0, 0),
(237, 101, 'Námořní bitva ', NULL, 0, 0, '', '', '', '', 'namorni_bitva_', 'Námořní bitva ', 'Námořní bitva ', '2008-01-13 00:00:00', '2008-01-13 00:00:00', NULL, 'A', 200, 185, 0, 0),
(239, 101, 'Rolit - travel', NULL, 0, 1997, '', '', '', '', 'rolit-travel', 'Rolit - travel', 'Rolit - travel', '2008-01-13 00:00:00', '2008-01-13 00:00:00', NULL, 'A', 480, 450, 500, 12),
(240, 101, 'Ruleta ', NULL, 0, 0, '', '', '', '', 'ruleta_', 'Ruleta ', 'Ruleta ', '2008-01-13 00:00:00', '2008-01-13 00:00:00', NULL, 'A', 250, 235, 0, 0),
(241, 101, 'Rybolov', NULL, 0, 0, '', '', '', '', 'rybolov', 'Rybolov', 'Rybolov', '2008-01-13 00:00:00', '2008-01-13 00:00:00', NULL, 'A', 200, 190, 0, 0),
(244, 101, 'Kleopatra und die Baumeister (Kleopatra a stavitelé)', NULL, 0, 2006, 'Skvělá hra, ve které při stavbě chrámu pro Kleopatru usilujete o titul nejlepšího stavitele. Ale příliš nekalostí z vás může udělat potravu pro krokodýly…', 0x[BLOB], '', '', 'cleopatra_and_the_architects', 'Kleopatra und die Baumeister (Kleopatra a stavitelé)', 'Skvělá hra, ve které při stavbě chrámu pro Kleopatru usilujete o titul nejlepšího stavitele. Ale příliš nekalostí z vás může udělat potravu pro krokodýly…', '2008-01-13 00:00:00', '2008-01-13 00:00:00', NULL, 'A', 1100, 990, 1100, 33),
(245, 101, 'Bohnanza - jubilejní edice (kovová krabička)', NULL, 0, 1997, 'Lahůdka tentokráte pro fazolofily! Klasické fazole s původními jmény, ovšem v jubilejním vydání v kovové fazoloidní krabičce.', '', '', '', 'bohnanza', 'Bohnanza - jubilejní edice (kovová krabička)', 'Lahůdka tentokráte pro fazolofily! Klasické fazole s původními jmény, ovšem v jubilejním vydání v kovové fazoloidní krabičce.', '2008-05-01 00:00:00', '2008-05-01 00:00:00', NULL, 'A', 330, 300, 0, 0),
(246, 101, 'Don', NULL, 0, 2001, '', '', '', '', 'don', 'Don', 'Don', '2008-01-13 00:00:00', '2008-01-13 00:00:00', NULL, 'A', 280, 230, 300, 18),
(247, 101, 'Notre Dame', NULL, 0, 2007, '', '', '', '', 'notre_dame', 'Notre Dame', 'Notre Dame', '2008-01-13 00:00:00', '2008-01-13 00:00:00', NULL, 'A', 730, 680, 800, 31),
(248, 101, 'RoboRally: The final battle', NULL, 0, 1994, '', '', '', '', 'roborally-the final battle', 'RoboRally: The final battle', 'RoboRally: The final battle', '2008-01-13 00:00:00', '2008-01-13 00:00:00', NULL, 'A', 1150, 1100, 1300, 36),
(249, 101, 'Ys', NULL, 0, 2004, '', '', '', '', 'ys', 'Ys', 'Ys', '2008-01-13 00:00:00', '2008-01-13 00:00:00', NULL, 'A', 870, 820, 900, 30),
(250, 101, 'Yspahan ', NULL, 0, 2006, 'Hráči se snaží v roli obchodníků získat prestiž v očích Šáhova úřadu umisťováním zboží do obchodů, jeho vysíláním v karavanách a stavěním budov. Kdo z nich bude po perných dnech patřit mezi elitu?', 0x[BLOB], '', '', 'yspahan_', 'Yspahan ', 'Hráči se snaží v roli obchodníků získat prestiž v očích Šáhova úřadu umisťováním zboží do obchodů, jeho vysíláním v karavanách a stavěním budov. Kdo z nich bude po perných dnech patřit mezi elitu?', '2008-01-13 00:00:00', '2008-01-13 00:00:00', NULL, 'A', 790, 750, 800, 31),
(252, 101, 'Bang! - Město duchů', NULL, 0, 0, '', 0x[BLOB], '', 'http://www.boardgamegeek.com/game/9653', 'bang-mesto_duchu', 'Bang! - Město duchů', 'Bang! - Město duchů', '2008-01-13 00:00:00', '2008-01-13 00:00:00', NULL, 'A', 290, 280, 300, 13),
(255, 101, 'Oltre Mare', NULL, 0, 2004, '', '', '', '', 'oltre_mare', 'Oltre Mare', 'Oltre Mare', '2008-08-30 00:00:00', '2008-08-30 00:00:00', NULL, 'A', 880, 800, 900, 31),
(256, 101, 'Thurn und Taxis (Poštovní kurýr)', NULL, 0, 2006, '', '', '', '', 'thurn_und_taxis_(postovni_kuryr)', 'Thurn und Taxis (Poštovní kurýr)', 'Thurn und Taxis (Poštovní kurýr)', '2008-01-13 00:00:00', '2008-01-13 00:00:00', NULL, 'A', 660, 620, 0, 0),
(257, 101, 'Puerto Rico', NULL, 0, 2002, '', 0x[BLOB], '', '', 'puerto_rico', 'Puerto Rico', 'Puerto Rico', '2008-01-13 00:00:00', '2008-01-13 00:00:00', NULL, 'A', 950, 890, 1000, 31),
(258, 101, 'Sankt Petersburg', NULL, 0, 2004, '', 0x[BLOB], '', '', 'sankt_petersburg', 'Sankt Petersburg', 'Sankt Petersburg', '2008-01-13 00:00:00', '2008-01-13 00:00:00', NULL, 'A', 680, 630, 700, 21),
(260, 101, 'Viva Il Re', NULL, 0, 2003, '', '', '', '', 'viva_il_re', 'Viva Il Re', 'Viva Il Re', '2008-01-13 00:00:00', '2008-01-13 00:00:00', NULL, 'A', 385, 360, 400, 18),
(261, 101, 'Bohn Hansa', NULL, 0, 2002, '', '', '', '', 'bohn_hansa', 'Bohn Hansa', 'Bohn Hansa', '2008-01-13 00:00:00', '2008-01-13 00:00:00', NULL, 'A', 780, 710, 0, 0),
(263, 101, 'Kupferkessel & Co.', NULL, 0, 2001, '', '', '', '', 'kupferkessel_&_co_', 'Kupferkessel & Co.', 'Kupferkessel & Co.', '2008-01-13 00:00:00', '2008-01-13 00:00:00', NULL, 'A', 410, 370, 500, 18),
(264, 101, 'Pacific’42 Admirál', NULL, 0, 2007, '', '', '', '', 'pacific’42_admiral', 'Pacific’42 Admirál', 'Pacific’42 Admirál', '2008-01-13 00:00:00', '2008-01-13 00:00:00', NULL, 'A', 660, 630, 700, 18),
(265, 101, 'Schloss Schlotterstein (Strašidelný zámek)', NULL, 0, 2003, '', 0x[BLOB], '', 'http://www.haba.de/Familienspiele.fsp.0.html?&tx_habaproducts_pi1[showUid]=17&cHash=91136aef02', 'schloss_schlotterstein_(strasidelny_zamek)', 'Schloss Schlotterstein (Strašidelný zámek)', 'Schloss Schlotterstein (Strašidelný zámek)', '2008-01-13 00:00:00', '2008-01-13 00:00:00', NULL, 'A', 900, 810, 1000, 30),
(266, 101, 'Insel der Schmuggler (Ostrov pašeráků)', NULL, 0, 2004, '', '', '', '', 'insel_der_schmuggler_(ostrov_paseraku)', 'Insel der Schmuggler (Ostrov pašeráků)', 'Insel der Schmuggler (Ostrov pašeráků)', '2008-01-13 00:00:00', '2008-01-13 00:00:00', NULL, 'A', 810, 729, 900, 26),
(267, 101, 'Welt der Abenteuer (Dobrodružný svět)', NULL, 0, 2004, '', 0x[BLOB], '', '', 'welt_der_abenteuer_(dobrodruzny_svet)', 'Welt der Abenteuer (Dobrodružný svět)', 'Welt der Abenteuer (Dobrodružný svět)', '2008-01-13 00:00:00', '2008-01-13 00:00:00', NULL, 'A', 1480, 1340, 1500, 31),
(268, 101, 'Schildi Schildkröte (Želvička Kulička)', NULL, 0, 2004, '', 0x[BLOB], '', 'http://www.haba.de/Familienspiele.fsp.0.html?&tx_habaproducts_pi1[showUid]=4736&cHash=59eb7b90c3', 'schildi_schildkrote_(zelvicka_kulicka)', 'Schildi Schildkröte (Želvička Kulička)', 'Schildi Schildkröte (Želvička Kulička)', '2008-01-13 00:00:00', '2008-01-13 00:00:00', NULL, 'A', 890, 800, 900, 31),
(269, 101, 'Höchst verdächtig! (Zloděj)', NULL, 0, 2002, '', 0x[BLOB], '', 'http://www.haba.de/Familienspiele.fsp.0.html?&tx_habaproducts_pi1[showUid]=33&cHash=978bcc29e2', 'hochst_verdachtig_(zlodej)', 'Höchst verdächtig! (Zloděj)', 'Höchst verdächtig! (Zloděj)', '2008-01-13 00:00:00', '2008-01-13 00:00:00', NULL, 'A', 0, 0, 1000, 31),
(270, 101, 'Obstgarten (Ovocná zahrada)', NULL, 0, 1986, '', 0x[BLOB], '', 'http://www.haba.de/Familienspiele.fsp.0.html?&tx_habaproducts_pi1[showUid]=39&cHash=c298f92c22', 'obstgarten_(ovocna_zahrada)', 'Obstgarten (Ovocná zahrada)', 'Obstgarten (Ovocná zahrada)', '2008-01-13 00:00:00', '2008-01-13 00:00:00', NULL, 'A', 900, 810, 1000, 31),
(271, 101, 'Akaba', NULL, 0, 2004, '', 0x[BLOB], '', 'http://www.haba.de/Familienspiele.fsp.0.html?&tx_habaproducts_pi1[showUid]=3451&cHash=32e14cee56', 'akaba', 'Akaba', 'Akaba', '2008-01-13 00:00:00', '2008-01-13 00:00:00', NULL, 'A', 890, 800, 1000, 31),
(272, 101, 'Zahlenzwerge (Kouzla s čísly)', NULL, 0, 2005, '', '', '', '', 'zahlenzwerge_(kouzla_s_cisly)', 'Zahlenzwerge (Kouzla s čísly)', 'Zahlenzwerge (Kouzla s čísly)', '2008-01-13 00:00:00', '2008-01-13 00:00:00', NULL, 'A', 810, 730, 900, 31),
(273, 101, 'Tier auf Tier (Zvířátko na zvířátku)', NULL, 0, 2005, '', 0x[BLOB], '', '', 'tier_auf_tier_(zviratko_na_zviratku)', 'Tier auf Tier (Zvířátko na zvířátku)', 'Tier auf Tier (Zvířátko na zvířátku)', '2008-01-13 00:00:00', '2008-01-13 00:00:00', NULL, 'A', 440, 410, 500, 18),
(274, 101, 'Manhattan', NULL, 0, 1994, '', 0x[BLOB], '', '', 'manhattan', 'Manhattan', 'Manhattan', '2008-01-13 00:00:00', '2008-01-13 00:00:00', NULL, 'A', 790, 750, 800, 31),
(275, 101, 'Durch die Wüste (Pouští)', NULL, 0, 1998, 'Hráči vytvářejí cesty pro karavany přes poušť. Svými karavanami se snaží dojít ke studnám, oázám, a zároveň blokovat karavany ostatních hráčů. Půvabná, jednoduchá hra s taktickými prvky.', 0x[BLOB], '', '', 'durch_die_wuste_(pousti)', 'Durch die Wüste (Pouští)', 'Hráči vytvářejí cesty pro karavany přes poušť. Svými karavanami se snaží dojít ke studnám, oázám, a zároveň blokovat karavany ostatních hráčů. Půvabná, jednoduchá hra s taktickými prvky.', '2008-01-13 00:00:00', '2008-01-13 00:00:00', NULL, 'A', 750, 650, 800, 31),
(276, 101, 'Blue moon city', NULL, 0, 2006, 'Hráči-stavitelé se snaží pozvednout slávu zničeného města Blue moon. Staví budovy, využívají znalosti i posvátné draky. Cílem je ovšem křišťálový obelisk...', 0x[BLOB], '', '', 'blue_moon_city', 'Blue moon city', 'Hráči-stavitelé se snaží pozvednout slávu zničeného města Blue moon. Staví budovy, využívají znalosti i posvátné draky. Cílem je ovšem křišťálový obelisk...', '2008-01-13 00:00:00', '2008-01-13 00:00:00', NULL, 'A', 750, 700, 800, 31),
(277, 101, 'Savannah cafe', NULL, 0, 2007, '', 0x[BLOB], '', '', 'savannah_cafe', 'Savannah cafe', 'Savannah cafe', '2008-01-13 00:00:00', '2008-01-13 00:00:00', NULL, 'A', 230, 200, 300, 13),
(746, 101, 'Doba kamenná', NULL, 0, 2008, '', '', '', '', 'doba_kamenna', 'Doba kamenná', 'Doba kamenná', '2009-03-20 12:10:46', '2009-03-20 00:00:00', NULL, 'A', 960, 895, 1000, 31),
(747, 101, 'Ligretto modré', NULL, 0, 1960, 'Rychlá, zábavná hra. Vyložte co nejvíce svých karet, jako první vypotřebujte hromádku Ligretto a zvítězíte. Se všemi třemi sadami lze hrát až ve 12 hráčích.', 0x[BLOB], '', '', 'ligretto', 'Ligretto modré', 'Rychlá, zábavná hra. Vyložte co nejvíce svých karet, jako první vypotřebujte hromádku Ligretto a zvítězíte. Se všemi třemi sadami lze hrát až ve 12 hráčích.', '2009-03-20 00:00:00', '2009-03-20 00:00:00', NULL, 'A', 245, 235, 300, 13),
(748, 101, 'Ligretto červené', NULL, 0, 1960, 'Rychlá, zábavná hra. Vyložte co nejvíce svých karet, jako první vypotřebujte hromádku Ligretto a zvítězíte. Se všemi třemi sadami lze hrát až ve 12 hráčích.', 0x[BLOB], '', '', 'ligretto', 'Ligretto červené', 'Rychlá, zábavná hra. Vyložte co nejvíce svých karet, jako první vypotřebujte hromádku Ligretto a zvítězíte. Se všemi třemi sadami lze hrát až ve 12 hráčích.', '2009-03-20 12:17:06', '2009-03-20 00:00:00', NULL, 'A', 245, 235, 300, 13),
(749, 101, 'Ligretto zelené', NULL, 0, 1960, 'Rychlá, zábavná hra. Vyložte co nejvíce svých karet, jako první vypotřebujte hromádku Ligretto a zvítězíte. Se všemi třemi sadami lze hrát až ve 12 hráčích.', 0x[BLOB], '', '', 'ligretto', 'Ligretto zelené', 'Rychlá, zábavná hra. Vyložte co nejvíce svých karet, jako první vypotřebujte hromádku Ligretto a zvítězíte. Se všemi třemi sadami lze hrát až ve 12 hráčích.', '2009-03-20 12:17:48', '2009-03-20 00:00:00', NULL, 'A', 245, 235, 300, 13),
(750, 101, 'Carcassonne - 7. Katapult', NULL, 0, 2008, 'Do Carcassonne dorazili potulní kejklíři s gigantickým katapultem, který vystřeluje všemožné věci. Hra Carcassonne tak už není jen o taktice, ale i o šikovnosti.', 0x[BLOB], '', '', 'carcassonne-', 'Carcassonne - 7. Katapult', 'Do Carcassonne dorazili potulní kejklíři s gigantickým katapultem, který vystřeluje všemožné věci. Hra Carcassonne tak už není jen o taktice, ale i o šikovnosti.', '2009-03-20 12:35:14', '2009-03-20 00:00:00', NULL, 'A', 385, 365, 400, 13),
(1104, 101, 'Auto blok (Smart)', NULL, 0, 0, '', '', '', '', 'auto_blok_(smart)', 'Auto blok (Smart)', 'Auto blok (Smart)', '2010-11-17 17:51:45', '2010-11-17 00:00:00', NULL, 'A', 440, 420, 500, 11),
(1105, 101, 'Na ledové kře (Smart)', NULL, 0, 0, '', '', '', '', 'na_ledove_kre_(smart)', 'Na ledové kře (Smart)', 'Na ledové kře (Smart)', '2010-11-17 17:56:03', '2010-11-17 00:00:00', NULL, 'A', 440, 420, 500, 11),
(1106, 101, 'Na ledové kře (Smart): rozšíření', NULL, 0, 0, '', '', '', '', 'na_ledove_kre_(smart)', 'Na ledové kře (Smart): rozšíření', 'Na ledové kře (Smart): rozšíření', '2010-11-17 17:58:10', '2010-11-17 00:00:00', NULL, 'A', 245, 240, 300, 5),
(1107, 101, 'Piráti (Smart)', NULL, 0, 0, '', '', '', '', 'pirati_(smart)', 'Piráti (Smart)', 'Piráti (Smart)', '2010-11-17 18:14:07', '2010-11-17 00:00:00', NULL, 'A', 440, 420, 500, 11),
(1108, 101, 'Princ a drak (Smart)', NULL, 0, 0, '', '', '', '', 'princ_a_drak_(smart)', 'Princ a drak (Smart)', 'Princ a drak (Smart)', '2010-11-17 18:15:41', '2010-11-17 00:00:00', NULL, 'A', 440, 420, 400, 11),
(1109, 101, 'Safari (Smart)', NULL, 0, 0, '', '', '', '', 'safari_(smart)', 'Safari (Smart)', 'Safari (Smart)', '2010-11-17 18:18:20', '2010-11-17 00:00:00', NULL, 'A', 440, 420, 500, 11),
(1110, 101, 'Safari (Smart): rozšíření', NULL, 0, 0, '', '', '', '', 'safari_(smart)', 'Safari (Smart): rozšíření', 'Safari (Smart): rozšíření', '2010-11-17 18:22:56', '2010-11-17 00:00:00', NULL, 'A', 245, 240, 300, 5),
(1111, 101, 'Time''s up! rozšříení Junior', NULL, 0, 2000, 'Párty hra pro týmy dvou a více hráčů. Jeden z týmu se vždy snaží pomoci svým spoluhráčům uhodnout do 30 vteřin co nejvíce zadaných jmen...', '', '', '', 'times_up', 'Time''s up! rozšříení Junior', 'Párty hra pro týmy dvou a více hráčů. Jeden z týmu se vždy snaží pomoci svým spoluhráčům uhodnout do 30 vteřin co nejvíce zadaných jmen...', '2010-11-17 18:37:59', '2010-11-17 00:00:00', NULL, 'A', 245, 230, 500, 13),
(1423, 101, 'Dixit 3 (rozšíření)', NULL, 0, 2012, '', '', '', '', 'dixit', 'Dixit 3 (rozšíření)', 'Dixit 3 (rozšíření)', '2012-12-14 19:59:40', '2012-12-14 00:00:00', NULL, 'A', 475, 450, 500, 9),
(1425, 101, 'Goblini s.r.o.', NULL, 0, 2012, '', '', '', '', 'goblini_s_r_o_', 'Goblini s.r.o.', 'Goblini s.r.o.', '2012-12-18 19:41:44', '2012-12-18 00:00:00', NULL, 'A', 830, 790, 800, 27),
(1427, 101, 'Vládci podzemí: Festival', NULL, 0, 2012, '', '', '', '', 'vladci_podzemi-festival', 'Vládci podzemí: Festival', 'Vládci podzemí: Festival', '2012-12-19 16:37:16', '2012-12-19 00:00:00', NULL, 'A', 800, 750, 600, 15),
(1428, 101, 'Tzolk''in: Mayský kalendář', NULL, 0, 2012, '', '', '', '', 'tzolkin-maysky_kalendar', 'Tzolk''in: Mayský kalendář', 'Tzolk''in: Mayský kalendář', '2012-12-19 16:37:28', '2012-12-19 00:00:00', NULL, 'A', 990, 920, 1000, 34),
(1429, 101, 'Metro (Smart)', NULL, 0, 0, '', '', '', '', 'metro_(smart)', 'Metro (Smart)', 'Metro (Smart)', '2012-12-19 16:48:53', '0000-00-00 00:00:00', NULL, 'A', 440, 420, 500, 11),
(1430, 101, 'Panic Lab', NULL, 0, 2012, '', '', '', '', 'panic_lab', 'Panic Lab', 'Panic Lab', '2012-12-20 22:53:16', '2012-12-20 00:00:00', NULL, 'A', 250, 235, 300, 13),
(1431, 101, 'Dominion: Posel', NULL, 0, 0, '', '', '', '', 'dominion-posel', 'Dominion: Posel', 'Dominion: Posel', '2013-01-02 19:00:32', '2013-01-02 00:00:00', NULL, 'A', 65, 65, 200, 3),
(278, 101, 'Arkham horror', NULL, 0, 2005, 'Kooperativní lahůdka pro zkušené hráče s temnou atmosférou podle knihy Volání Cthulhu kultovního spisovatele horrorů z 30. let minulého stol.', '', '', '', 'arkham_horror', 'Arkham horror', 'Kooperativní lahůdka pro zkušené hráče s temnou atmosférou podle knihy Volání Cthulhu kultovního spisovatele horrorů z 30. let minulého stol.', '2008-01-13 00:00:00', '2008-01-13 00:00:00', NULL, 'A', 0, 0, 0, 0),
(279, 101, 'Age of Empires III', NULL, 0, 2007, 'Komplexní, globálně pojatá hra vhodná pro mladé i starší kolonizátory. Uspokojí stratégy, potěší i nováčky. Tak vzhůru dobývat svět!', 0x[BLOB], '', '', 'age_of_empires_iii', 'Age of Empires III', 'Komplexní, globálně pojatá hra vhodná pro mladé i starší kolonizátory. Uspokojí stratégy, potěší i nováčky. Tak vzhůru dobývat svět!', '2008-01-13 00:00:00', '2008-01-13 00:00:00', NULL, 'A', 1400, 1300, 0, 0);
INSERT INTO `polozka` (`polozka_id`, `typ_pol_id`, `titul_polozky`, `podtitul_polozky`, `vyrobce_firma_id`, `rok_vyroby`, `kratky_popis`, `popis`, `poznamka`, `odkaz_vyrobce`, `seo_url`, `seo_klice`, `seo_popis`, `dat_vlozeni`, `dat_zmeny`, `dat_smazani`, `aktivni`, `prodej_zaklad`, `prodej_sleva`, `pujcovna_zaloha`, `pujcovne_id`) VALUES
(280, 101, 'Railroad Tycoon', NULL, 0, 2005, '', '', '', '', 'railroad_tycoon', 'Railroad Tycoon', 'Railroad Tycoon', '2008-05-01 00:00:00', '2008-05-01 00:00:00', NULL, 'A', 1900, 1800, 2000, 36),
(281, 101, 'Tučňáci', NULL, 0, 2007, '', '', '', '', 'tucnaci', 'Tučňáci', 'Tučňáci', '2008-01-13 00:00:00', '2008-01-13 00:00:00', NULL, 'A', 390, 370, 0, 0),
(282, 101, 'Pirates'' Cove (Zátoka pirátů)', NULL, 0, 2002, '', '', '', '', 'pirates_cove_(zatoka_piratu)', 'Pirates'' Cove (Zátoka pirátů)', 'Pirates'' Cove (Zátoka pirátů)', '2008-01-13 00:00:00', '2008-01-13 00:00:00', NULL, 'A', 1350, 1250, 0, 0),
(283, 101, 'Mystery of the Abbey', NULL, 0, 1996, 'Ve středověkém francouzském klášteře byl zavražděn mnich. Hráči pátrají a dotazují se i jeden druhého, aby nalezli klíč vedoucí k odhalení viníka.', '', '', '', 'mystery_of_the_abbey', 'Mystery of the Abbey', 'Ve středověkém francouzském klášteře byl zavražděn mnich. Hráči pátrají a dotazují se i jeden druhého, aby nalezli klíč vedoucí k odhalení viníka.', '2008-01-13 00:00:00', '2008-01-13 00:00:00', NULL, 'A', 1150, 1050, 1200, 31),
(284, 101, 'Battlelore', NULL, 0, 2006, '', '', '', '', 'battlelore', 'Battlelore', 'Battlelore', '2008-01-13 00:00:00', '2008-01-13 00:00:00', NULL, 'A', 1900, 1800, 0, 0),
(285, 101, 'Colosseum', NULL, 0, 2007, '', '', '', '', 'colosseum', 'Colosseum', 'Colosseum', '2008-01-13 00:00:00', '2008-01-13 00:00:00', NULL, 'A', 1350, 1250, 0, 0),
(286, 101, 'Game of Thrones, A: Storm of swords', NULL, 0, 2003, '', '', '', '', 'game_of_thrones_a_storm_of_swords', 'Game of Thrones, A: Storm of swords', 'Game of Thrones, A: Storm of swords', '2008-01-13 00:00:00', '2008-01-13 00:00:00', NULL, 'A', 1250, 1150, 0, 0),
(287, 101, 'Twilight Imperium: Shattered empire', NULL, 0, 2006, '', '', '', '', 'twilight_imperium_shattered_empire', 'Twilight Imperium: Shattered empire', 'Twilight Imperium: Shattered empire', '2008-01-13 00:00:00', '2008-01-13 00:00:00', NULL, 'A', 1600, 1500, 1600, 33),
(288, 101, 'Descent: Altar of despair', NULL, 0, 2007, '', '', '', '', 'descent-altar_of_despair', 'Descent: Altar of despair', 'Descent: Altar of despair', '2008-01-13 00:00:00', '2008-01-13 00:00:00', NULL, 'A', 1250, 1150, 0, 0),
(289, 101, 'Arkham horror: Kingsport Horror', NULL, 0, 2005, 'Kooperativní lahůdka pro zkušené hráče s temnou atmosférou podle knihy Volání Cthulhu kultovního spisovatele horrorů z 30. let minulého stol.', '', '', '', 'arkham_horror_kingsport_horror', 'Arkham horror: Kingsport Horror', 'Kooperativní lahůdka pro zkušené hráče s temnou atmosférou podle knihy Volání Cthulhu kultovního spisovatele horrorů z 30. let minulého stol.', '2008-01-13 00:00:00', '2008-01-13 00:00:00', NULL, 'A', 1550, 1400, 1700, 36),
(290, 101, 'Arkham horror: Dunwich Horror', NULL, 0, 2006, '', '', '', '', 'arkham_horror_dunwich_horror', 'Arkham horror: Dunwich Horror', 'Arkham horror: Dunwich Horror', '2008-01-13 00:00:00', '2008-01-13 00:00:00', NULL, 'A', 1250, 1150, 1300, 21),
(291, 101, 'Fury of Dracula', NULL, 0, 2006, '', '', '', '', 'fury_of_dracula', 'Fury of Dracula', 'Fury of Dracula', '2008-01-13 00:00:00', '2008-01-13 00:00:00', NULL, 'A', 1550, 1400, 1600, 36),
(292, 101, 'Warrior Knights', NULL, 0, 2006, '', '', '', '', 'warrior_knights', 'Warrior Knights', 'Warrior Knights', '2008-01-13 00:00:00', '2008-01-13 00:00:00', NULL, 'A', 1550, 1400, 0, 0),
(293, 101, 'Tide of Iron', NULL, 0, 2007, '', '', '', '', 'tide_of_iron', 'Tide of Iron', 'Tide of Iron', '2008-01-13 00:00:00', '2008-01-13 00:00:00', NULL, 'A', 2450, 2350, 2500, 37),
(295, 101, 'Starcraft: The boardgame', NULL, 0, 2007, 'Hráči se vrhají do vesmírného dobrodružství. Obsazují planety, vytvářejí nové technologie, cvičí vojenské jednotky - a bojují s ostatními vesmírnými dobyvately.', '', '', '', 'starcraft_the_boardgame', 'Starcraft: The boardgame', 'Hráči se vrhají do vesmírného dobrodružství. Obsazují planety, vytvářejí nové technologie, cvičí vojenské jednotky - a bojují s ostatními vesmírnými dobyvately.', '2008-01-13 00:00:00', '2008-01-13 00:00:00', NULL, 'A', 2600, 2450, 2700, 37),
(296, 101, 'Cuckoo Zoo', NULL, 0, 2005, '', '', '', '', 'cuckoo_zoo', 'Cuckoo Zoo', 'Cuckoo Zoo', '2008-01-13 00:00:00', '2008-01-13 00:00:00', NULL, 'A', 295, 285, 0, 0),
(297, 101, 'Spící královny (Sleeping queens)', NULL, 0, 2005, '', '', '', '', 'spici_kralovny_(sleeping_queens)', 'Spící královny (Sleeping queens)', 'Spící královny (Sleeping queens)', '2008-01-13 00:00:00', '2008-01-13 00:00:00', NULL, 'A', 295, 285, 300, 13),
(298, 101, 'Zeus na útěku (Zeus on the loose)', NULL, 0, 2006, '', '', '', '', 'zeus_na_uteku_(zeus_on_the_loose)', 'Zeus na útěku (Zeus on the loose)', 'Zeus na útěku (Zeus on the loose)', '2008-01-13 00:00:00', '2008-01-13 00:00:00', NULL, 'A', 295, 285, 300, 13),
(299, 101, 'Ugly Doll', NULL, 0, 2006, 'Bláznivá hra s ošklivými panenkami. Postupně vykládáte po kartě panenky. Jakmile se objeví 3 stejné, snažíte se aspoň jednu z nich rychle sebrat...', 0x[BLOB], '', '', 'ugly_doll', 'Ugly Doll', 'Bláznivá hra s ošklivými panenkami. Postupně vykládáte po kartě panenky. Jakmile se objeví 3 stejné, snažíte se aspoň jednu z nich rychle sebrat...', '2008-01-13 00:00:00', '2008-01-13 00:00:00', NULL, 'A', 295, 285, 300, 13),
(300, 101, 'Duck, Duck, Bruce', NULL, 0, 1997, '', '', '', '', 'duck_duck_bruce', 'Duck, Duck, Bruce', 'Duck, Duck, Bruce', '2008-01-13 00:00:00', '2008-01-13 00:00:00', NULL, 'A', 295, 285, 0, 0),
(301, 101, 'Ka-Ching!', NULL, 0, 2001, '', '', '', '', 'ka-ching', 'Ka-Ching!', 'Ka-Ching!', '2008-01-13 00:00:00', '2008-01-13 00:00:00', NULL, 'A', 295, 285, 300, 13),
(302, 101, 'Castle keep', NULL, 0, 2005, 'Postavte středověký hrad se vším, co k němu náleží. Musíte jej ale také bránit. Občas je ale třeba uspořádat válečné tažení na hrady sousedů.', 0x[BLOB], '', '', 'castle_keep', 'Castle keep', 'Postavte středověký hrad se vším, co k němu náleží. Musíte jej ale také bránit. Občas je ale třeba uspořádat válečné tažení na hrady sousedů.', '2008-01-13 00:00:00', '2008-01-13 00:00:00', NULL, 'A', 345, 330, 400, 18),
(303, 101, 'Thing-a-ma Bots', NULL, 0, 2006, '', '', '', '', 'thing-a-ma_bots', 'Thing-a-ma Bots', 'Thing-a-ma Bots', '2008-01-13 00:00:00', '2008-01-13 00:00:00', NULL, 'A', 195, 190, 200, 13),
(304, 101, 'Top speed', NULL, 0, 2003, '', '', '', '', 'top_speed', 'Top speed', 'Top speed', '2008-01-13 00:00:00', '2008-01-13 00:00:00', NULL, 'A', 195, 190, 200, 0),
(305, 101, 'Inkognito', NULL, 0, 1988, '', '', '', '', 'inkognito', 'Inkognito', 'Inkognito', '2008-01-13 00:00:00', '2008-01-13 00:00:00', NULL, 'A', 870, 810, 0, 0),
(306, 101, 'Střelené kachny', NULL, 0, 2007, '', 0x[BLOB], '', '', 'strelene_kachny', 'Střelené kachny', 'Střelené kachny', '2008-01-13 00:00:00', '2008-01-13 00:00:00', NULL, 'A', 290, 275, 400, 13),
(307, 101, 'Taj Mahal', NULL, 0, 2000, '', '', '', '', 'taj_mahal', 'Taj Mahal', 'Taj Mahal', '2008-01-13 00:00:00', '2008-01-13 00:00:00', NULL, 'A', 950, 890, 1000, 31),
(308, 101, 'Hej! To je moje ryba! (Packeis am Pol)', NULL, 0, 2003, '', 0x[BLOB], '', '', 'hej_to_je_moje_ryba_(packeis_am_pol)', 'Hej! To je moje ryba! (Packeis am Pol)', 'Hej! To je moje ryba! (Packeis am Pol)', '2008-01-13 00:00:00', '2008-01-13 00:00:00', NULL, 'A', 395, 380, 0, 0),
(0, 0, 'AAAAAA', NULL, 0, 2027, NULL, NULL, NULL, NULL, '', '', '', '2013-05-17 12:49:46', NULL, NULL, 'A', 379, 0, 0, 0);

-- --------------------------------------------------------

--
-- Struktura tabulky `polozka_hra`
--

CREATE TABLE IF NOT EXISTS `polozka_hra` (
  `polozka_id` int(11) NOT NULL,
  `vek_hracu` varchar(10) DEFAULT NULL,
  `pocet_hracu` varchar(10) DEFAULT NULL,
  `delka_hry` varchar(8) DEFAULT NULL,
  `prehled_komponent` blob,
  `odkaz_web_herni` varchar(100) DEFAULT NULL,
  `odkaz_web_pravidla` varchar(100) DEFAULT NULL,
  `odkaz_interni_pravidla` varchar(100) DEFAULT NULL,
  `jazykova_narocnost_id` smallint(6) NOT NULL,
  `prodej_akce` double DEFAULT NULL,
  `prodej_dopor` double DEFAULT NULL,
  `autor_osoba_id` smallint(6) NOT NULL,
  PRIMARY KEY (`polozka_id`),
  KEY `POLOZKA_DETAIL_JAZ_NAROKY_FK` (`jazykova_narocnost_id`),
  KEY `POLOZKA_HRA_OSOBA_FK` (`autor_osoba_id`)
) ENGINE=MyISAM DEFAULT CHARSET=utf8;

--
-- Vypisuji data pro tabulku `polozka_hra`
--

INSERT INTO `polozka_hra` (`polozka_id`, `vek_hracu`, `pocet_hracu`, `delka_hry`, `prehled_komponent`, `odkaz_web_herni`, `odkaz_web_pravidla`, `odkaz_interni_pravidla`, `jazykova_narocnost_id`, `prodej_akce`, `prodej_dopor`, `autor_osoba_id`) VALUES
(1, '8', '2-10', '45 min', '', 'http://www.boardgamegeek.com/game/432', NULL, NULL, 0, 0, 299, 0),
(2, '8', '2-6', '60 min', '', 'http://www.boardgamegeek.com/boardgame/6249-Alhambra', NULL, NULL, 2, 0, 649, 0),
(3, '8', '2-6', '20 min', '', 'http://www.boardgamegeek.com/game/11971', NULL, NULL, 2, 0, 229, 0),
(4, '8', '2-7', '45 min', '', 'http://www.boardgamegeek.com/boardgame/11-Bohnanza', NULL, NULL, 2, 0, 299, 0),
(5, '8', '2-5', '45 min', '', 'http://www.boardgamegeek.com/game/826', NULL, NULL, 2, 0, 550, 0),
(6, '7', '2-4', '45 min', '', 'http://www.boardgamegeek.com/game/1356', NULL, NULL, 2, 0, 549, 0),
(7, '6', '2-5', '20 min', '', 'http://www.boardgamegeek.com/game/21854', NULL, NULL, 0, 650, 949, 0),
(8, '10', '3-5', '60 min', '', 'http://www.boardgamegeek.com/boardgame/15817-Manila', NULL, NULL, 2, 0, 790, 0),
(9, '8', '3-5', '45 min', '', 'http://www.boardgamegeek.com/boardgame/13308-Niagara', NULL, NULL, 2, 0, 990, 0),
(10, '10', '2-5', '45 min', '', 'http://www.boardgamegeek.com/game/21632', NULL, NULL, 3, 0, 499, 0),
(11, '4', '2-8', '15 min', '', 'http://www.boardgamegeek.com/boardgame/486-Pippo', NULL, NULL, 2, 0, 299, 0),
(12, '12', '2-5', '45 min', '', 'http://www.boardgamegeek.com/game/12589', NULL, NULL, 2, 0, 350, 0),
(13, '4', '2-5', '15 min', '', 'http://www.boardgamegeek.com/game/9793', NULL, NULL, 2, 0, 299, 0),
(14, '10', '3-5', '45 min', '', 'http://www.boardgamegeek.com/boardgame/691-Timbuktu', NULL, NULL, 2, 0, 949, 0),
(15, '8', '2-8', '15 min', '', 'http://www.boardgamegeek.com/game/16992', NULL, NULL, 2, 0, 699, 0),
(16, '12', '3-4', '60 min', '', 'http://www.boardgamegeek.com/game/25605', NULL, NULL, 2, 0, 749, 0),
(17, '5', '2-5', '20 min', '', 'http://www.boardgamegeek.com/game/9441', NULL, NULL, 2, 0, 399, 0),
(18, '8', '4-7', '30 min', '', 'http://www.boardgamegeek.com/game/3955', NULL, NULL, 0, 0, 299, 0),
(20, '12', '1-4', '45 min', '', '', NULL, NULL, 0, 0, 699, 0),
(22, '10', '2-4', '45 min', '', 'http://www.boardgamegeek.com/boardgame/21441-Mykerinos', NULL, NULL, 2, 0, 690, 0),
(23, '12', '2-4', '60-90 mi', 0x[BLOB], 'http://www.boardgamegeek.com/boardgame/24480', NULL, NULL, 4, 0, 899, 0),
(24, '10', '2-4', '45 min', '', 'http://www.boardgamegeek.com/boardgame/21790', NULL, NULL, 2, 0, 690, 0),
(25, '12', '2-6', '120 min', '', 'http://www.boardgamegeek.com/boardgame/2651', NULL, NULL, 2, 0, 999, 0),
(26, '10', '2-10', '120 min', '', 'http://www.boardgamegeek.com/game/173', NULL, NULL, 2, 0, 799, 0),
(27, '6', '2-6', '10 min', '', 'http://www.boardgamegeek.com/game/7610', NULL, NULL, 2, 0, 199, 0),
(28, '5', '2-8', '10 min', '', 'http://www.boardgamegeek.com/game/1201', NULL, NULL, 0, 0, 199, 0),
(29, '6', '2-4', '10 min', '', 'http://www.boardgamegeek.com/game/8649', NULL, NULL, 0, 0, 199, 0),
(30, '10', '2-4', '60 min', '', 'http://www.boardgamegeek.com/boardgame/4330', NULL, NULL, 0, 0, 599, 0),
(31, '10', '2-5', '60 min', '', 'http://www.boardgamegeek.com/game/8147', NULL, NULL, 0, 0, 599, 0),
(32, '8', '2', '40 min', '', 'http://www.boardgamegeek.com/game/10630', NULL, NULL, 4, 0, 1399, 0),
(33, '10', '3-6', '60 min', '', 'http://www.boardgamegeek.com/game/13513', NULL, NULL, 0, 0, 599, 0),
(34, '6', '2-4', '10 min', '', 'http://www.boardgamegeek.com/game/8530', NULL, NULL, 0, 0, 199, 0),
(35, '6', '2-6', '10 min', '', 'http://www.boardgamegeek.com/boardgame/3483', NULL, NULL, 0, 0, 199, 0),
(36, '12', '2-4', '120 min', '', 'http://www.boardgamegeek.com/boardgame/7479', NULL, NULL, 2, 0, 999, 0),
(37, '6', '2-6', '10 min', '', 'http://www.boardgamegeek.com/game/12065', NULL, NULL, 0, 0, 199, 0),
(38, '12', '3-5', '120 min', '', 'http://www.boardgamegeek.com/boardgame/1159', NULL, NULL, 4, 0, 590, 0),
(39, '8', '2-5', '30 min', '', 'http://www.boardgamegeek.com/game/7204', NULL, NULL, 2, 0, 270, 0),
(40, '12', '2', '30 min', '', 'http://www.boardgamegeek.com/game/10520', NULL, NULL, 2, 0, 350, 0),
(41, '10', '2-4', '60 min', '', 'http://www.boardgamegeek.com/boardgame/27173', NULL, NULL, 2, 0, 790, 0),
(42, '8', '2-5', '45 min', '', 'http://www.boardgamegeek.com/boardgame/21348', NULL, NULL, 2, 0, 1399, 0),
(43, '12', '2', '30 min', '', 'http://www.boardgamegeek.com/game/638', NULL, NULL, 4, 0, 250, 0),
(44, '8', '2-5', '60 min', '', 'http://www.boardgamegeek.com/game/822', NULL, NULL, 0, 0, 590, 0),
(45, '8', '2-6', '60 min', '', 'http://www.boardgamegeek.com/game/5405', NULL, NULL, 0, 0, 395, 0),
(46, '', '', '', '', '', NULL, NULL, 0, 0, 190, 0),
(47, '7', '2-5', '30 min', '', 'http://www.boardgamegeek.com/game/5782', NULL, NULL, 0, 0, 295, 0),
(48, '10', '2-5', '45 min', '', 'http://www.boardgamegeek.com/boardgame/3452', NULL, NULL, 2, 0, 270, 0),
(49, '10', '3-4', '60 min', '', 'http://www.boardgamegeek.com/boardgame/8124', NULL, NULL, 3, 0, 499, 0),
(50, '10', '2-4', '45 min', '', 'http://www.boardgamegeek.com/game/24417', NULL, NULL, 2, 0, 690, 0),
(51, '8', '2', '20 min', '', 'http://www.boardgamegeek.com/boardgame/908', NULL, NULL, 2, 0, 495, 0),
(52, '8', '3-4', '60 min', '', 'http://www.boardgamegeek.com/boardgame/3800', NULL, NULL, 2, 0, 899, 0),
(53, '12', '3-5', '60 min', '', 'http://www.boardgamegeek.com/boardgame/265', NULL, NULL, 2, 0, 449, 0),
(54, '8', '2-4', '20 min', '', 'http://www.boardgamegeek.com/game/3404', NULL, NULL, 2, 0, 329, 0),
(55, '10', '3-5', '120 min', '', 'http://www.boardgamegeek.com/boardgame/3931', NULL, NULL, 3, 0, 750, 0),
(56, '10', '2-4', '20 min', '', 'http://www.boardgamegeek.com/game/6534', NULL, NULL, 0, 0, 349, 0),
(57, '8', '2-6', '45 min', '', 'http://www.boardgamegeek.com/boardgame/559', NULL, NULL, 2, 0, 649, 0),
(58, '10', '3-6', '45 min', '', 'http://www.boardgamegeek.com/game/192', NULL, NULL, 2, 0, 0, 0),
(60, '12', '3-16', '60 min', 0x22332220313833206b730d0a223422203138346b730d0a223522203138326b73, 'http://www.boardgamegeek.com/boardgame/27451', NULL, NULL, 5, 0, 699, 0),
(61, '6', '2-6', '10 min', '', 'http://www.boardgamegeek.com/boardgame/2944', NULL, NULL, 2, 0, 325, 0),
(62, '8', '2-4', '20 min', '', 'http://www.boardgamegeek.com/boardgame/8946', NULL, NULL, 2, 0, 375, 0),
(63, '', '', '', '', '', NULL, NULL, 0, 0, 299, 0),
(131, '12', '1-2', '60 min', '', 'http://www.boardgamegeek.com/game/980', NULL, NULL, 2, 0, 299, 0),
(132, '8', '2-4', '15 min', '', 'http://www.boardgamegeek.com/boardgame/4127', NULL, NULL, 0, 0, 219, 0),
(133, '8', '2-6', '10 min', '', 'http://www.boardgamegeek.com/game/11243', NULL, NULL, 0, 0, 199, 0),
(134, '12', '3-7', '60 min', '', 'http://www.boardgamegeek.com/boardgame/1494', NULL, NULL, 2, 0, 299, 0),
(135, '12', '3-6', '90 min', '', 'http://www.boardgamegeek.com/game/6264', NULL, NULL, 3, 0, 299, 0),
(136, '10', '2-4', '60 min', '', 'http://www.boardgamegeek.com/boardgame/214', NULL, NULL, 2, 0, 299, 0),
(137, '10', '3-6', '90 min', '', 'http://www.boardgamegeek.com/game/607', NULL, NULL, 2, 0, 350, 0),
(746, '10', '2-4', '60 min', 0x[BLOB], '', NULL, NULL, 0, 0, 990, 0),
(747, '8', '2-12', '10 min', '', 'http://www.boardgamegeek.com/boardgame/943', NULL, NULL, 1, 0, 249, 0),
(748, '8', '2-12', '10 min', '', 'http://www.boardgamegeek.com/boardgame/943', NULL, NULL, 1, 0, 249, 0),
(749, '8', '2-12', '10 min', '', 'http://www.boardgamegeek.com/boardgame/943', NULL, NULL, 1, 0, 249, 0),
(750, '8', '2-6', '30 min', '', 'http://www.boardgamegeek.com/boardgame/38855', NULL, NULL, 2, 0, 399, 0),
(1104, '', '1', '', '', '', NULL, NULL, 2, 0, 450, 0),
(1105, '', '1', '', '', '', NULL, NULL, 2, 0, 450, 0),
(1106, '', '1', '', '', '', NULL, NULL, 2, 0, 249, 0),
(1107, '', '1', '', '', '', NULL, NULL, 2, 0, 450, 0),
(1108, '', '1', '', '', '', NULL, NULL, 2, 0, 450, 0),
(1109, '', '1', '', '', '', NULL, NULL, 2, 0, 450, 0),
(1110, '', '1', '', '', '', NULL, NULL, 2, 0, 249, 0),
(1111, '12', '4-18', '90 min', '', '', NULL, NULL, 6, 0, 249, 0),
(1423, '8', '3-6', '30 min', '', '', NULL, NULL, 1, 0, 449, 0),
(1425, '10', '2-4', '45-60 mi', 0x[BLOB], '', NULL, NULL, 0, 0, 0, 0),
(1427, '12', '2-4', '120min', 0x[BLOB], '', NULL, NULL, 0, 0, 0, 0),
(1428, '12', '2-4', '90min', 0x[BLOB], '', NULL, NULL, 0, 0, 0, 0),
(1429, '', '1', '', '', '', NULL, NULL, 2, 0, 0, 0),
(1430, '8', '2-10', '30 min', '', '', NULL, NULL, 1, 0, 250, 0),
(1431, '10', '2-4', '30 min', '', '', NULL, NULL, 4, 0, 69, 0),
(64, '', '', '', '', '', NULL, NULL, 0, 0, 329, 0),
(65, '', '', '', '', '', NULL, NULL, 0, 0, 299, 0),
(66, '', '', '', '', '', NULL, NULL, 0, 0, 399, 0),
(67, '7', '3-8', '10 min', '', 'http://www.boardgamegeek.com/game/8098', NULL, NULL, 2, 0, 425, 0),
(68, '4', '2-4', '20 min', '', 'http://www.boardgamegeek.com/game/3570', NULL, NULL, 2, 0, 499, 0),
(69, '4', '2-4', '15-20 mi', '', 'http://www.boardgamegeek.com/boardgame/35673', NULL, NULL, 1, 0, 499, 0),
(70, '4', '2-4', '20-30 mi', '', '', NULL, NULL, 2, 0, 499, 0),
(71, '6', '2-4', '20 min', '', 'http://www.boardgamegeek.com/boardgame/2946', NULL, NULL, 1, 0, 325, 0),
(72, '10', '2', '20 min', '', 'http://www.boardgamegeek.com/game/1701', NULL, NULL, 2, 0, 199, 0),
(73, '6', '2-4', '30 min', '', 'http://www.boardgamegeek.com/game/2596', NULL, NULL, 1, 0, 499, 0),
(75, '8', '2-6', '60 min', '', 'http://www.boardgamegeek.com/game/15158', NULL, NULL, 1, 0, 395, 0),
(76, '8', '2-6', '60 min', '', 'http://www.boardgamegeek.com/game/21385', NULL, NULL, 1, 0, 395, 0),
(77, '8', '2', '60 min', '', 'http://www.boardgamegeek.com/game/7717', NULL, NULL, 1, 0, 590, 0),
(78, '12', '2-5', '30 min', '', 'http://www.boardgamegeek.com/game/16216', NULL, NULL, 1, 0, 590, 0),
(80, '8', '2-6', '60 min', '', 'http://www.boardgamegeek.com/game/12903', NULL, NULL, 1, 0, 99, 0),
(81, '10', '3-4', '90 min', '', 'http://www.boardgamegeek.com/game/13', NULL, NULL, 4, 0, 999, 0),
(82, '10', '5-6', '120 min', '', 'http://www.boardgamegeek.com/game/2807', NULL, NULL, 2, 490, 599, 0),
(83, '12', '3-4', '60 min', '', 'http://www.boardgamegeek.com/boardgame/21046', NULL, NULL, 0, 390, 599, 0),
(85, '10', '3-4', '120 min', '', 'http://www.boardgamegeek.com/boardgame/926', NULL, NULL, 4, 0, 999, 0),
(86, '10', '2', '90 min', '', 'http://www.boardgamegeek.com/boardgame/278', NULL, NULL, 5, 0, 499, 0),
(87, '8', '2-6', '45 min', '', 'http://www.boardgamegeek.com/boardgame/9687', NULL, NULL, 2, 0, 399, 0),
(88, '8', '2-6', '60 min', '', 'http://www.boardgamegeek.com/boardgame/13287', NULL, NULL, 3, 0, 399, 0),
(89, '8', '2-6', '', '', 'http://www.boardgamegeek.com/boardgame/16494', NULL, NULL, 2, 0, 399, 0),
(90, '8', '2-6', '60 min', '', 'http://www.boardgamegeek.com/boardgame/25491', NULL, NULL, 2, 0, 649, 0),
(91, '8', '2-4', '60 min', '', 'http://www.boardgamegeek.com/game/20080', NULL, NULL, 2, 0, 949, 0),
(92, '10', '2', '30 min', '', 'http://www.boardgamegeek.com/game/19999', NULL, NULL, 0, 0, 399, 0),
(93, '8', '3-5', '30 min', '', 'http://www.boardgamegeek.com/game/22287', NULL, NULL, 0, 0, 399, 0),
(94, '12', '2-4', '60 min', '', 'http://www.boardgamegeek.com/game/481', NULL, NULL, 2, 0, 890, 0),
(95, '8', '2-5', '45 min', '', 'http://www.boardgamegeek.com/game/25823', NULL, NULL, 2, 0, 550, 0),
(96, '10', '2-4', '40 min', '', 'http://www.boardgamegeek.com/boardgame/26089', NULL, NULL, 0, 0, 599, 0),
(97, '8', '2-4', '60 min', '', 'http://www.boardgamegeek.com/game/13729', NULL, NULL, 2, 0, 449, 0),
(98, '10', '2-4', '45 min', '', 'http://www.boardgamegeek.com/game/18866', NULL, NULL, 2, 0, 1049, 0),
(99, '10', '2-5', '60 min', '', 'http://www.boardgamegeek.com/game/19650', NULL, NULL, 3, 0, 749, 0),
(100, '8', '2-4', '60 min', '', 'http://www.boardgamegeek.com/boardgame/9560', NULL, NULL, 2, 0, 499, 0),
(101, '8', '2-4', '30 min', '', 'http://www.boardgamegeek.com/game/13301', NULL, NULL, 2, 0, 550, 0),
(102, '10', '2-4', '30 min', '', 'http://www.boardgamegeek.com/boardgame/4636', NULL, NULL, 2, 0, 550, 0),
(103, '8', '2-6', '45 min', '', 'http://www.boardgamegeek.com/game/8127', NULL, NULL, 0, 0, 499, 0),
(104, '8', '2', '10 min', '', 'http://www.boardgamegeek.com/boardgame/22347', NULL, NULL, 3, 0, 299, 0),
(105, '8', '3-6', '45 min', '', 'http://www.boardgamegeek.com/boardgame/21855', NULL, NULL, 2, 0, 599, 0),
(106, '9', '2-4', '45 min', '', 'http://www.boardgamegeek.com/game/4218', NULL, NULL, 2, 0, 399, 0),
(107, '', '', '', '', '', NULL, NULL, 0, 0, 349, 0),
(108, '8', '2', '45 min', 0x[BLOB], 'http://www.boardgamegeek.com/boardgame/16496', NULL, NULL, 3, 0, 399, 0),
(109, '10', '2-5', '80 min', '', 'http://www.boardgamegeek.com/boardgame/25409', NULL, NULL, 2, 0, 890, 0),
(110, '7', '2-12', '10 min', '', 'http://www.boardgamegeek.com/boardgame/2375', NULL, NULL, 2, 0, 749, 0),
(111, '12', '3-5', '150 min', '', 'http://www.boardgamegeek.com/boardgame/20551', NULL, NULL, 2, 0, 1190, 0),
(112, '10', '2-5', '45 min', '', 'http://www.boardgamegeek.com/boardgame/13375', NULL, NULL, 0, 0, 550, 0),
(113, '8', '2-4', '30 min', '', 'http://www.boardgamegeek.com/boardgame/941', NULL, NULL, 2, 0, 399, 0),
(114, '13', '2-4', '45 min', '', 'http://www.boardgamegeek.com/game/20022', NULL, NULL, 2, 0, 550, 0),
(115, '8', '2-4', '45 min', '', 'http://www.boardgamegeek.com/game/22278', NULL, NULL, 0, 0, 650, 0),
(116, '8', '2-6', '20 min', '', 'http://www.boardgamegeek.com/game/2842', NULL, NULL, 2, 0, 499, 0),
(117, '8', '2-6', '20 min', '', 'http://www.boardgamegeek.com/game/16267', NULL, NULL, 2, 0, 499, 0),
(118, '8', '2-4', '45 min', '', 'http://www.boardgamegeek.com/boardgame/963', NULL, NULL, 0, 0, 649, 0),
(119, '5', '2-5', '20 min', '', 'http://www.boardgamegeek.com/game/7483', NULL, NULL, 0, 0, 399, 0),
(120, '5', '2-6', '20 min', '', 'http://www.boardgamegeek.com/game/6351', NULL, NULL, 2, 0, 599, 0),
(121, '7', '2-6', '20 min', '', 'http://www.boardgamegeek.com/game/8668', NULL, NULL, 2, 0, 399, 0),
(122, '6', '2-6', '30 min', '', 'http://www.boardgamegeek.com/game/7488', NULL, NULL, 0, 0, 399, 0),
(123, '9', '2', '30 min', '', 'http://www.boardgamegeek.com/game/2346', NULL, NULL, 2, 0, 449, 0),
(124, '9', '2', '30 min', '', 'http://www.boardgamegeek.com/boardgame/527', NULL, NULL, 2, 0, 449, 0),
(125, '9', '2', '120 min', '', 'http://www.boardgamegeek.com/boardgame/5117', NULL, NULL, 0, 0, 249, 0),
(126, '8', '2', '30 min', '', 'http://www.boardgamegeek.com/boardgame/1295', NULL, NULL, 2, 0, 599, 0),
(127, '10', '2', '30 min', '', 'http://www.boardgamegeek.com/game/19764', NULL, NULL, 2, 0, 449, 0),
(129, '9', '2', '30 min', '', 'http://www.boardgamegeek.com/game/7854', NULL, NULL, 2, 0, 449, 0),
(130, '9', '2', '30 min', '', 'http://www.boardgamegeek.com/game/528', NULL, NULL, 2, 0, 449, 0),
(138, '12', '3-5', '45 min', '', 'http://www.boardgamegeek.com/boardgame/913', NULL, NULL, 4, 0, 299, 0),
(139, '10', '2-6', '60 min', '', 'http://www.boardgamegeek.com/game/229', NULL, NULL, 2, 0, 350, 0),
(140, '12', '2-7', '90 min', '', 'http://www.boardgamegeek.com/boardgame/453', NULL, NULL, 2, 0, 299, 0),
(141, '8', '2-5', '20 min', '', 'http://www.boardgamegeek.com/game/24473', NULL, NULL, 2, 0, 299, 0),
(142, '8', '3-5', '20 min', '', 'http://www.boardgamegeek.com/boardgame/12942', NULL, NULL, 2, 0, 299, 0),
(143, '8', '3-5', '30 min', '', 'http://www.boardgamegeek.com/game/24771', NULL, NULL, 0, 0, 299, 0),
(144, '5', '2-4', '20 min', '', 'http://www.boardgamegeek.com/game/2047', NULL, NULL, 2, 0, 299, 0),
(145, '8', '2-10', '45 min', '', 'http://www.boardgamegeek.com/boardgame/568', NULL, NULL, 2, 0, 299, 0),
(146, '10', '3-5', '40 min', '', 'http://www.boardgamegeek.com/boardgame/25242', NULL, NULL, 2, 0, 299, 0),
(147, '8', '3-10', '30 min', '', 'http://www.boardgamegeek.com/game/9220', NULL, NULL, 2, 0, 249, 0),
(148, '10', '3-6', '20 min', '', 'http://www.boardgamegeek.com/game/17027', NULL, NULL, 3, 0, 299, 0),
(149, '8', '3-5', '30 min', '', 'http://www.boardgamegeek.com/game/24770', NULL, NULL, 2, 0, 299, 0),
(150, '6', '2-10', '30 min', '', 'http://www.boardgamegeek.com/boardgame/3347', NULL, NULL, 0, 0, 299, 0),
(151, '10', '3-5', '30 min', '', 'http://www.boardgamegeek.com/boardgame/1403', NULL, NULL, 2, 0, 299, 0),
(152, '', '', '', '', '', NULL, NULL, 0, 0, 499, 0),
(153, '5', '1+', '', '', '', NULL, NULL, 0, 0, 399, 0),
(154, '5', '1+', '', '', '', NULL, NULL, 0, 0, 399, 0),
(155, '', '', '', '', '', NULL, NULL, 0, 0, 499, 0),
(156, '10', '2-4', '180 min', '', 'http://www.boardgamegeek.com/boardgame/6707', NULL, NULL, 4, 0, 1499, 0),
(157, '10', '2-6', '180 min', '', 'http://www.boardgamegeek.com/boardgame/6752', NULL, NULL, 3, 0, 1099, 0),
(158, '10', '2-6', '180 min', '', 'http://www.boardgamegeek.com/game/6751', NULL, NULL, 3, 0, 1099, 0),
(159, '12', '2-5', '240 min', '', 'http://www.boardgamegeek.com/boardgame/10093', NULL, NULL, 3, 0, 1299, 0),
(160, '12', '2-4', '210 min', '', 'http://www.boardgamegeek.com/boardgame/520', NULL, NULL, 0, 0, 1299, 0),
(161, '12', '2-3', '120 min', '', 'http://www.boardgamegeek.com/boardgame/10081', NULL, NULL, 3, 0, 1299, 0),
(162, '12', '2-3', '120 min', '', 'http://www.boardgamegeek.com/boardgame/1262', NULL, NULL, 2, 0, 1299, 0),
(163, '12', '2', '180 min', '', 'http://www.boardgamegeek.com/boardgame/22457', NULL, NULL, 2, 0, 1399, 0),
(164, '10', '2-5', '120 min', '', 'http://www.boardgamegeek.com/boardgame/10383', NULL, NULL, 0, 0, 1299, 0),
(165, '10', '2-5', '240 min', '', 'http://www.boardgamegeek.com/boardgame/1829', NULL, NULL, 4, 0, 1299, 0),
(166, '12', '2-8', '120 min', '', 'http://www.boardgamegeek.com/boardgame/18', NULL, NULL, 4, 0, 1299, 0),
(167, '10', '2-5', '60 min', '', 'http://www.boardgamegeek.com/game/14992', NULL, NULL, 0, 0, 999, 0),
(168, '12', '3-5', '75 min', '', 'http://www.boardgamegeek.com/boardgame/15364', NULL, NULL, 4, 0, 999, 0),
(169, '8', '2-5', '45 min', '', 'http://www.boardgamegeek.com/boardgame/9209', NULL, NULL, 2, 0, 999, 0),
(170, '8', '2-5', '50 min', '', 'http://www.boardgamegeek.com/boardgame/14996', NULL, NULL, 2, 0, 999, 0),
(171, '8', '2', '30 min', '', 'http://www.boardgamegeek.com/game/19244', NULL, NULL, 0, 0, 699, 0),
(172, '10', '3-7', '90 min', '', 'http://www.boardgamegeek.com/game/15062', NULL, NULL, 0, 0, 1399, 0),
(173, '10', '3-5', '60 min', '', 'http://www.boardgamegeek.com/game/22141', NULL, NULL, 0, 0, 1399, 0),
(174, '10', '2-4', '', '', 'http://www.boardgamegeek.com/boardgame/10991', NULL, NULL, 0, 0, 899, 0),
(175, '12', '2-4', '180 min', '', 'http://www.boardgamegeek.com/boardgame/10640', NULL, NULL, 4, 0, 1499, 0),
(176, '14', '2-6', '90 min', '', 'http://www.boardgamegeek.com/boardgame/20055', NULL, NULL, 0, 0, 1399, 0),
(177, '12', '2-4', '180 min', '', 'http://www.boardgamegeek.com/boardgame/9609', NULL, NULL, 5, 0, 2399, 0),
(178, '12', '2-4', '180 min', '', 'http://www.boardgamegeek.com/boardgame/18034', NULL, NULL, 5, 0, 1699, 0),
(179, '12', '3-5', '180 min', '', 'http://www.boardgamegeek.com/boardgame/6472', NULL, NULL, 3, 0, 1699, 0),
(180, '12', '3-6', '120 min', '', 'http://www.boardgamegeek.com/boardgame/10873', NULL, NULL, 0, 0, 1199, 0),
(181, '12', '3-6', '240 min', '', 'http://www.boardgamegeek.com/boardgame/12493', NULL, NULL, 5, 0, 2599, 0),
(182, '12', '2-5', '240 min', '', 'http://www.boardgamegeek.com/boardgame/17226', NULL, NULL, 5, 0, 2699, 0),
(183, '12', '2-5', '120 min', '', 'http://www.boardgamegeek.com/boardgame/22361', NULL, NULL, 5, 0, 1299, 0),
(184, '12', '2-6', '180 min', '', 'http://www.boardgamegeek.com/boardgame/17223', NULL, NULL, 5, 1890, 2199, 0),
(185, '12', '2-6', '240 min', '', 'http://www.boardgamegeek.com/boardgame/22823', NULL, NULL, 5, 0, 899, 0),
(186, '12', '3-5', '240 min', '', 'http://www.boardgamegeek.com/game/240', NULL, NULL, 4, 0, 1299, 0),
(187, '6', '2-6', '20 min', '', 'http://www.boardgamegeek.com/game/3804', NULL, NULL, 0, 0, 299, 0),
(188, '6', '2-6', '20 min', '', 'http://www.boardgamegeek.com/boardgame/5367', NULL, NULL, 1, 0, 299, 0),
(189, '4', '2-5', '15 min', '', 'http://www.boardgamegeek.com/game/9793', NULL, NULL, 0, 0, 349, 0),
(190, '10', '2-8', '20 min', '', 'http://www.boardgamegeek.com/boardgame/770', NULL, NULL, 1, 0, 299, 0),
(191, '5', '2-4', '10 min', '', 'http://www.boardgamegeek.com/game/9589', NULL, NULL, 0, 0, 299, 0),
(192, '5', '2-4', '15 min', '', 'http://www.boardgamegeek.com/game/17578', NULL, NULL, 0, 0, 329, 0),
(193, '6', '1-4', '20 min', '', 'http://www.boardgamegeek.com/boardgame/5468', NULL, NULL, 0, 0, 329, 0),
(194, '4', '2-4', '10 min', '', 'http://www.boardgamegeek.com/boardgame/8422', NULL, NULL, 0, 0, 329, 0),
(195, '7', '2', '30 min', '', 'http://www.boardgamegeek.com/game/526', NULL, NULL, 2, 0, 649, 0),
(197, '4', '3-16', '20 min', '', 'http://www.boardgamegeek.com/boardgame/56411/activity-kinder', NULL, NULL, 3, 0, 449, 0),
(198, '8', '4-12', '40 min', '', 'http://www.boardgamegeek.com/boardgame/42644/activity-junior', NULL, NULL, 0, 0, 449, 0),
(199, '12', '3-16', '40 min', '', 'http://www.boardgamegeek.com/boardgame/56410/activity-kompakt', NULL, NULL, 5, 0, 349, 0),
(200, '5', '1-4', '20 min', '', 'http://www.boardgamegeek.com/boardgame/2453', NULL, NULL, 2, 0, 699, 0),
(201, '5', '2', '15 min', '', 'http://www.boardgamegeek.com/boardgame/16395', NULL, NULL, 2, 0, 449, 0),
(202, '9', '1-4', '20 min', '', 'http://www.boardgamegeek.com/game/21550', NULL, NULL, 2, 0, 699, 0),
(203, '4', '2-4', '15 min', '', 'http://www.boardgamegeek.com/game/20832', NULL, NULL, 0, 0, 325, 0),
(205, '10', '1-4', '45 min', '', 'http://www.boardgamegeek.com/boardgame/9674', NULL, NULL, 2, 0, 725, 0),
(207, '', '', '', '', '', NULL, NULL, 0, 0, 299, 0),
(208, '', '', '', '', '', NULL, NULL, 0, 0, 499, 0),
(214, '', '', '', '', '', NULL, NULL, 0, 0, 79, 0),
(215, '', '', '', '', '', NULL, NULL, 0, 0, 499, 0),
(216, '', '', '', '', '', NULL, NULL, 0, 0, 399, 0),
(217, '', '', '', '', '', NULL, NULL, 0, 0, 249, 0),
(219, '12', '2-5', '45 min', '', 'http://www.boardgamegeek.com/game/12589', NULL, NULL, 2, 0, 350, 0),
(220, '12', '2-6', '120 min', '', 'http://www.boardgamegeek.com/boardgame/25031', NULL, NULL, 2, 0, 295, 0),
(221, '7', '2-4', '30 min', '', 'http://www.boardgamegeek.com/game/8243', NULL, NULL, 2, 0, 599, 0),
(222, '', '2-4', '30 min', '', 'http://www.boardgamegeek.com/boardgame/25130', NULL, NULL, 0, 0, 249, 0),
(223, '3', '2-4', '15 min', '', 'http://www.boardgamegeek.com/boardgame/2777', NULL, NULL, 0, 0, 399, 0),
(224, '9', '2-4', '45 min', '', 'http://www.boardgamegeek.com/game/3373', NULL, NULL, 0, 0, 499, 0),
(225, '', '', '', '', '', NULL, NULL, 0, 0, 299, 0),
(226, '', '', '', '', '', NULL, NULL, 0, 0, 599, 0),
(227, '', '', '', '', '', NULL, NULL, 0, 0, 399, 0),
(228, '12', '2-10', '20 min', '', 'http://www.boardgamegeek.com/boardgame/137', NULL, NULL, 0, 0, 399, 0),
(229, '', '', '', '', '', NULL, NULL, 0, 0, 425, 0),
(230, '', '', '', '', '', NULL, NULL, 0, 0, 399, 0),
(231, '', '', '', '', '', NULL, NULL, 0, 0, 249, 0),
(232, '8', '2', '30 min', '', 'http://www.boardgamegeek.com/boardgame/2397', NULL, NULL, 2, 0, 249, 0),
(234, '', '', '', '', '', NULL, NULL, 0, 0, 249, 0),
(237, '', '', '', '', '', NULL, NULL, 0, 0, 199, 0),
(239, '7', '2-4', '30 min', '', 'http://www.boardgamegeek.com/game/8243', NULL, NULL, 2, 0, 499, 0),
(240, '', '', '', '', '', NULL, NULL, 0, 0, 249, 0),
(241, '', '', '', '', '', NULL, NULL, 0, 0, 199, 0),
(244, '10', '3-5', '60 min', '', 'http://www.boardgamegeek.com/game/22141', NULL, NULL, 0, 0, 1699, 0),
(245, '8', '2-7', '45 min', '', 'http://www.boardgamegeek.com/boardgame/11', NULL, NULL, 2, 0, 0, 0),
(246, '10', '3-6', '30 min', '', 'http://www.boardgamegeek.com/boardgame/1376', NULL, NULL, 2, 0, 270, 0),
(247, '10', '2-5', '75 min', '', 'http://www.boardgamegeek.com/boardgame/25554', NULL, NULL, 2, 0, 730, 0),
(248, '12', '2-8', '120 min', '', 'http://www.boardgamegeek.com/boardgame/18', NULL, NULL, 4, 0, 1299, 0),
(249, '12', '2-4', '60 min', '', 'http://www.boardgamegeek.com/boardgame/12761', NULL, NULL, 2, 0, 870, 0),
(250, '8', '2-4', '75 min', '', 'http://www.boardgamegeek.com/game/22345', NULL, NULL, 0, 690, 790, 0),
(252, '8', '3-8', '30-60 mi', '', 'http://www.boardgamegeek.com/game/8269', NULL, NULL, 0, 0, 299, 0),
(255, '10', '2-5', '60 min', '', 'http://www.boardgamegeek.com/game/13551', NULL, NULL, 2, 0, 890, 0),
(256, '10', '2-4', '45 min', '', 'http://www.boardgamegeek.com/boardgame/21790', NULL, NULL, 2, 0, 712, 0),
(257, '12', '3-5', '90 min', '', 'http://www.boardgamegeek.com/game/3076', NULL, NULL, 0, 0, 999, 0),
(258, '10', '2-4', '45 min', '', 'http://www.boardgamegeek.com/game/9217', NULL, NULL, 0, 0, 690, 0),
(260, '8', '3-6', '30 min', '', 'http://www.boardgamegeek.com/boardgame/7806', NULL, NULL, 2, 0, 395, 0),
(261, '12', '3-5', '90 min', '', 'http://www.boardgamegeek.com/boardgame/4395', NULL, NULL, 0, 0, 799, 0),
(263, '8', '2', '30 min', '', 'http://www.boardgamegeek.com/game/2533', NULL, NULL, 2, 0, 390, 0),
(264, '8', '2', '60 min', '', 'http://www.boardgamegeek.com/boardgame/31229', NULL, NULL, 0, 0, 649, 0),
(265, '5', '1-6', '20 min', '', 'http://www.boardgamegeek.com/game/7067', NULL, NULL, 0, 0, 900, 0),
(266, '6', '2-4', '15 min', '', 'http://www.boardgamegeek.com/game/10842', NULL, NULL, 0, 0, 810, 0),
(267, '4', '2-4', '25 min', '', 'http://www.boardgamegeek.com/game/12686', NULL, NULL, 0, 0, 1600, 0),
(268, '4', '2-4', '15 min', '', 'http://www.boardgamegeek.com/game/18881', NULL, NULL, 0, 0, 960, 0),
(269, '6', '2-4', '20 min', '', 'http://www.boardgamegeek.com/game/5694', NULL, NULL, 0, 0, 0, 0),
(270, '3', '2-8', '10 min', '', 'http://www.boardgamegeek.com/game/5770', NULL, NULL, 0, 0, 980, 0),
(271, '5', '2-4', '20 min', '', 'http://www.boardgamegeek.com/game/14054', NULL, NULL, 0, 0, 960, 0),
(272, '5', '2-4', '15 min', '', 'http://www.boardgamegeek.com/game/16140', NULL, NULL, 0, 0, 880, 0),
(273, '4', '2-4', '15 min', '', 'http://www.boardgamegeek.com/game/17329', NULL, NULL, 0, 0, 490, 0),
(274, '10', '2-4', '45 min', '', 'http://www.boardgamegeek.com/game/199', NULL, NULL, 0, 0, 890, 0),
(275, '10', '2-5', '45 min', '', 'http://www.boardgamegeek.com/game/503', NULL, NULL, 0, 0, 490, 0),
(276, '10', '2-4', '60 min', '', 'http://www.boardgamegeek.com/game/21882', NULL, NULL, 0, 0, 700, 0),
(277, '7', '2-4', '20 min', '', 'http://www.boardgamegeek.com/game/1330', NULL, NULL, 0, 0, 150, 0),
(278, '12', '1-8', '180 min', '', 'http://www.boardgamegeek.com/boardgame/15987', NULL, NULL, 5, 0, 0, 0),
(279, '10', '2-6', '120 min', '', 'http://www.boardgamegeek.com/game/22545', NULL, NULL, 3, 0, 1499, 0),
(280, '10', '2-6', '120 min', 0x[BLOB], 'http://www.boardgamegeek.com/game/17133', NULL, NULL, 4, 0, 1999, 0),
(281, '5', '2-6', '', '', 'http://www.boardgamegeek.com/boardgame/22898', NULL, NULL, 2, 0, 399, 0),
(282, '8', '3-5', '90 min', '', 'http://www.boardgamegeek.com/boardgame/2987', NULL, NULL, 3, 0, 1399, 0),
(283, '10', '3-6', '120 min', '', 'http://www.boardgamegeek.com/game/915', NULL, NULL, 0, 0, 1199, 0),
(284, '10', '2', '60 min', '', 'http://www.boardgamegeek.com/boardgame/25417', NULL, NULL, 4, 0, 1999, 0),
(285, '10', '3-5', '60 min', '', 'http://www.boardgamegeek.com/game/27746', NULL, NULL, 2, 0, 1399, 0),
(286, '12', '3-5', '180 min', '', 'http://www.boardgamegeek.com/boardgame/6472', NULL, NULL, 3, 0, 1299, 0),
(287, '12', '3-8', '240 min', '', 'http://www.boardgamegeek.com/game/22821', NULL, NULL, 5, 0, 1699, 0),
(288, '12', '2-5', '360 min', '', 'http://www.boardgamegeek.com/game/24976', NULL, NULL, 5, 0, 1299, 0),
(289, '12', '1-8', '180 min', '', 'http://www.boardgamegeek.com/boardgame/15987', NULL, NULL, 5, 0, 1599, 0),
(290, '12', '1-8', '120 min', '', 'http://www.boardgamegeek.com/boardgame/21059', NULL, NULL, 5, 0, 1299, 0),
(291, '10', '2-5', '120 min', '', 'http://www.boardgamegeek.com/boardgame/20963', NULL, NULL, 5, 0, 1599, 0),
(292, '12', '2-6', '240 min', '', 'http://www.boardgamegeek.com/boardgame/22038', NULL, NULL, 5, 0, 1599, 0),
(293, '12', '2-4', '120 min', '', 'http://www.boardgamegeek.com/boardgame/22825', NULL, NULL, 4, 0, 2499, 0),
(295, '12', '2-6', '180 min', '', 'http://www.boardgamegeek.com/game/22827', NULL, NULL, 0, 0, 2699, 0),
(296, '6', '2-6', '', '', 'http://www.boardgamegeek.com/game/16771', NULL, NULL, 0, 0, 299, 0),
(297, '8', '2-5', '10 min', '', 'http://www.boardgamegeek.com/game/17053', NULL, NULL, 0, 0, 299, 0),
(298, '8', '2-5', '15 min', '', 'http://www.boardgamegeek.com/game/22864', NULL, NULL, 3, 0, 299, 0),
(299, '6', '2-6', '15 min', '', 'http://www.boardgamegeek.com/game/22733', NULL, NULL, 0, 0, 299, 0),
(300, '6', '2-4', '20 min', '', 'http://www.boardgamegeek.com/game/2114', NULL, NULL, 2, 0, 299, 0),
(301, '10', '2', '20 min', '', 'http://www.boardgamegeek.com/game/2968', NULL, NULL, 2, 0, 299, 0),
(302, '8', '1-4', '20 min', '', 'http://www.boardgamegeek.com/boardgame/17855', NULL, NULL, 2, 0, 349, 0),
(303, '6', '2-6', '12 min', '', 'http://www.boardgamegeek.com/game/22753', NULL, NULL, 2, 0, 199, 0),
(304, '8', '2', '10 min', '', 'http://www.boardgamegeek.com/game/8336', NULL, NULL, 0, 0, 199, 0),
(305, '10', '3-4', '90 min', '', 'http://www.boardgamegeek.com/boardgame/466', NULL, NULL, 3, 0, 890, 0),
(306, '10', '3-6', '20 min', '', 'http://www.boardgamegeek.com/game/17027', NULL, NULL, 0, 0, 299, 0),
(307, '12', '3-5', '90 min', '', 'http://www.boardgamegeek.com/game/475', NULL, NULL, 2, 0, 990, 0),
(308, '8', '2-4', '20 min', '', 'http://www.boardgamegeek.com/game/8203', NULL, NULL, 0, 0, 570, 0);

-- --------------------------------------------------------

--
-- Struktura tabulky `polozka_obrazky`
--

CREATE TABLE IF NOT EXISTS `polozka_obrazky` (
  `obrazek_id` smallint(6) NOT NULL AUTO_INCREMENT,
  `polozka_id` int(11) NOT NULL,
  `nazev` varchar(100) COLLATE utf8_czech_ci NOT NULL,
  `kratky_popis` varchar(255) COLLATE utf8_czech_ci DEFAULT NULL,
  `dat_vlozeni` datetime NOT NULL,
  `hlavni` char(1) COLLATE utf8_czech_ci NOT NULL,
  `aktivni` char(1) COLLATE utf8_czech_ci NOT NULL,
  PRIMARY KEY (`obrazek_id`),
  KEY `POLOZKA_OBRAZKY_POLOZKA_FK` (`polozka_id`)
) ENGINE=MyISAM  DEFAULT CHARSET=utf8 COLLATE=utf8_czech_ci AUTO_INCREMENT=3 ;

--
-- Vypisuji data pro tabulku `polozka_obrazky`
--

INSERT INTO `polozka_obrazky` (`obrazek_id`, `polozka_id`, `nazev`, `kratky_popis`, `dat_vlozeni`, `hlavni`, `aktivni`) VALUES
(1, 2, '1.jpg', 'Ilustrativni obrazek', '0000-00-00 00:00:00', 'A', 'A'),
(2, 2, '2.jpg', 'Ilustrativni obrazek', '0000-00-00 00:00:00', 'N', 'A');

-- --------------------------------------------------------

--
-- Struktura tabulky `polozka_od_dodavatele`
--

CREATE TABLE IF NOT EXISTS `polozka_od_dodavatele` (
  `polozka_dodavatele_id` smallint(6) NOT NULL,
  `titul_u_dodavatele` varchar(100) COLLATE utf8_czech_ci DEFAULT NULL,
  `kod_u_dodavatele` varchar(20) COLLATE utf8_czech_ci DEFAULT NULL,
  `polozka_id` int(11) DEFAULT NULL,
  `firma_id` smallint(6) NOT NULL,
  `stat_id` smallint(6) NOT NULL,
  `dat_vlozeni` datetime NOT NULL,
  `dat_zmeny` datetime DEFAULT NULL,
  `dat_smazani` datetime DEFAULT NULL,
  `aktivni` char(1) COLLATE utf8_czech_ci DEFAULT NULL,
  PRIMARY KEY (`polozka_dodavatele_id`),
  KEY `POLOZKA_OD_DOD_POLOZKA_ID` (`polozka_id`)
) ENGINE=MyISAM DEFAULT CHARSET=utf8 COLLATE=utf8_czech_ci;

--
-- Vypisuji data pro tabulku `polozka_od_dodavatele`
--

INSERT INTO `polozka_od_dodavatele` (`polozka_dodavatele_id`, `titul_u_dodavatele`, `kod_u_dodavatele`, `polozka_id`, `firma_id`, `stat_id`, `dat_vlozeni`, `dat_zmeny`, `dat_smazani`, `aktivni`) VALUES
(1, '6.bere!', '99273', 1, 1, 0, '2008-01-13 00:00:00', NULL, NULL, 'A'),
(2, 'Alhambra', '706', 2, 3, 0, '2008-01-13 00:00:00', NULL, NULL, 'A'),
(3, 'Blafuj', '1289', 3, 3, 0, '2008-08-30 00:00:00', NULL, NULL, 'A'),
(4, 'BOHNANZA', '384', 4, 3, 0, '2008-01-13 00:00:00', NULL, NULL, 'A'),
(5, 'Cartagena', '1468', 5, 3, 0, '2008-01-13 00:00:00', NULL, NULL, 'A'),
(6, 'Hexenrennen (Rej čarodějnic)', '757', 6, 3, 0, '2008-01-13 00:00:00', NULL, NULL, 'A'),
(7, 'Los Mampfos', '1492', 7, 3, 0, '2008-01-13 00:00:00', NULL, NULL, 'A'),
(8, 'Manila', '1177', 8, 3, 0, '2008-01-13 00:00:00', NULL, NULL, 'A'),
(9, 'Niagara', '1176', 9, 3, 0, '2008-01-13 00:00:00', NULL, NULL, 'A'),
(10, 'Um Krone und Kragen (O Korunu a límec)', '1493', 10, 3, 0, '2008-01-13 00:00:00', NULL, NULL, 'A'),
(11, 'Pippo (pro děti od 4 Let)', '1235', 11, 3, 0, '2008-01-13 00:00:00', NULL, NULL, 'A'),
(12, 'Razzia!', '1366', 12, 3, 0, '2008-01-13 00:00:00', NULL, NULL, 'A'),
(13, 'Serpentina (Hisss)', '387', 13, 3, 0, '2008-01-13 00:00:00', NULL, NULL, 'A'),
(14, 'Timbuktu', '1335', 14, 3, 0, '2008-01-13 00:00:00', NULL, NULL, 'A'),
(15, 'Tsuro', '1209', 15, 3, 0, '2008-01-13 00:00:00', NULL, NULL, 'A'),
(16, 'Walhalla', '1464', 16, 3, 0, '2008-01-13 00:00:00', NULL, NULL, 'A'),
(17, 'Želví závody (Schildkroetenrennen)', '914', 17, 3, 0, '2008-01-13 00:00:00', NULL, NULL, 'A'),
(18, 'BANG', '99192', 18, 1, 0, '2008-01-13 00:00:00', NULL, NULL, 'A'),
(19, 'ČESKO, otázky a odpovědi', '99371', 20, 1, 0, '2008-01-13 00:00:00', NULL, NULL, 'A'),
(20, 'Mykerinos', '99382', 22, 1, 0, '2008-01-13 00:00:00', NULL, NULL, 'A'),
(21, 'Pilíře země', '99402', 23, 1, 0, '2008-01-13 00:00:00', NULL, NULL, 'A'),
(22, 'Poštovní kurýr', '99380', 24, 1, 0, '2008-01-13 00:00:00', NULL, NULL, 'A'),
(23, 'Vysoké napětí', '99404', 25, 1, 0, '2008-01-13 00:00:00', NULL, NULL, 'A'),
(24, 'Formula Dé', 'ASM2299', 26, 2, 0, '2008-01-13 00:00:00', NULL, NULL, 'A'),
(25, 'Fowl play', 'GAM5201', 27, 2, 0, '2008-01-13 00:00:00', NULL, NULL, 'A'),
(26, 'Game, Set, Match!', 'GAM5207', 28, 2, 0, '2008-01-13 00:00:00', NULL, NULL, 'A'),
(27, 'K-9 Capers', 'GAM5204', 29, 2, 0, '2008-01-13 00:00:00', NULL, NULL, 'A'),
(28, 'Kanaloa', 'TC004', 30, 2, 0, '2008-01-13 00:00:00', NULL, NULL, 'A'),
(29, 'Maka Bana', 'TC002', 31, 2, 0, '2008-01-13 00:00:00', NULL, NULL, 'A'),
(30, 'Memoir 44', 'DOW7301', 32, 2, 0, '2008-01-13 00:00:00', NULL, NULL, 'A'),
(31, 'Skaal', 'TC001', 33, 2, 0, '2008-01-13 00:00:00', NULL, NULL, 'A'),
(32, 'Stampede!', 'GAM5206', 34, 2, 0, '2008-01-13 00:00:00', NULL, NULL, 'A'),
(33, 'Taradiddle (Pinocchio)', 'GAM5202', 35, 2, 0, '2008-01-13 00:00:00', NULL, NULL, 'A'),
(34, 'Warcraft, The', 'FWC01', 36, 2, 0, '2008-01-13 00:00:00', NULL, NULL, 'A'),
(35, 'Wig out!', 'GAM5210', 37, 2, 0, '2008-01-13 00:00:00', NULL, NULL, 'A'),
(36, 'Evo', 'ED046', 38, 4, 0, '2008-01-13 00:00:00', NULL, NULL, 'A'),
(37, 'China moon', 'ED067', 39, 4, 0, '2008-01-13 00:00:00', NULL, NULL, 'A'),
(38, 'Tyrus', 'ED089', 40, 4, 0, '2008-01-13 00:00:00', NULL, NULL, 'A'),
(39, 'Wikinger (Hans im Glück)', 'HG053', 41, 4, 0, '2008-01-13 00:00:00', NULL, NULL, 'A'),
(40, 'Zug um Zug (Ticket to ride) - Märklin', 'AD035', 42, 4, 0, '2008-01-13 00:00:00', NULL, NULL, 'A'),
(41, 'Blitz und Donner (Blesk a hrom)', 'KO022', 43, 4, 0, '2008-01-13 00:00:00', NULL, NULL, 'A'),
(42, 'CARCASSONNE', '99117', 44, 1, 0, '2008-01-13 00:00:00', NULL, NULL, 'A'),
(43, 'Carcassonne 2.roz. - Kupci a stavitelé', '99174', 45, 1, 0, '2008-01-13 00:00:00', NULL, NULL, 'A'),
(44, 'Cech zlodějů', '', 46, 5, 0, '2008-01-13 00:00:00', NULL, NULL, 'A'),
(45, 'Coloretto', '99274', 47, 1, 0, '2008-01-13 00:00:00', NULL, NULL, 'A'),
(46, 'Emerald', 'AB071', 48, 4, 0, '2008-01-13 00:00:00', NULL, NULL, 'A'),
(47, 'Industria', '762', 49, 3, 0, '2008-01-13 00:00:00', NULL, NULL, 'A'),
(48, 'Factory Fun', 'CW011', 50, 4, 0, '2008-01-13 00:00:00', NULL, NULL, 'A'),
(49, 'Halali', '99255', 51, 1, 0, '2008-01-13 00:00:00', NULL, NULL, 'A'),
(50, 'Himalaya', 'TC003', 52, 2, 0, '2008-01-13 00:00:00', NULL, NULL, 'A'),
(51, 'Intrique (Intriky)', '1262', 53, 3, 0, '2008-01-13 00:00:00', NULL, NULL, 'A'),
(52, 'Legend of Landlock, The', 'GAM506', 54, 2, 0, '2008-01-13 00:00:00', NULL, NULL, 'A'),
(53, 'Mare Nostrum', 'ED060', 55, 4, 0, '2008-01-13 00:00:00', NULL, NULL, 'A'),
(54, 'Maya madness', 'GAM508', 56, 2, 0, '2008-01-13 00:00:00', NULL, NULL, 'A'),
(55, 'Metro', '735', 57, 3, 0, '2008-01-13 00:00:00', NULL, NULL, 'A'),
(56, 'Nicht die Bohne', '', 58, 10, 0, '2008-01-13 00:00:00', NULL, NULL, 'N'),
(57, 'Activity Original 2', '7319', 60, 9, 0, '2008-01-13 00:00:00', NULL, NULL, 'A'),
(58, 'Cink! (Halli Galli)', '', 61, 9, 0, '2008-01-13 00:00:00', NULL, NULL, 'A'),
(59, 'Da Vinci Code', '', 62, 9, 0, '2008-01-13 00:00:00', NULL, NULL, 'A'),
(60, 'Hra s kašpárkem', '', 63, 9, 0, '2008-01-13 00:00:00', NULL, NULL, 'A'),
(61, 'Al Cabohne (samostatná hra)', '833', 131, 3, 0, '2008-01-13 00:00:00', NULL, NULL, 'A'),
(62, 'Arne (Blistr)', '436', 132, 3, 0, '2008-01-13 00:00:00', NULL, NULL, 'A'),
(63, 'Arne Total ', '562', 133, 3, 0, '2008-01-13 00:00:00', NULL, NULL, 'A'),
(64, 'Bohnanza - rozšíření', '790', 134, 3, 0, '2008-01-13 00:00:00', NULL, NULL, 'A'),
(65, 'Bohnaparte - rozšíření k Bohnanze', '834', 135, 3, 0, '2008-01-13 00:00:00', NULL, NULL, 'A'),
(66, 'Café International ', '1236', 136, 3, 0, '2008-01-13 00:00:00', NULL, NULL, 'A'),
(67, 'Ehre der Samurai (Čest samurajů)', '1367', 137, 3, 0, '2008-01-13 00:00:00', NULL, NULL, 'A'),
(68, 'Doba kamenná', '008', 746, 14, 0, '2009-03-20 12:10:46', NULL, NULL, 'A'),
(69, 'Ligretto modré', '035', 747, 14, 0, '2009-03-20 00:00:00', NULL, NULL, 'A'),
(70, 'Ligretto červené', '034', 748, 14, 0, '2009-03-20 12:17:06', NULL, NULL, 'A'),
(71, 'Ligretto zelené', '033', 749, 14, 0, '2009-03-20 12:17:48', NULL, NULL, 'A'),
(72, 'Carcassonne - rozšíření 7 (Katapult)', '026', 750, 14, 0, '2009-03-20 12:35:14', NULL, NULL, 'A'),
(73, 'SMART - Auto blok', '056', 1104, 14, 0, '2010-11-17 17:51:45', NULL, NULL, 'A'),
(74, 'SMART - Na ledové kře', '058', 1105, 14, 0, '2010-11-17 17:56:03', NULL, NULL, 'A'),
(75, 'SMART - Na ledové kře rozšíření', '060', 1106, 14, 0, '2010-11-17 17:58:10', NULL, NULL, 'A'),
(76, 'SMART - Piráti', '054', 1107, 14, 0, '2010-11-17 18:14:07', NULL, NULL, 'A'),
(77, 'SMART - Princ a drak', '055', 1108, 14, 0, '2010-11-17 18:15:41', NULL, NULL, 'A'),
(78, 'SMART - Safari', '053', 1109, 14, 0, '2010-11-17 18:18:20', NULL, NULL, 'A'),
(79, 'SMART - Safari rozšíření', '', 1110, 14, 0, '2010-11-17 18:22:56', NULL, NULL, 'A'),
(80, 'Time''s up!', '069', 1111, 14, 0, '2010-11-17 18:37:59', NULL, NULL, 'A'),
(81, 'Dixit 3', '', 1423, 2, 0, '2012-12-14 19:59:40', NULL, NULL, 'A'),
(82, 'Goblini s.r.o.', '', 1425, 14, 0, '2012-12-18 19:41:44', NULL, NULL, 'A'),
(83, 'Festival', '', 1427, 14, 0, '2012-12-19 16:37:16', NULL, NULL, 'A'),
(84, 'Tzolk''in: Mayský kalendář', '', 1428, 14, 0, '2012-12-19 16:37:28', NULL, NULL, 'A'),
(85, 'SMART - Metro', '', 1429, 14, 0, '2012-12-19 16:48:53', NULL, NULL, 'A'),
(86, 'Panil Lab', '', 1430, 25, 0, '2012-12-20 22:53:16', NULL, NULL, 'A'),
(87, 'Dominion', '', 1431, 1, 0, '2013-01-02 19:00:32', NULL, NULL, 'A'),
(88, 'Hra s kladívkem', '', 64, 9, 0, '2008-01-13 00:00:00', NULL, NULL, 'A'),
(89, 'Hra s obrázky', '', 65, 9, 0, '2008-01-13 00:00:00', NULL, NULL, 'A'),
(90, 'Jede, jede mašinka', '', 66, 9, 0, '2008-01-13 00:00:00', NULL, NULL, 'A'),
(91, 'Jungle speed', '', 67, 9, 0, '2008-01-13 00:00:00', NULL, NULL, 'A'),
(92, 'Kuřecí olympiáda', '', 68, 9, 0, '2008-01-13 00:00:00', NULL, NULL, 'A'),
(93, 'Mám tě!', '', 69, 9, 0, '2008-01-13 00:00:00', NULL, NULL, 'A'),
(94, 'Myšky', '', 70, 9, 0, '2008-01-13 00:00:00', NULL, NULL, 'A'),
(95, 'Pipeline', '', 71, 9, 0, '2008-01-13 00:00:00', NULL, NULL, 'A'),
(96, 'Toscana', '', 72, 9, 0, '2008-01-13 00:00:00', NULL, NULL, 'A'),
(97, 'Villa Paletti', '', 73, 9, 0, '2008-01-13 00:00:00', NULL, NULL, 'A'),
(98, 'Carcassonne 3.roz. - Princezna a drak', '99268', 75, 1, 0, '2008-01-13 00:00:00', NULL, NULL, 'A'),
(99, 'Carcassonne 4.roz. - Věž', '99373', 76, 1, 0, '2008-01-13 00:00:00', NULL, NULL, 'A'),
(100, 'Carcassonne - Hrad', '99248', 77, 1, 0, '2008-01-13 00:00:00', NULL, NULL, 'A'),
(101, 'Carcassonne Objevitelé', '99367', 78, 1, 0, '2008-01-13 00:00:00', NULL, NULL, 'A'),
(102, 'Carcassonne Hrabě', '99270', 80, 1, 0, '2008-01-13 00:00:00', NULL, NULL, 'A'),
(103, 'OSADNÍCI Z KATANU v.2', '99374', 81, 1, 0, '2008-01-13 00:00:00', NULL, NULL, 'A'),
(104, 'Osadníci - rozšíření pro 5-6 hráčů v.2', '99378', 82, 1, 0, '2008-01-13 00:00:00', NULL, NULL, 'A'),
(105, 'Osadníci - Atlantis', '99377', 83, 1, 0, '2008-01-13 00:00:00', NULL, NULL, 'A'),
(106, 'Osadníci - Města a rytíři', '99194', 85, 1, 0, '2008-01-13 00:00:00', NULL, NULL, 'A'),
(107, 'Osadníci - karetní hra', '99175', 86, 1, 0, '2008-01-13 00:00:00', NULL, NULL, 'A'),
(108, 'Alhambra - 1. rozšíření', '827', 87, 3, 0, '2008-01-13 00:00:00', NULL, NULL, 'A'),
(109, 'Alhambra - 2. rozšíření', '828', 88, 3, 0, '2008-01-13 00:00:00', NULL, NULL, 'A'),
(110, 'Alhambra - 3. rozšíření', '1377', 89, 3, 0, '2008-01-13 00:00:00', NULL, NULL, 'A'),
(111, 'Alhambra - hra s kostkami', '1497', 90, 3, 0, '2008-01-13 00:00:00', NULL, NULL, 'A'),
(112, 'Aqua Romana', '1334', 91, 3, 0, '2008-01-13 00:00:00', NULL, NULL, 'A'),
(113, 'Aton', '1353', 92, 3, 0, '2008-01-13 00:00:00', NULL, NULL, 'A'),
(114, 'Buccaneer', '1494', 93, 3, 0, '2008-01-13 00:00:00', NULL, NULL, 'A'),
(115, 'Carolus Magnus', '797', 94, 3, 0, '2008-01-13 00:00:00', NULL, NULL, 'A'),
(116, 'Cartagena 2', '1469', 95, 3, 0, '2008-01-13 00:00:00', NULL, NULL, 'A'),
(117, 'Čingischán ', '1471', 96, 3, 0, '2008-01-13 00:00:00', NULL, NULL, 'A'),
(118, 'Flandern 1302', '829', 97, 3, 0, '2008-01-13 00:00:00', NULL, NULL, 'A'),
(119, 'Haste Bock', '1490', 98, 3, 0, '2008-01-13 00:00:00', NULL, NULL, 'A'),
(120, 'Il Principe', '1465', 99, 3, 0, '2008-01-13 00:00:00', NULL, NULL, 'A'),
(121, 'Indus', '763', 100, 3, 0, '2008-01-13 00:00:00', NULL, NULL, 'A'),
(122, 'Karibik', '795', 101, 3, 0, '2008-06-20 00:00:00', NULL, NULL, 'A'),
(123, 'Klany', '420', 102, 3, 0, '2008-01-13 00:00:00', NULL, NULL, 'A'),
(124, 'Lucky Loop', '761', 103, 3, 0, '2008-01-13 00:00:00', NULL, NULL, 'A'),
(125, 'Na palmě (Auf die Palme)', '1473', 104, 3, 0, '2008-01-13 00:00:00', NULL, NULL, 'A'),
(126, 'Niagara - rozšíření - Duch řeky', '1496', 105, 3, 0, '2008-01-13 00:00:00', NULL, NULL, 'A'),
(127, 'O Zoo Le Mio', '1179', 106, 3, 0, '2008-01-13 00:00:00', NULL, NULL, 'A'),
(128, 'Pit De Luxe', '06-1474', 107, 3, 0, '2008-01-13 00:00:00', NULL, NULL, 'A'),
(129, 'Řím', '1351', 108, 3, 0, '2008-01-13 00:00:00', NULL, NULL, 'A'),
(130, 'Salamanca', '1491', 109, 3, 0, '2008-01-13 00:00:00', NULL, NULL, 'A'),
(131, 'Sequence', '1651', 110, 3, 0, '2008-01-13 00:00:00', NULL, NULL, 'A'),
(132, 'Shogun', '1498', 111, 3, 0, '2008-01-13 00:00:00', NULL, NULL, 'A'),
(133, 'Submarine', '796', 112, 3, 0, '2008-01-13 00:00:00', NULL, NULL, 'A'),
(134, 'Taxi', '1352', 113, 3, 0, '2008-01-13 00:00:00', NULL, NULL, 'A'),
(135, 'Terra Nova', '1470', 114, 3, 0, '2008-01-13 00:00:00', NULL, NULL, 'A'),
(136, 'Thief From Bagdad, The', '1495', 115, 3, 0, '2008-01-13 00:00:00', NULL, NULL, 'A'),
(137, 'Trans America', '389', 116, 3, 0, '2008-01-13 00:00:00', NULL, NULL, 'A'),
(138, 'Trans Europa', '1158', 117, 3, 0, '2008-01-13 00:00:00', NULL, NULL, 'A'),
(139, 'Zahrady Alhambry', '826', 118, 3, 0, '2008-01-13 00:00:00', NULL, NULL, 'A'),
(140, 'Schatz der Drachen (Dračí poklad)', '913', 119, 3, 0, '2008-01-13 00:00:00', NULL, NULL, 'A'),
(141, 'Gulo Gulo ', '1181', 120, 3, 0, '2008-01-13 00:00:00', NULL, NULL, 'A'),
(142, 'Igloo Pop', '1184', 121, 3, 0, '2008-01-13 00:00:00', NULL, NULL, 'A'),
(143, 'Squeeky', '578', 122, 3, 0, '2008-01-13 00:00:00', NULL, NULL, 'A'),
(144, 'Dvonn', '393', 123, 3, 0, '2008-01-13 00:00:00', NULL, NULL, 'A'),
(145, 'Gipft ', '391', 124, 3, 0, '2008-01-13 00:00:00', NULL, NULL, 'A'),
(146, 'Gipft Set 2', '571', 125, 3, 0, '2008-01-13 00:00:00', NULL, NULL, 'A'),
(147, 'Pente', '1472', 126, 3, 0, '2008-01-13 00:00:00', NULL, NULL, 'A'),
(148, 'Pünct', '1234', 127, 3, 0, '2008-01-13 00:00:00', NULL, NULL, 'A'),
(149, 'Yinsh', '570', 129, 3, 0, '2008-01-13 00:00:00', NULL, NULL, 'A'),
(150, 'Zértz', '464', 130, 3, 0, '2008-01-13 00:00:00', NULL, NULL, 'A'),
(151, 'High Bohn - rozšíření k Bohnanze a Al Cabohne', '836', 138, 3, 0, '2008-05-31 00:00:00', NULL, NULL, 'A'),
(152, 'König der Elfen', '1368', 139, 3, 0, '2008-01-13 00:00:00', NULL, NULL, 'A'),
(153, 'La Isla Bohnita - rozšíření k Bohnanze', '837', 140, 3, 0, '2008-01-13 00:00:00', NULL, NULL, 'A'),
(154, 'Megastar', '1463', 141, 3, 0, '2008-01-13 00:00:00', NULL, NULL, 'A'),
(155, 'No Merci', '835', 142, 3, 0, '2008-01-13 00:00:00', NULL, NULL, 'A'),
(156, 'Null and Nichtig', '1460', 143, 3, 0, '2008-01-13 00:00:00', NULL, NULL, 'A'),
(157, 'Ogalala ', '1263', 144, 3, 0, '2008-01-13 00:00:00', NULL, NULL, 'A'),
(158, 'Rage', '386', 145, 3, 0, '2008-01-13 00:00:00', NULL, NULL, 'A'),
(159, 'Relikt', '1462', 146, 3, 0, '2008-01-13 00:00:00', NULL, NULL, 'A'),
(160, 'Sabotér', '838', 147, 3, 0, '2008-01-13 00:00:00', NULL, NULL, 'A'),
(161, 'Sitting Ducks', '1461', 148, 3, 0, '2008-01-13 00:00:00', NULL, NULL, 'A'),
(162, 'Slon v porcelánu', '1459', 149, 3, 0, '2008-01-13 00:00:00', NULL, NULL, 'A'),
(163, 'Solo ', '791', 150, 3, 0, '2008-01-13 00:00:00', NULL, NULL, 'A'),
(164, 'Land unter (Země pod vodou)', '385', 151, 3, 0, '2008-01-13 00:00:00', NULL, NULL, 'A'),
(165, 'Camouflage - Severní pól', '1502', 152, 3, 0, '2008-01-13 00:00:00', NULL, NULL, 'A'),
(166, 'Gogetter - Kočka a myš', '1500', 153, 3, 0, '2008-01-13 00:00:00', NULL, NULL, 'A'),
(167, 'Gogetter - Země a voda', '1503', 154, 3, 0, '2008-01-13 00:00:00', NULL, NULL, 'A'),
(168, 'Hide And Seek - Piráti', '1501', 155, 3, 0, '2008-01-13 00:00:00', NULL, NULL, 'A'),
(169, 'Age of Mythology', 'EGL700', 156, 2, 0, '2008-01-13 00:00:00', NULL, NULL, 'A'),
(170, 'ATTACK!', 'EGL800', 157, 2, 0, '2008-01-13 00:00:00', NULL, NULL, 'A'),
(171, 'ATTACK! Expansion', 'EGL801', 158, 2, 0, '2008-01-13 00:00:00', NULL, NULL, 'A'),
(172, 'Axis & Allies', 'WOC86620', 159, 2, 0, '2008-01-13 00:00:00', NULL, NULL, 'A'),
(173, 'Axis & Allies – EUROPE', 'WOC86630', 160, 2, 0, '2008-01-13 00:00:00', NULL, NULL, 'A'),
(174, 'Axis & Allies – D-DAY', 'WOC86633', 161, 2, 0, '2008-01-13 00:00:00', NULL, NULL, 'A'),
(175, 'Axis & Allies – PACIFIK', 'WOC41388', 162, 2, 0, '2008-01-13 00:00:00', NULL, NULL, 'A'),
(176, 'Axis & Allies – Battle of the Bulge', 'WOC95817', 163, 2, 0, '2008-01-13 00:00:00', NULL, NULL, 'A'),
(177, 'RISK – Godstorm', 'WOC86610', 164, 2, 0, '2008-01-13 00:00:00', NULL, NULL, 'A'),
(178, 'RISK – 2210 A.D.', 'WOC86600', 165, 2, 0, '2008-01-13 00:00:00', NULL, NULL, 'A'),
(179, 'Robo Rally', 'WOC95039', 166, 2, 0, '2008-01-13 00:00:00', NULL, NULL, 'A'),
(180, 'Sword & Skull', 'WOC96879', 167, 2, 0, '2008-01-13 00:00:00', NULL, NULL, 'A'),
(181, 'Vegas Showdown', 'WOC95422', 168, 2, 0, '2008-01-13 00:00:00', NULL, NULL, 'A'),
(182, 'Ticket to Ride', 'DOW7201', 169, 2, 0, '2008-01-13 00:00:00', NULL, NULL, 'A'),
(183, 'Ticket to Ride – Europe', 'DOW7202', 170, 2, 0, '2008-01-13 00:00:00', NULL, NULL, 'A'),
(184, 'Memoire 44 – Terrain pack', 'DOW7302', 171, 2, 0, '2008-01-13 00:00:00', NULL, NULL, 'A'),
(185, 'Shadows over Camelot', 'DOW7401', 172, 2, 0, '2008-01-13 00:00:00', NULL, NULL, 'A'),
(186, 'Cleopatra and the Architects', 'DOW7501', 173, 2, 0, '2008-01-13 00:00:00', NULL, NULL, 'A'),
(187, 'Warcraft, The - Expansion', 'FWC02', 174, 2, 0, '2008-01-13 00:00:00', NULL, NULL, 'A'),
(188, 'DOOM', 'FVA08', 175, 2, 0, '2008-01-13 00:00:00', NULL, NULL, 'A'),
(189, 'DOOM Expansion', 'FVA29', 176, 2, 0, '2008-01-13 00:00:00', NULL, NULL, 'A'),
(190, 'War of the Ring', 'FLTR07', 177, 2, 0, '2008-01-13 00:00:00', NULL, NULL, 'A'),
(191, 'War of the Ring - Battles of The Third Age', 'LTR09', 178, 2, 0, '2008-01-13 00:00:00', NULL, NULL, 'A'),
(192, 'Game of Thrones, A', 'FGT01', 179, 2, 0, '2008-01-13 00:00:00', NULL, NULL, 'A'),
(193, 'Game of Thrones, A – Clash of Kings', 'FGT02', 180, 2, 0, '2008-01-13 00:00:00', NULL, NULL, 'A'),
(194, 'Twilight Imperium 3rd ed.', 'FTI03', 181, 2, 0, '2008-01-13 00:00:00', NULL, NULL, 'A'),
(195, 'Descent: Journey in the Dark', 'FVA11', 182, 2, 0, '2008-01-13 00:00:00', NULL, NULL, 'A'),
(196, 'Descent: The Well of Darkness Expansion', 'FVA28', 183, 2, 0, '2008-01-13 00:00:00', NULL, NULL, 'A'),
(197, 'World of Warcraft, The', 'FWC03', 184, 2, 0, '2008-01-13 00:00:00', NULL, NULL, 'A'),
(198, 'World of Warcraft, The – Shadow of War Expansion', 'FWC04', 185, 2, 0, '2008-01-13 00:00:00', NULL, NULL, 'A'),
(199, 'Britannia', 'FVA19', 186, 2, 0, '2008-01-13 00:00:00', NULL, NULL, 'A'),
(200, 'Slamwich', 'GAM200', 187, 2, 0, '2008-01-13 00:00:00', NULL, NULL, 'A'),
(201, 'Chramst! (Chomp!)', 'GAM217', 188, 2, 0, '2008-01-13 00:00:00', NULL, NULL, 'A'),
(202, 'Hiss', 'GAM219', 189, 2, 0, '2008-01-13 00:00:00', NULL, NULL, 'A'),
(203, 'Piráti (Loot)', 'GAM231', 190, 2, 0, '2008-01-13 00:00:00', NULL, NULL, 'A'),
(204, 'Dog Dice', 'GAM400', 191, 2, 0, '2008-01-13 00:00:00', NULL, NULL, 'A'),
(205, 'Leaping Lizards', 'GAM405', 192, 2, 0, '2008-01-13 00:00:00', NULL, NULL, 'A'),
(206, 'Snap', 'GAM503', 193, 2, 0, '2008-01-13 00:00:00', NULL, NULL, 'A'),
(207, 'Surprise! (Překvapení!)', 'GAM507', 194, 2, 0, '2008-01-13 00:00:00', NULL, NULL, 'A'),
(208, 'Abalone', '7400', 195, 9, 0, '2008-01-13 00:00:00', NULL, NULL, 'A'),
(209, 'Activity DĚTI', '', 197, 9, 0, '2008-01-13 00:00:00', NULL, NULL, 'A'),
(210, 'Activity JUNIOR', '7339', 198, 9, 0, '2008-01-13 00:00:00', NULL, NULL, 'A'),
(211, 'Activity KOMPAKT', '', 199, 9, 0, '2009-03-20 00:00:00', NULL, NULL, 'A'),
(212, 'Blokus', '', 200, 9, 0, '2008-01-13 00:00:00', NULL, NULL, 'A'),
(213, 'Blokus Duo', '', 201, 9, 0, '2008-05-12 00:00:00', NULL, NULL, 'A'),
(214, 'Blokus Trigon', '6558', 202, 9, 0, '2008-01-13 00:00:00', NULL, NULL, 'A'),
(215, 'Cink Junior', '', 203, 9, 0, '2008-01-13 00:00:00', NULL, NULL, 'A'),
(216, 'Genial', '7653', 205, 9, 0, '2008-01-13 00:00:00', NULL, NULL, 'A'),
(217, 'Hra s bavlnkou (bez jehly)', '', 207, 9, 0, '2008-01-13 00:00:00', NULL, NULL, 'A'),
(218, 'Kakuro', '', 208, 9, 0, '2008-01-13 00:00:00', NULL, NULL, 'A'),
(219, 'Mikádo (dřevěné)', '', 214, 9, 0, '2008-08-30 00:00:00', NULL, NULL, 'A'),
(220, 'My first Sudoku', '', 215, 9, 0, '2008-01-13 00:00:00', NULL, NULL, 'A'),
(221, 'Noemova archa', '', 216, 9, 0, '2008-01-13 00:00:00', NULL, NULL, 'A'),
(222, 'Perníková chaloupka', '', 217, 9, 0, '2008-01-13 00:00:00', NULL, NULL, 'A'),
(223, 'Razzia!', '', 219, 10, 0, '2008-01-13 00:00:00', NULL, NULL, 'N'),
(224, 'Funkenschlag - mapa střední evropa/Benelux', '99389', 220, 1, 0, '2008-01-13 00:00:00', NULL, NULL, 'A'),
(225, 'Rolit', '', 221, 9, 0, '2008-01-13 00:00:00', NULL, NULL, 'A'),
(226, 'Roll over 16', '', 222, 9, 0, '2008-01-13 00:00:00', NULL, NULL, 'A'),
(227, 'Safari', '', 223, 9, 0, '2008-01-13 00:00:00', NULL, NULL, 'A'),
(228, 'San Gimignano', '', 224, 9, 0, '2008-01-13 00:00:00', NULL, NULL, 'A'),
(229, 'Slonisko - Hra se žebříky', '', 225, 9, 0, '2008-01-13 00:00:00', NULL, NULL, 'A'),
(230, 'Soubor 200 her', '', 226, 9, 0, '2008-01-13 00:00:00', NULL, NULL, 'A'),
(231, 'Sudoku WM', '', 227, 9, 0, '2008-01-13 00:00:00', NULL, NULL, 'A'),
(232, 'Tik tak bum!', '7479', 228, 9, 0, '2008-01-13 00:00:00', NULL, NULL, 'A'),
(233, 'Triomino', '', 229, 9, 0, '2008-01-13 00:00:00', NULL, NULL, 'A'),
(234, 'Veselý statek', '', 230, 9, 0, '2008-01-13 00:00:00', NULL, NULL, 'A'),
(235, 'Žabák Kvak', '', 231, 9, 0, '2008-01-13 00:00:00', NULL, NULL, 'A'),
(236, 'Backgammon magnet', '', 232, 9, 0, '2008-01-13 00:00:00', NULL, NULL, 'A'),
(237, 'Dáma magnet', '', 234, 9, 0, '2008-01-13 00:00:00', NULL, NULL, 'A'),
(238, 'Námořní bitva ', '', 237, 9, 0, '2008-01-13 00:00:00', NULL, NULL, 'A'),
(239, 'Rolit - travel', '', 239, 9, 0, '2008-01-13 00:00:00', NULL, NULL, 'A'),
(240, 'Ruleta ', '', 240, 9, 0, '2008-01-13 00:00:00', NULL, NULL, 'A'),
(241, 'Rybolov', '', 241, 9, 0, '2008-01-13 00:00:00', NULL, NULL, 'A'),
(242, 'Kleopatra und die Baumeister ', 'DOW013', 244, 10, 0, '2008-01-13 00:00:00', NULL, NULL, 'N'),
(243, 'Bohnanza (Metalldose)', '', 245, 10, 0, '2008-05-01 00:00:00', NULL, NULL, 'N'),
(244, 'Don', '', 246, 10, 0, '2008-01-13 00:00:00', NULL, NULL, 'N'),
(245, 'Notre Dame', 'AE019', 247, 4, 0, '2008-01-13 00:00:00', NULL, NULL, 'A'),
(246, 'Roborally', 'PE105', 248, 4, 0, '2008-01-13 00:00:00', NULL, NULL, 'A'),
(247, 'Ys', 'YS001', 249, 4, 0, '2008-01-13 00:00:00', NULL, NULL, 'A'),
(248, 'Yspahan ', 'YS002', 250, 4, 0, '2008-01-13 00:00:00', NULL, NULL, 'A'),
(249, 'Bang - Město duchů', '99264', 252, 1, 0, '2008-01-13 00:00:00', NULL, NULL, 'A'),
(250, 'Oltre Mare', '90497', 255, 1, 0, '2008-08-30 00:00:00', NULL, NULL, 'A'),
(251, 'Thurm und Taxis', 'HG049', 256, 4, 0, '2008-01-13 00:00:00', NULL, NULL, 'A'),
(252, 'Puerto Rico', '99272', 257, 1, 0, '2008-01-13 00:00:00', NULL, NULL, 'A'),
(253, 'Sankt Petersburg', '99271', 258, 1, 0, '2008-01-13 00:00:00', NULL, NULL, 'A'),
(254, 'Viva Il Re', '99366', 260, 1, 0, '2008-01-13 00:00:00', NULL, NULL, 'A'),
(255, 'Bohn Hansa', '1369', 261, 3, 0, '2008-01-13 00:00:00', NULL, NULL, 'A'),
(256, 'Kupferkessel & Co.', 'GS049', 263, 4, 0, '2008-01-13 00:00:00', NULL, NULL, 'A'),
(257, 'Pacific’42 Admirál', '', 264, 8, 0, '2008-01-13 00:00:00', NULL, NULL, 'A'),
(258, 'Schloss Schlotterstein (Zámek duchů)', '4219', 265, 7, 0, '2008-01-13 00:00:00', NULL, NULL, 'A'),
(259, 'Insel der Schmuggler (Ostrov pašeráků)', '4224', 266, 7, 0, '2008-01-13 00:00:00', NULL, NULL, 'A'),
(260, 'Welt der Abenteuer (Dobrodružný svět)', '4226', 267, 7, 0, '2008-01-13 00:00:00', NULL, NULL, 'A'),
(261, 'Schildi Schildkröte (Želvičky)', '4268', 268, 7, 0, '2008-01-13 00:00:00', NULL, NULL, 'A'),
(262, 'Höchst verdächtig! (Zloděj)', '4209', 269, 7, 0, '2008-01-13 00:00:00', NULL, NULL, 'A'),
(263, 'Obstgarten (Ovocná zahrada)', '4170', 270, 7, 0, '2008-01-13 00:00:00', NULL, NULL, 'A'),
(264, 'Akaba', '4228', 271, 7, 0, '2008-01-13 00:00:00', NULL, NULL, 'A'),
(265, 'Zahlenzwerge (Kouzla s čísly)', '4559', 272, 7, 0, '2008-01-13 00:00:00', NULL, NULL, 'A'),
(266, 'Tier auf Tier (Zvířátko na zvířátku)', '4478', 273, 7, 0, '2008-01-13 00:00:00', NULL, NULL, 'A'),
(267, 'Manhattan', 'HG005', 274, 4, 0, '2008-01-13 00:00:00', NULL, NULL, 'A'),
(268, 'Durch die Wüste', 'KO045', 275, 4, 0, '2008-01-13 00:00:00', NULL, NULL, 'A'),
(269, 'Blue moon city', 'KO177', 276, 4, 0, '2008-01-13 00:00:00', NULL, NULL, 'A'),
(270, 'Savannah cafe', 'ED048', 277, 4, 0, '2008-01-13 00:00:00', NULL, NULL, 'A'),
(271, 'Arkham horror', 'FF064', 278, 4, 0, '2008-01-13 00:00:00', NULL, NULL, 'A'),
(272, 'Age of Empire', 'EGL700', 279, 2, 0, '2008-01-13 00:00:00', NULL, NULL, 'A'),
(273, 'Railroad Tycoon', 'EGL900', 280, 2, 0, '2008-05-01 00:00:00', NULL, NULL, 'A'),
(274, 'Tučňáci', 'FKN16', 281, 2, 0, '2008-01-13 00:00:00', NULL, NULL, 'A'),
(275, 'Pirates'' Cove (Zátoka pirátů)', 'DOW7101', 282, 2, 0, '2008-01-13 00:00:00', NULL, NULL, 'A'),
(276, 'Mystery of the Abbey', 'DOW7001', 283, 2, 0, '2008-01-13 00:00:00', NULL, NULL, 'A'),
(277, 'Battlelore', 'DOW7601', 284, 2, 0, '2008-01-13 00:00:00', NULL, NULL, 'A'),
(278, 'Colloseum', 'DOW7701', 285, 2, 0, '2008-01-13 00:00:00', NULL, NULL, 'A'),
(279, 'Game of Thrones, A – A Storm of Swords', 'FGT03', 286, 2, 0, '2008-01-13 00:00:00', NULL, NULL, 'A'),
(280, 'Twilight Imperium – Shattered Empire', 'FTI04', 287, 2, 0, '2008-01-13 00:00:00', NULL, NULL, 'A'),
(281, 'Descent: Altar of Despair', 'FVA43', 288, 2, 0, '2008-01-13 00:00:00', NULL, NULL, 'A'),
(282, 'Arkham Horror', 'FVA09', 289, 2, 0, '2008-01-13 00:00:00', NULL, NULL, 'A'),
(283, 'Arkham Horror: Dunwich Horror Exp.', 'FVA32', 290, 2, 0, '2008-01-13 00:00:00', NULL, NULL, 'A'),
(284, 'Fury of Dracula', 'FVA31', 291, 2, 0, '2008-01-13 00:00:00', NULL, NULL, 'A'),
(285, 'Warrior Knights', 'FVA18', 292, 2, 0, '2008-01-13 00:00:00', NULL, NULL, 'A'),
(286, 'Tide of Iron', 'FTD01', 293, 2, 0, '2008-01-13 00:00:00', NULL, NULL, 'A'),
(287, 'Starcraft: The boardgame', 'FSC01', 295, 2, 0, '2008-01-13 00:00:00', NULL, NULL, 'A'),
(288, 'Cuckoo Zoo', 'GAM229', 296, 2, 0, '2008-01-13 00:00:00', NULL, NULL, 'A'),
(289, 'Sleeping Queens', 'GAM230', 297, 2, 0, '2008-01-13 00:00:00', NULL, NULL, 'A'),
(290, 'ZEUS na útěku™', 'GAM233', 298, 2, 0, '2008-01-13 00:00:00', NULL, NULL, 'A'),
(291, 'Ugly Doll', 'GAM234', 299, 2, 0, '2008-01-13 00:00:00', NULL, NULL, 'A'),
(292, 'Duck Duck Bruce', 'GAM235', 300, 2, 0, '2008-01-13 00:00:00', NULL, NULL, 'A'),
(293, 'Ka-Ching!', 'GAM237', 301, 2, 0, '2008-01-13 00:00:00', NULL, NULL, 'A'),
(294, 'Castle Keep', 'GAM509', 302, 2, 0, '2008-01-13 00:00:00', NULL, NULL, 'A'),
(295, 'Thing-a-ma Bots', 'GAM5211', 303, 2, 0, '2008-01-13 00:00:00', NULL, NULL, 'A'),
(296, 'Top speed', 'GAM5212', 304, 2, 0, '2008-01-13 00:00:00', NULL, NULL, 'A'),
(297, 'Inkognito', '825', 305, 3, 0, '2008-01-13 00:00:00', NULL, NULL, 'A'),
(298, 'Střelené kachny', '99399', 306, 1, 0, '2008-01-13 00:00:00', NULL, NULL, 'A'),
(299, 'Taj Mahal', '99415', 307, 1, 0, '2008-01-13 00:00:00', NULL, NULL, 'A'),
(300, 'Packeis am Pol', 'PH023', 308, 4, 0, '2008-01-13 00:00:00', NULL, NULL, 'A');

-- --------------------------------------------------------

--
-- Struktura tabulky `polozka_od_dodavatele_cena`
--

CREATE TABLE IF NOT EXISTS `polozka_od_dodavatele_cena` (
  `polozka_dodavatele_id` smallint(6) NOT NULL,
  `dle_mnozstvi` double NOT NULL,
  `dle_celk_ceny` double NOT NULL,
  `nakup_cena` double NOT NULL,
  `prodej_cena` double NOT NULL,
  `dat_vlozeni` datetime NOT NULL,
  `dat_zmeny` datetime DEFAULT NULL,
  `dat_smazani` datetime DEFAULT NULL,
  `aktivni` char(1) COLLATE utf8_czech_ci NOT NULL
) ENGINE=MyISAM DEFAULT CHARSET=utf8 COLLATE=utf8_czech_ci;

-- --------------------------------------------------------

--
-- Struktura tabulky `polozka_pujcovne`
--

CREATE TABLE IF NOT EXISTS `polozka_pujcovne` (
  `pujcovne_id` int(11) NOT NULL,
  `pujcovne_pidi` smallint(6) DEFAULT NULL,
  `pujcovne_medi` smallint(6) DEFAULT NULL,
  `pujcovne_maxi` smallint(6) DEFAULT NULL,
  PRIMARY KEY (`pujcovne_id`)
) ENGINE=MyISAM DEFAULT CHARSET=utf8;

--
-- Vypisuji data pro tabulku `polozka_pujcovne`
--

INSERT INTO `polozka_pujcovne` (`pujcovne_id`, `pujcovne_pidi`, `pujcovne_medi`, `pujcovne_maxi`) VALUES
(1, 3, 4, 5),
(2, 5, 6, 10),
(3, 10, 15, 20),
(4, 20, 20, 30),
(5, 20, 25, 30),
(6, 20, 25, 40),
(7, 20, 25, 45),
(8, 25, 30, 40),
(9, 25, 30, 45),
(10, 30, 30, 50),
(11, 30, 35, 45),
(12, 30, 35, 50),
(13, 30, 35, 55),
(14, 30, 40, 55),
(15, 30, 45, 60),
(16, 35, 40, 55),
(17, 35, 40, 60),
(18, 35, 40, 65),
(19, 40, 45, 70),
(20, 40, 50, 75),
(21, 45, 50, 75),
(22, 45, 50, 85),
(23, 45, 50, 95),
(24, 45, 55, 75),
(25, 45, 60, 75),
(26, 45, 60, 95),
(27, 50, 55, 75),
(28, 50, 60, 85),
(29, 50, 60, 95),
(30, 55, 60, 85),
(31, 55, 60, 95),
(32, 60, 70, 95),
(33, 65, 70, 115),
(34, 65, 85, 95),
(35, 70, 90, 150),
(36, 80, 90, 120),
(37, 155, 180, 250),
(38, 180, 200, 300);

-- --------------------------------------------------------

--
-- Struktura tabulky `polozka_skladem`
--

CREATE TABLE IF NOT EXISTS `polozka_skladem` (
  `polozka_skladem_id` smallint(6) NOT NULL AUTO_INCREMENT,
  `polozka_dodavatele_id` smallint(6) NOT NULL,
  `sklad_id` smallint(6) NOT NULL,
  `kod_polozky` varchar(20) DEFAULT NULL,
  `stav_id` smallint(6) NOT NULL,
  `prodej_zaklad` double DEFAULT NULL,
  `prodej_sleva` double DEFAULT NULL,
  `pujcovna_zaloha` int(11) DEFAULT NULL,
  `dat_vlozeni` datetime NOT NULL,
  `dat_zmeny` datetime DEFAULT NULL,
  `dat_smazani` datetime DEFAULT NULL,
  `aktivni` char(1) NOT NULL,
  PRIMARY KEY (`polozka_skladem_id`),
  KEY `POLOZKA_SKLADEM_POL_DOD_FK` (`polozka_dodavatele_id`),
  KEY `POLOZKA_SKLADEM_SKLAD_FK` (`sklad_id`),
  KEY `POLOZKA_SKLADEM_STAV_POL_FK` (`stav_id`)
) ENGINE=MyISAM  DEFAULT CHARSET=utf8 AUTO_INCREMENT=410 ;

--
-- Vypisuji data pro tabulku `polozka_skladem`
--

INSERT INTO `polozka_skladem` (`polozka_skladem_id`, `polozka_dodavatele_id`, `sklad_id`, `kod_polozky`, `stav_id`, `prodej_zaklad`, `prodej_sleva`, `pujcovna_zaloha`, `dat_vlozeni`, `dat_zmeny`, `dat_smazani`, `aktivni`) VALUES
(1, 1, 1, '8590228020222', 1, 290, 280, 300, '2008-01-13 00:00:00', NULL, NULL, 'A'),
(2, 1, 2, '6BER-P01', 1, 290, 280, 300, '2008-01-13 00:00:00', NULL, NULL, 'A'),
(3, 1, 3, '8590228020222', 1, 290, 280, 300, '2008-01-13 00:00:00', NULL, NULL, 'A'),
(4, 2, 1, '2', 1, 630, 590, 700, '2008-01-13 00:00:00', NULL, NULL, 'A'),
(5, 2, 2, 'ALHA-P01', 2, 630, 590, 700, '2008-01-13 00:00:00', NULL, NULL, 'A'),
(6, 3, 1, '3', 1, 229, 220, 300, '2008-08-30 00:00:00', NULL, NULL, 'A'),
(7, 3, 2, 'BLAF-P01', 2, 229, 220, 300, '2008-08-30 00:00:00', NULL, NULL, 'A'),
(8, 4, 1, '4', 1, 295, 280, 300, '2008-01-13 00:00:00', NULL, NULL, 'A'),
(9, 4, 2, 'BONA-P01', 2, 295, 280, 300, '2008-01-13 00:00:00', NULL, NULL, 'A'),
(10, 5, 1, '4035576010036', 1, 530, 490, 600, '2008-01-13 00:00:00', NULL, NULL, 'A'),
(11, 5, 2, 'CTG1-P01', 2, 530, 490, 600, '2008-01-13 00:00:00', NULL, NULL, 'A'),
(12, 5, 3, '4035576010036', 1, 530, 490, 600, '2008-01-13 00:00:00', NULL, NULL, 'A'),
(13, 6, 1, '6', 1, 530, 490, 600, '2008-01-13 00:00:00', NULL, NULL, 'A'),
(14, 6, 2, 'HXRE-P01', 2, 530, 490, 600, '2008-01-13 00:00:00', NULL, NULL, 'A'),
(15, 7, 1, '7', 1, 920, 870, 1000, '2008-01-13 00:00:00', NULL, NULL, 'A'),
(16, 7, 2, 'LOMA-P01', 2, 920, 870, 1000, '2008-01-13 00:00:00', NULL, NULL, 'A'),
(17, 8, 1, '8', 1, 780, 710, 800, '2008-01-13 00:00:00', NULL, NULL, 'A'),
(18, 8, 2, 'MNIL-P01', 2, 780, 710, 800, '2008-01-13 00:00:00', NULL, NULL, 'A'),
(19, 9, 1, '9', 1, 940, 880, 1000, '2008-01-13 00:00:00', NULL, NULL, 'A'),
(20, 9, 2, 'NGRA-P01', 2, 940, 880, 1000, '2008-01-13 00:00:00', NULL, NULL, 'A'),
(21, 10, 1, '10', 1, 490, 460, 500, '2008-01-13 00:00:00', NULL, NULL, 'A'),
(22, 10, 2, 'UKUK-P01', 2, 490, 460, 500, '2008-01-13 00:00:00', NULL, NULL, 'A'),
(23, 11, 1, '11', 1, 295, 280, 400, '2008-01-13 00:00:00', NULL, NULL, 'A'),
(24, 11, 2, 'PIPP-P01', 2, 295, 280, 400, '2008-01-13 00:00:00', NULL, NULL, 'A'),
(25, 12, 1, '12', 1, 340, 320, 400, '2008-01-13 00:00:00', NULL, NULL, 'A'),
(26, 12, 2, 'RAZZ-P01', 2, 340, 320, 400, '2008-01-13 00:00:00', NULL, NULL, 'A'),
(27, 13, 1, '13', 1, 295, 280, 400, '2008-01-13 00:00:00', NULL, NULL, 'A'),
(28, 13, 2, 'SENA-P01', 2, 295, 280, 400, '2008-01-13 00:00:00', NULL, NULL, 'A'),
(29, 14, 1, '14', 1, 920, 870, 1000, '2008-01-13 00:00:00', NULL, NULL, 'A'),
(30, 14, 2, 'TIBU-P01', 2, 920, 870, 1000, '2008-01-13 00:00:00', NULL, NULL, 'A'),
(31, 15, 1, '15', 1, 680, 600, 700, '2008-01-13 00:00:00', NULL, NULL, 'A'),
(32, 15, 2, 'TSRO-P01', 2, 680, 600, 700, '2008-01-13 00:00:00', NULL, NULL, 'A'),
(33, 16, 1, '16', 1, 730, 690, 800, '2008-01-13 00:00:00', NULL, NULL, 'A'),
(34, 16, 2, 'WLHL-P01', 2, 730, 690, 800, '2008-01-13 00:00:00', NULL, NULL, 'A'),
(35, 17, 1, '17', 1, 390, 360, 400, '2008-01-13 00:00:00', NULL, NULL, 'A'),
(36, 17, 2, 'ZELZ-P01', 1, 390, 360, 400, '2008-01-13 00:00:00', NULL, NULL, 'A'),
(37, 17, 2, 'ZELZ-P02', 1, 390, 360, 400, '2008-01-13 00:00:00', NULL, NULL, 'A'),
(38, 18, 1, '8590228020123', 1, 290, 280, 300, '2008-01-13 00:00:00', NULL, NULL, 'A'),
(39, 18, 2, 'BANG-P01', 5, 290, 280, 300, '2008-01-13 00:00:00', NULL, NULL, 'A'),
(40, 18, 3, '8590228020123', 1, 290, 280, 300, '2008-01-13 00:00:00', NULL, NULL, 'A'),
(41, 19, 1, '8590228011008', 1, 680, 650, 700, '2008-01-13 00:00:00', NULL, NULL, 'A'),
(42, 19, 2, 'CSOO-P01', 2, 680, 650, 700, '2008-01-13 00:00:00', NULL, NULL, 'A'),
(43, 19, 3, '8590228011008', 1, 680, 650, 700, '2008-01-13 00:00:00', NULL, NULL, 'A'),
(44, 20, 1, '22', 1, 680, 630, 700, '2008-01-13 00:00:00', NULL, NULL, 'A'),
(45, 20, 2, 'MYKS-P01', 2, 680, 630, 700, '2008-01-13 00:00:00', NULL, NULL, 'A'),
(46, 21, 1, '8590228090164', 1, 875, 830, 900, '2008-01-13 00:00:00', NULL, NULL, 'A'),
(47, 21, 2, 'PIZE-P01', 2, 875, 830, 900, '2008-01-13 00:00:00', NULL, NULL, 'A'),
(48, 21, 3, '8590228090164', 1, 875, 830, 900, '2008-01-13 00:00:00', NULL, NULL, 'A'),
(49, 22, 1, '24', 1, 670, 630, 700, '2008-01-13 00:00:00', NULL, NULL, 'A'),
(50, 22, 2, 'PKUR-P01', 2, 670, 630, 700, '2008-01-13 00:00:00', NULL, NULL, 'A'),
(51, 23, 1, '8590228090171', 1, 950, 890, 1000, '2008-01-13 00:00:00', NULL, NULL, 'A'),
(52, 23, 2, 'VNAP-P01', 2, 950, 890, 1000, '2008-01-13 00:00:00', NULL, NULL, 'A'),
(53, 24, 1, '26', 1, 750, 690, 900, '2008-01-13 00:00:00', NULL, NULL, 'A'),
(54, 24, 2, 'FODE-P01', 1, 750, 690, 900, '2008-01-13 00:00:00', NULL, NULL, 'A'),
(55, 25, 1, '27', 1, 195, 190, 200, '2008-01-13 00:00:00', NULL, NULL, 'A'),
(56, 25, 2, 'FWPL-P01', 2, 195, 190, 200, '2008-01-13 00:00:00', NULL, NULL, 'A'),
(57, 26, 1, '28', 1, 195, 190, 200, '2008-01-13 00:00:00', NULL, NULL, 'A'),
(58, 26, 2, 'GASM-P01', 2, 195, 190, 200, '2008-01-13 00:00:00', NULL, NULL, 'A'),
(59, 27, 1, '29', 1, 195, 190, 200, '2008-01-13 00:00:00', NULL, NULL, 'A'),
(60, 27, 2, 'K9CA-P01', 2, 195, 190, 200, '2008-01-13 00:00:00', NULL, NULL, 'A'),
(61, 28, 1, '30', 1, 590, 560, 600, '2008-01-13 00:00:00', NULL, NULL, 'A'),
(62, 28, 2, 'KNLA-P01', 2, 590, 560, 600, '2008-01-13 00:00:00', NULL, NULL, 'A'),
(63, 29, 1, '31', 1, 590, 560, 600, '2008-01-13 00:00:00', NULL, NULL, 'A'),
(64, 29, 2, 'MABA-P01', 2, 590, 560, 600, '2008-01-13 00:00:00', NULL, NULL, 'A'),
(65, 30, 1, '32', 1, 1350, 1250, 1400, '2008-01-13 00:00:00', NULL, NULL, 'A'),
(66, 30, 2, 'ME44-P01', 2, 1350, 1250, 1400, '2008-01-13 00:00:00', NULL, NULL, 'A'),
(67, 31, 1, '33', 1, 590, 560, 600, '2008-01-13 00:00:00', NULL, NULL, 'A'),
(68, 31, 2, 'SKAA-P01', 2, 590, 560, 600, '2008-01-13 00:00:00', NULL, NULL, 'A'),
(69, 32, 1, '34', 1, 195, 190, 200, '2008-01-13 00:00:00', NULL, NULL, 'A'),
(70, 32, 2, 'STDE-P01', 2, 195, 190, 200, '2008-01-13 00:00:00', NULL, NULL, 'A'),
(71, 34, 1, '36', 1, 950, 890, 1000, '2008-01-13 00:00:00', NULL, NULL, 'A'),
(72, 34, 2, 'WCRA-P01', 2, 950, 890, 1000, '2008-01-13 00:00:00', NULL, NULL, 'A'),
(73, 35, 1, '37', 1, 195, 190, 200, '2008-01-13 00:00:00', NULL, NULL, 'A'),
(74, 35, 2, 'WIOU-P01', 2, 195, 190, 200, '2008-01-13 00:00:00', NULL, NULL, 'A'),
(75, 36, 1, '38', 1, 590, 550, 600, '2008-01-13 00:00:00', NULL, NULL, 'A'),
(76, 36, 2, 'EVO+-P01', 2, 590, 550, 600, '2008-01-13 00:00:00', NULL, NULL, 'A'),
(77, 37, 1, '39', 1, 290, 250, 300, '2008-01-13 00:00:00', NULL, NULL, 'A'),
(78, 37, 2, 'CHMO-P01', 2, 290, 250, 300, '2008-01-13 00:00:00', NULL, NULL, 'A'),
(79, 38, 1, '40', 1, 350, 300, 500, '2008-01-13 00:00:00', NULL, NULL, 'A'),
(80, 38, 2, 'TYRU-P01', 1, 350, 300, 500, '2008-01-13 00:00:00', NULL, NULL, 'A'),
(81, 39, 1, '41', 1, 690, 650, 700, '2008-01-13 00:00:00', NULL, NULL, 'A'),
(82, 39, 2, 'WIKI-P01', 1, 690, 650, 700, '2008-01-13 00:00:00', NULL, NULL, 'A'),
(83, 40, 1, '42', 1, 990, 940, 1000, '2008-01-13 00:00:00', NULL, NULL, 'A'),
(84, 40, 2, 'TTRM-P01', 2, 990, 940, 1000, '2008-01-13 00:00:00', NULL, NULL, 'A'),
(85, 41, 1, '43', 1, 270, 230, 400, '2008-01-13 00:00:00', NULL, NULL, 'A'),
(86, 41, 2, 'BLDO-P01', 2, 270, 230, 400, '2008-01-13 00:00:00', NULL, NULL, 'A'),
(87, 42, 1, '44', 1, 580, 520, 600, '2008-01-13 00:00:00', NULL, NULL, 'A'),
(88, 42, 2, 'CARC-P01', 3, 580, 520, 600, '2008-01-13 00:00:00', NULL, NULL, 'A'),
(89, 42, 2, 'CARC-P02', 3, 580, 520, 600, '2008-01-13 00:00:00', NULL, NULL, 'A'),
(90, 43, 1, '45', 1, 385, 360, 400, '2008-01-13 00:00:00', NULL, NULL, 'A'),
(91, 43, 2, 'CA02-P01', 1, 385, 360, 400, '2008-01-13 00:00:00', NULL, NULL, 'A'),
(92, 44, 1, '46', 1, 200, 180, 200, '2008-01-13 00:00:00', NULL, NULL, 'A'),
(93, 44, 2, 'CECH-P01', 2, 200, 180, 200, '2008-01-13 00:00:00', NULL, NULL, 'A'),
(94, 45, 1, '47', 1, 290, 275, 300, '2008-01-13 00:00:00', NULL, NULL, 'A'),
(95, 45, 2, 'CLRT-P01', 5, 290, 275, 300, '2008-01-13 00:00:00', NULL, NULL, 'A'),
(96, 46, 1, '48', 1, 320, 280, 400, '2008-01-13 00:00:00', NULL, NULL, 'A'),
(97, 46, 2, 'EMRL-P01', 1, 320, 280, 400, '2008-01-13 00:00:00', NULL, NULL, 'A'),
(98, 47, 1, '49', 1, 490, 460, 600, '2008-01-13 00:00:00', NULL, NULL, 'A'),
(99, 47, 2, 'ISTA-P01', 1, 490, 460, 600, '2008-01-13 00:00:00', NULL, NULL, 'A'),
(100, 48, 1, '50', 1, 690, 650, 700, '2008-01-13 00:00:00', NULL, NULL, 'A'),
(101, 48, 2, 'FAFU-P01', 1, 690, 650, 700, '2008-01-13 00:00:00', NULL, NULL, 'A'),
(102, 49, 1, '51', 1, 485, 450, 500, '2008-01-13 00:00:00', NULL, NULL, 'A'),
(103, 49, 2, 'HLLI-P01', 2, 485, 450, 500, '2008-01-13 00:00:00', NULL, NULL, 'A'),
(104, 50, 1, '52', 1, 890, 850, 900, '2008-01-13 00:00:00', NULL, NULL, 'A'),
(105, 50, 2, 'HIYA-P01', 2, 890, 850, 900, '2008-01-13 00:00:00', NULL, NULL, 'A'),
(106, 51, 1, '53', 1, 440, 420, 500, '2008-01-13 00:00:00', NULL, NULL, 'A'),
(107, 51, 2, 'INTR-P01', 2, 440, 420, 500, '2008-01-13 00:00:00', NULL, NULL, 'A'),
(108, 52, 1, '54', 1, 325, 315, 400, '2008-01-13 00:00:00', NULL, NULL, 'A'),
(109, 52, 2, 'LELA-P01', 2, 325, 315, 400, '2008-01-13 00:00:00', NULL, NULL, 'A'),
(110, 53, 1, '55', 1, 750, 710, 1000, '2008-01-13 00:00:00', NULL, NULL, 'A'),
(111, 53, 2, 'MARN-P01', 2, 750, 710, 1000, '2008-01-13 00:00:00', NULL, NULL, 'A'),
(112, 54, 1, '56', 1, 345, 330, 400, '2008-01-13 00:00:00', NULL, NULL, 'A'),
(113, 54, 2, 'MAYM-P01', 2, 345, 330, 400, '2008-01-13 00:00:00', NULL, NULL, 'A'),
(114, 55, 1, '57', 1, 630, 590, 700, '2008-01-13 00:00:00', NULL, NULL, 'A'),
(115, 55, 2, 'MTRO-P01', 2, 630, 590, 700, '2008-01-13 00:00:00', NULL, NULL, 'A'),
(116, 56, 1, '58', 1, 0, 0, 300, '2008-01-13 00:00:00', NULL, NULL, 'A'),
(117, 56, 2, 'NIDB-P01', 2, 0, 0, 300, '2008-01-13 00:00:00', NULL, NULL, 'A'),
(118, 57, 1, '9001890731921', 1, 660, 620, 700, '2008-01-13 00:00:00', NULL, NULL, 'A'),
(119, 57, 2, 'ACO2-P01', 1, 660, 620, 700, '2008-01-13 00:00:00', NULL, NULL, 'A'),
(120, 57, 3, '9001890731921', 1, 660, 620, 700, '2008-01-13 00:00:00', NULL, NULL, 'A'),
(121, 58, 1, '9001890755491', 1, 320, 300, 400, '2008-01-13 00:00:00', NULL, NULL, 'A'),
(122, 58, 2, 'CIHA-P01', 1, 320, 300, 400, '2008-01-13 00:00:00', NULL, NULL, 'A'),
(123, 58, 3, '9001890755491', 1, 320, 300, 400, '2008-01-13 00:00:00', NULL, NULL, 'A'),
(124, 59, 1, '9001890685095', 1, 370, 350, 400, '2008-01-13 00:00:00', NULL, NULL, 'A'),
(125, 59, 2, 'DACO-P02', 1, 370, 350, 400, '2008-01-13 00:00:00', NULL, NULL, 'A'),
(126, 59, 2, 'DVCO-P01', 1, 370, 350, 400, '2008-01-13 00:00:00', NULL, NULL, 'A'),
(127, 59, 3, '9001890685095', 1, 370, 350, 400, '2008-01-13 00:00:00', NULL, NULL, 'A'),
(128, 60, 1, '9001890757044', 1, 295, 280, 300, '2008-01-13 00:00:00', NULL, NULL, 'A'),
(129, 60, 2, 'HRKA-P01', 1, 295, 280, 300, '2008-01-13 00:00:00', NULL, NULL, 'A'),
(130, 60, 3, '9001890757044', 1, 295, 280, 300, '2008-01-13 00:00:00', NULL, NULL, 'A'),
(131, 88, 1, '9001890756443', 1, 320, 305, 400, '2008-01-13 00:00:00', NULL, NULL, 'A'),
(132, 88, 2, 'HRKL-P01', 1, 320, 305, 400, '2008-01-13 00:00:00', NULL, NULL, 'A'),
(133, 88, 3, '9001890756443', 1, 320, 305, 400, '2008-01-13 00:00:00', NULL, NULL, 'A'),
(134, 89, 1, '9001890756948', 1, 295, 280, 300, '2008-01-13 00:00:00', NULL, NULL, 'A'),
(135, 89, 2, 'HRSO-P01', 1, 295, 280, 300, '2008-01-13 00:00:00', NULL, NULL, 'A'),
(136, 89, 3, '9001890756948', 1, 295, 280, 300, '2008-01-13 00:00:00', NULL, NULL, 'A'),
(137, 90, 1, '9001890755699', 1, 390, 370, 500, '2008-01-13 00:00:00', NULL, NULL, 'A'),
(138, 90, 2, 'JJMA-P01', 2, 390, 370, 500, '2008-01-13 00:00:00', NULL, NULL, 'A'),
(139, 91, 1, '9001890756795', 1, 430, 400, 500, '2008-01-13 00:00:00', NULL, NULL, 'A'),
(140, 91, 2, 'JUSP-P01', 1, 430, 400, 500, '2008-01-13 00:00:00', NULL, NULL, 'A'),
(141, 92, 1, '9001890756092', 1, 490, 460, 500, '2008-01-13 00:00:00', NULL, NULL, 'A'),
(142, 92, 2, 'KURO-P01', 1, 490, 460, 500, '2008-01-13 00:00:00', NULL, NULL, 'A'),
(143, 92, 3, '9001890756092', 1, 490, 460, 500, '2008-01-13 00:00:00', NULL, NULL, 'A'),
(144, 93, 1, '9001890765490', 1, 490, 460, 500, '2008-01-13 00:00:00', NULL, NULL, 'A'),
(145, 93, 2, 'MATE-P01', 2, 490, 460, 500, '2008-01-13 00:00:00', NULL, NULL, 'A'),
(146, 93, 3, '9001890765490', 1, 490, 460, 500, '2008-01-13 00:00:00', NULL, NULL, 'A'),
(147, 94, 1, '9001890768699', 1, 490, 460, 500, '2008-01-13 00:00:00', NULL, NULL, 'A'),
(148, 94, 2, 'MSKY-P01', 1, 490, 460, 500, '2008-01-13 00:00:00', NULL, NULL, 'A'),
(149, 94, 3, '9001890768699', 1, 490, 460, 500, '2008-01-13 00:00:00', NULL, NULL, 'A'),
(150, 95, 1, '9001890636028', 1, 320, 305, 400, '2008-01-13 00:00:00', NULL, NULL, 'A'),
(151, 95, 2, 'PTRB-P01', 2, 320, 305, 400, '2008-01-13 00:00:00', NULL, NULL, 'A'),
(152, 96, 1, '9001890649592', 1, 195, 190, 300, '2008-01-13 00:00:00', NULL, NULL, 'A'),
(153, 96, 2, 'TOSC-P01', 1, 195, 190, 300, '2008-01-13 00:00:00', NULL, NULL, 'A'),
(154, 97, 1, '9001890769887', 1, 490, 460, 500, '2008-01-13 00:00:00', NULL, NULL, 'A'),
(155, 97, 2, 'VIPA-P01', 1, 490, 460, 500, '2008-01-13 00:00:00', NULL, NULL, 'A'),
(156, 97, 2, 'VIPA-P02', 1, 490, 460, 500, '2008-01-13 00:00:00', NULL, NULL, 'A'),
(157, 97, 3, '9001890769887', 1, 490, 460, 500, '2008-01-13 00:00:00', NULL, NULL, 'A'),
(158, 98, 1, '75', 1, 385, 360, 400, '2008-01-13 00:00:00', NULL, NULL, 'A'),
(159, 98, 2, 'CA03-P01', 1, 385, 360, 400, '2008-01-13 00:00:00', NULL, NULL, 'A'),
(160, 99, 1, '76', 1, 385, 360, 400, '2008-01-13 00:00:00', NULL, NULL, 'A'),
(161, 99, 2, 'CA04-P01', 1, 385, 360, 400, '2008-01-13 00:00:00', NULL, NULL, 'A'),
(162, 100, 1, '77', 1, 580, 540, 600, '2008-01-13 00:00:00', NULL, NULL, 'A'),
(163, 100, 2, 'CAHR-P01', 1, 580, 540, 600, '2008-01-13 00:00:00', NULL, NULL, 'A'),
(164, 101, 1, '78', 1, 580, 520, 600, '2008-01-13 00:00:00', NULL, NULL, 'A'),
(165, 101, 2, 'CAOB-P01', 1, 580, 520, 600, '2008-01-13 00:00:00', NULL, NULL, 'A'),
(166, 102, 1, '80', 1, 140, 95, 200, '2008-01-13 00:00:00', NULL, NULL, 'A'),
(167, 102, 2, 'CAHC-P01', 1, 140, 95, 200, '2008-01-13 00:00:00', NULL, NULL, 'A'),
(168, 103, 1, '8590228020048', 1, 950, 890, 1000, '2008-01-13 00:00:00', NULL, NULL, 'A'),
(169, 103, 2, 'OKAT-P01', 2, 950, 890, 1000, '2008-01-13 00:00:00', NULL, NULL, 'A'),
(170, 103, 3, '8590228020048', 1, 950, 890, 1000, '2008-01-13 00:00:00', NULL, NULL, 'A'),
(171, 104, 1, '8590228020161', 1, 580, 540, 600, '2008-01-13 00:00:00', NULL, NULL, 'A'),
(172, 104, 2, 'OK56-P01', 1, 580, 540, 600, '2008-01-13 00:00:00', NULL, NULL, 'A'),
(173, 104, 3, '8590228020161', 1, 580, 540, 600, '2008-01-13 00:00:00', NULL, NULL, 'A'),
(174, 105, 1, '8590228011060', 1, 580, 540, 0, '2013-04-16 12:48:15', NULL, NULL, 'A'),
(175, 106, 1, '8590228020116', 1, 950, 890, 1000, '2008-01-13 00:00:00', NULL, NULL, 'A'),
(176, 106, 2, 'OKMR-P01', 1, 950, 890, 1000, '2008-01-13 00:00:00', NULL, NULL, 'A'),
(177, 107, 1, '8590228020086', 1, 485, 450, 500, '2008-01-13 00:00:00', NULL, NULL, 'A'),
(178, 107, 2, 'OKKA-P01', 2, 485, 450, 500, '2008-01-13 00:00:00', NULL, NULL, 'A'),
(179, 107, 3, '8590228020086', 1, 485, 450, 500, '2008-01-13 00:00:00', NULL, NULL, 'A'),
(180, 109, 1, '88', 1, 390, 380, 400, '2008-01-13 00:00:00', NULL, NULL, 'A'),
(181, 109, 2, 'AL2R-P01', 1, 390, 380, 400, '2008-01-13 00:00:00', NULL, NULL, 'A'),
(182, 113, 1, '92', 1, 390, 360, 400, '2008-01-13 00:00:00', NULL, NULL, 'A'),
(183, 113, 2, 'ATON-P01', 1, 390, 360, 400, '2008-01-13 00:00:00', NULL, NULL, 'A'),
(184, 114, 1, '93', 1, 390, 360, 400, '2008-01-13 00:00:00', NULL, NULL, 'A'),
(185, 114, 2, 'BUCC-P01', 1, 390, 360, 400, '2008-01-13 00:00:00', NULL, NULL, 'A'),
(186, 116, 1, '4035576020431', 1, 530, 490, 600, '2008-01-13 00:00:00', NULL, NULL, 'A'),
(187, 116, 2, 'CTG2-P01', 1, 530, 490, 600, '2008-01-13 00:00:00', NULL, NULL, 'A'),
(188, 122, 1, '101', 1, 530, 490, 600, '2008-06-20 00:00:00', NULL, NULL, 'A'),
(189, 122, 2, 'KRBK-P01', 2, 530, 490, 600, '2008-06-20 00:00:00', NULL, NULL, 'A'),
(190, 126, 1, '105', 1, 580, 540, 600, '2008-01-13 00:00:00', NULL, NULL, 'A'),
(191, 126, 2, 'NGDR-P01', 1, 580, 540, 600, '2008-01-13 00:00:00', NULL, NULL, 'A'),
(192, 127, 1, '106', 1, 390, 360, 500, '2008-01-13 00:00:00', NULL, NULL, 'A'),
(193, 127, 2, 'OZMO-P01', 1, 390, 360, 500, '2008-01-13 00:00:00', NULL, NULL, 'A'),
(194, 129, 1, '108', 1, 390, 360, 400, '2008-01-13 00:00:00', NULL, NULL, 'A'),
(195, 129, 2, 'RIM+-P01', 1, 390, 360, 400, '2008-01-13 00:00:00', NULL, NULL, 'A'),
(196, 132, 1, '111', 1, 1100, 1050, 1100, '2008-01-13 00:00:00', NULL, NULL, 'A'),
(197, 132, 2, 'SHGN-P01', 1, 1100, 1050, 1100, '2008-01-13 00:00:00', NULL, NULL, 'A'),
(198, 136, 1, '115', 1, 630, 590, 700, '2008-01-13 00:00:00', NULL, NULL, 'A'),
(199, 136, 2, 'ZZBU-P01', 1, 630, 590, 700, '2008-01-13 00:00:00', NULL, NULL, 'A'),
(200, 137, 1, '4035576020066', 1, 490, 470, 600, '2008-01-13 00:00:00', NULL, NULL, 'A'),
(201, 137, 2, 'TRAM-P01', 1, 490, 470, 600, '2008-01-13 00:00:00', NULL, NULL, 'A'),
(202, 137, 3, '4035576020066', 1, 490, 470, 600, '2008-01-13 00:00:00', NULL, NULL, 'A'),
(203, 140, 1, '119', 1, 390, 360, 400, '2008-01-13 00:00:00', NULL, NULL, 'A'),
(204, 140, 2, 'SZDD-P01', 2, 390, 360, 400, '2008-01-13 00:00:00', NULL, NULL, 'A'),
(205, 141, 1, '120', 1, 580, 540, 600, '2008-01-13 00:00:00', NULL, NULL, 'A'),
(206, 141, 2, 'GULO-P01', 1, 580, 540, 600, '2008-01-13 00:00:00', NULL, NULL, 'A'),
(207, 144, 1, '123', 1, 440, 420, 500, '2008-01-13 00:00:00', NULL, NULL, 'A'),
(208, 144, 2, 'DVON-P01', 1, 440, 420, 500, '2008-01-13 00:00:00', NULL, NULL, 'A'),
(209, 149, 1, '129', 1, 440, 420, 500, '2008-01-13 00:00:00', NULL, NULL, 'A'),
(210, 149, 2, 'YINS-P01', 1, 440, 420, 500, '2008-01-13 00:00:00', NULL, NULL, 'A'),
(211, 150, 1, '130', 1, 440, 420, 500, '2008-01-13 00:00:00', NULL, NULL, 'A'),
(212, 150, 2, 'ZERT-P01', 2, 440, 420, 500, '2008-01-13 00:00:00', NULL, NULL, 'A'),
(213, 61, 1, '131', 1, 295, 280, 300, '2008-01-13 00:00:00', NULL, NULL, 'A'),
(214, 61, 2, 'ALCB-P01', 1, 295, 280, 300, '2008-01-13 00:00:00', NULL, NULL, 'A'),
(215, 67, 1, '137', 1, 340, 320, 400, '2008-01-13 00:00:00', NULL, NULL, 'A'),
(216, 67, 2, 'EHSA-P01', 1, 340, 320, 400, '2008-01-13 00:00:00', NULL, NULL, 'A'),
(217, 151, 1, '138', 1, 295, 280, 300, '2008-05-31 00:00:00', NULL, NULL, 'A'),
(218, 151, 2, 'BOHB-P01', 1, 295, 280, 300, '2008-05-31 00:00:00', NULL, NULL, 'A'),
(219, 157, 1, '144', 1, 295, 280, 300, '2008-01-13 00:00:00', NULL, NULL, 'A'),
(220, 157, 2, 'OGLA-P01', 1, 295, 280, 300, '2008-01-13 00:00:00', NULL, NULL, 'A'),
(221, 160, 1, '147', 1, 245, 235, 300, '2008-01-13 00:00:00', NULL, NULL, 'A'),
(222, 160, 2, 'SABO-P01', 1, 245, 235, 300, '2008-01-13 00:00:00', NULL, NULL, 'A'),
(223, 162, 1, '149', 1, 295, 280, 400, '2008-01-13 00:00:00', NULL, NULL, 'A'),
(224, 162, 2, 'SVPO-P01', 2, 295, 280, 400, '2008-01-13 00:00:00', NULL, NULL, 'A'),
(225, 166, 1, '153', 1, 390, 360, 500, '2008-01-13 00:00:00', NULL, NULL, 'A'),
(226, 166, 2, 'KAMY-P01', 1, 390, 360, 500, '2008-01-13 00:00:00', NULL, NULL, 'A'),
(227, 179, 1, '166', 1, 1250, 1150, 1300, '2008-01-13 00:00:00', NULL, NULL, 'A'),
(228, 179, 2, 'RBRL-P01', 1, 1250, 1150, 1300, '2008-01-13 00:00:00', NULL, NULL, 'A'),
(229, 179, 2, 'RBRL-P02', 1, 1250, 1150, 1300, '2008-01-13 00:00:00', NULL, NULL, 'A'),
(230, 182, 1, '169', 1, 980, 930, 1000, '2008-01-13 00:00:00', NULL, NULL, 'A'),
(231, 182, 2, 'TTRI-P01', 1, 980, 930, 1000, '2008-01-13 00:00:00', NULL, NULL, 'A'),
(232, 183, 1, '170', 1, 980, 930, 1000, '2008-01-13 00:00:00', NULL, NULL, 'A'),
(233, 183, 2, 'TTRE-P01', 2, 980, 930, 1000, '2008-01-13 00:00:00', NULL, NULL, 'A'),
(234, 185, 1, '172', 1, 1350, 1250, 1400, '2008-01-13 00:00:00', NULL, NULL, 'A'),
(235, 185, 2, 'SOCA-P01', 1, 1350, 1250, 1400, '2008-01-13 00:00:00', NULL, NULL, 'A'),
(236, 186, 1, '173', 1, 1350, 1250, 1400, '2008-01-13 00:00:00', NULL, NULL, 'A'),
(237, 186, 2, 'CLAR-P01', 1, 1350, 1250, 1400, '2008-01-13 00:00:00', NULL, NULL, 'A'),
(238, 187, 1, '174', 1, 890, 850, 900, '2008-01-13 00:00:00', NULL, NULL, 'A'),
(239, 187, 2, 'WCEX-P01', 1, 890, 850, 900, '2008-01-13 00:00:00', NULL, NULL, 'A'),
(240, 189, 1, '9781589942370', 1, 1350, 1250, 0, '2013-04-16 12:48:15', NULL, NULL, 'A'),
(241, 191, 1, '9781589942325', 1, 1600, 1500, 0, '2013-04-16 12:48:15', NULL, NULL, 'A'),
(242, 193, 1, '9781589941595', 1, 1150, 1050, 0, '2013-04-16 12:48:15', NULL, NULL, 'A'),
(243, 194, 1, '9781589942066', 1, 2500, 2400, 2500, '2008-01-13 00:00:00', NULL, NULL, 'A'),
(244, 194, 2, 'TI3E-P01', 1, 2500, 2400, 2500, '2008-01-13 00:00:00', NULL, NULL, 'A'),
(245, 195, 1, '182', 1, 2600, 2450, 2600, '2008-01-13 00:00:00', NULL, NULL, 'A'),
(246, 195, 2, 'DSCE-P01', 1, 2600, 2450, 2600, '2008-01-13 00:00:00', NULL, NULL, 'A'),
(247, 197, 1, '184', 1, 2100, 1990, 2200, '2008-01-13 00:00:00', NULL, NULL, 'A'),
(248, 197, 2, 'WOWB-P01', 1, 2100, 1990, 2200, '2008-01-13 00:00:00', NULL, NULL, 'A'),
(249, 201, 1, '188', 1, 295, 285, 300, '2008-01-13 00:00:00', NULL, NULL, 'A'),
(250, 201, 2, 'CHRT-P01', 1, 295, 285, 300, '2008-01-13 00:00:00', NULL, NULL, 'A'),
(251, 202, 1, '189', 1, 345, 320, 400, '2008-01-13 00:00:00', NULL, NULL, 'A'),
(252, 202, 2, 'HISS-P01', 1, 345, 320, 400, '2008-01-13 00:00:00', NULL, NULL, 'A'),
(253, 203, 1, '190', 1, 295, 285, 300, '2008-01-13 00:00:00', NULL, NULL, 'A'),
(254, 203, 2, 'PIRL-P01', 1, 295, 285, 300, '2008-01-13 00:00:00', NULL, NULL, 'A'),
(255, 205, 1, '192', 1, 325, 315, 400, '2008-01-13 00:00:00', NULL, NULL, 'A'),
(256, 205, 2, 'LELI-P01', 1, 325, 315, 400, '2008-01-13 00:00:00', NULL, NULL, 'A'),
(257, 207, 1, '194', 1, 325, 315, 400, '2008-01-13 00:00:00', NULL, NULL, 'A'),
(258, 207, 2, 'SPSE-P01', 1, 325, 315, 400, '2008-01-13 00:00:00', NULL, NULL, 'A'),
(259, 208, 1, '9001890759086', 1, 600, 550, 700, '2008-01-13 00:00:00', NULL, NULL, 'A'),
(260, 208, 2, 'ABAL-P01', 1, 600, 550, 700, '2008-01-13 00:00:00', NULL, NULL, 'A'),
(261, 209, 1, '9001890733840', 1, 440, 420, 500, '2008-01-13 00:00:00', NULL, NULL, 'A'),
(262, 209, 2, 'ACDE-P01', 1, 440, 420, 500, '2008-01-13 00:00:00', NULL, NULL, 'A'),
(263, 209, 3, '9001890733840', 1, 440, 420, 500, '2008-01-13 00:00:00', NULL, NULL, 'A'),
(264, 210, 1, '9001890733949', 1, 440, 420, 500, '2008-01-13 00:00:00', NULL, NULL, 'A'),
(265, 210, 2, 'ACJU-P01', 1, 440, 420, 500, '2008-01-13 00:00:00', NULL, NULL, 'A'),
(266, 210, 3, '9001890733949', 1, 440, 420, 500, '2008-01-13 00:00:00', NULL, NULL, 'A'),
(267, 211, 1, '9001890756160', 1, 340, 320, 400, '2009-03-20 00:00:00', NULL, NULL, 'A'),
(268, 211, 2, 'ACKO-P01', 1, 340, 320, 400, '2009-03-20 00:00:00', NULL, NULL, 'A'),
(269, 212, 1, '9001890686597', 1, 680, 630, 700, '2013-04-16 12:48:15', NULL, NULL, 'A'),
(270, 213, 1, '9001890686696', 1, 450, 430, 0, '2013-04-16 12:48:15', NULL, NULL, 'A'),
(271, 214, 1, '9001890685897', 1, 680, 630, 700, '2008-01-13 00:00:00', NULL, NULL, 'A'),
(272, 214, 2, 'BLTR-P01', 1, 680, 630, 700, '2008-01-13 00:00:00', NULL, NULL, 'A'),
(273, 214, 3, '9001890685897', 1, 680, 630, 700, '2008-01-13 00:00:00', NULL, NULL, 'A'),
(274, 215, 1, '9001890756399', 1, 320, 300, 400, '2008-01-13 00:00:00', NULL, NULL, 'A'),
(275, 215, 2, 'CIJU-P01', 1, 320, 300, 400, '2008-01-13 00:00:00', NULL, NULL, 'A'),
(276, 216, 1, '9001890765391', 1, 710, 660, 800, '2008-01-13 00:00:00', NULL, NULL, 'A'),
(277, 216, 2, 'GEAL-P01', 2, 710, 660, 800, '2008-01-13 00:00:00', NULL, NULL, 'A'),
(278, 216, 3, '9001890765391', 1, 710, 660, 800, '2008-01-13 00:00:00', NULL, NULL, 'A'),
(279, 217, 1, '9001890756542', 1, 295, 280, 0, '2013-04-16 12:48:15', NULL, NULL, 'A'),
(280, 218, 1, '9001890686399', 1, 490, 460, 0, '2013-04-16 12:48:15', NULL, NULL, 'A'),
(281, 219, 1, '9001890601095', 1, 80, 75, 100, '2013-04-16 12:48:15', NULL, NULL, 'A'),
(282, 220, 1, '9001890686092', 1, 490, 460, 500, '2008-01-13 00:00:00', NULL, NULL, 'A'),
(283, 220, 2, 'MYFS-P01', 1, 490, 460, 500, '2008-01-13 00:00:00', NULL, NULL, 'A'),
(284, 221, 1, '9001890756696', 1, 395, 380, 0, '2013-04-16 12:48:15', NULL, NULL, 'A'),
(285, 222, 1, '9001890756368', 1, 250, 235, 0, '2013-04-16 12:48:15', NULL, NULL, 'A'),
(286, 223, 1, '219', 1, 350, 320, 400, '2008-01-13 00:00:00', NULL, NULL, 'A'),
(287, 223, 2, 'RAZZ-P01', 1, 350, 320, 400, '2008-01-13 00:00:00', NULL, NULL, 'A'),
(288, 224, 1, '220', 1, 290, 280, 300, '2008-01-13 00:00:00', NULL, NULL, 'A'),
(289, 224, 2, 'VNEB-P01', 1, 290, 280, 300, '2008-01-13 00:00:00', NULL, NULL, 'A'),
(290, 225, 1, '8711808007505', 1, 590, 540, 0, '2013-04-16 12:48:15', NULL, NULL, 'A'),
(291, 226, 1, '9001890636295', 1, 250, 235, 0, '2013-04-16 12:48:15', NULL, NULL, 'A'),
(292, 227, 1, '9001890755194', 1, 390, 370, 0, '2013-04-16 12:48:15', NULL, NULL, 'A'),
(293, 228, 1, '9001890642920', 1, 490, 460, 500, '2008-01-13 00:00:00', NULL, NULL, 'A'),
(294, 228, 2, 'SAGI-P01', 1, 490, 460, 500, '2008-01-13 00:00:00', NULL, NULL, 'A'),
(295, 228, 3, '9001890642920', 1, 490, 460, 500, '2008-01-13 00:00:00', NULL, NULL, 'A'),
(296, 229, 1, '9001890754791', 1, 295, 280, 0, '2013-04-16 12:48:15', NULL, NULL, 'A'),
(297, 230, 1, '9001890732492', 1, 590, 570, 0, '2013-04-16 12:48:15', NULL, NULL, 'A'),
(298, 231, 1, '9001890760891', 1, 390, 360, 0, '2013-04-16 12:48:15', NULL, NULL, 'A'),
(299, 232, 1, '9001890747991', 1, 395, 380, 500, '2008-01-13 00:00:00', NULL, NULL, 'A'),
(300, 232, 2, 'TTBM-P01', 1, 395, 380, 500, '2008-01-13 00:00:00', NULL, NULL, 'A'),
(301, 233, 1, '8711808006300', 1, 430, 405, 0, '2013-04-16 12:48:15', NULL, NULL, 'A'),
(302, 234, 1, '9001890755590', 1, 395, 380, 500, '2008-01-13 00:00:00', NULL, NULL, 'A'),
(303, 234, 2, 'VEST-P01', 1, 395, 380, 500, '2008-01-13 00:00:00', NULL, NULL, 'A'),
(304, 235, 1, '9001890768897', 1, 250, 235, 300, '2008-01-13 00:00:00', NULL, NULL, 'A'),
(305, 235, 2, 'ZAKV-P01', 1, 250, 235, 300, '2008-01-13 00:00:00', NULL, NULL, 'A'),
(306, 236, 1, '9001890687891', 1, 250, 235, 0, '2013-04-16 12:48:15', NULL, NULL, 'A'),
(307, 237, 1, '9001890688294', 1, 250, 235, 0, '2013-04-16 12:48:15', NULL, NULL, 'A'),
(308, 238, 1, '9001890688096', 1, 200, 185, 0, '2013-04-16 12:48:15', NULL, NULL, 'A'),
(309, 239, 1, '8711808007550', 1, 480, 450, 500, '2008-01-13 00:00:00', NULL, NULL, 'A'),
(310, 239, 2, 'ROLT-P01', 1, 480, 450, 500, '2008-01-13 00:00:00', NULL, NULL, 'A'),
(311, 239, 3, '8711808007550', 1, 480, 450, 500, '2008-01-13 00:00:00', NULL, NULL, 'A'),
(312, 240, 1, '9001890688195', 1, 250, 235, 0, '2013-04-16 12:48:15', NULL, NULL, 'A'),
(313, 241, 1, '9001890688799', 1, 200, 190, 0, '2013-04-16 12:48:15', NULL, NULL, 'A'),
(314, 242, 1, '244', 1, 1100, 990, 1100, '2008-01-13 00:00:00', NULL, NULL, 'A'),
(315, 242, 2, 'KLBA-P01', 2, 1100, 990, 1100, '2008-01-13 00:00:00', NULL, NULL, 'A'),
(316, 244, 1, '4010350060582', 1, 280, 230, 300, '2008-01-13 00:00:00', NULL, NULL, 'A'),
(317, 244, 2, 'DON+-P01', 2, 280, 230, 300, '2008-01-13 00:00:00', NULL, NULL, 'A'),
(318, 245, 1, '247', 1, 730, 680, 800, '2008-01-13 00:00:00', NULL, NULL, 'A'),
(319, 245, 2, 'NTRD-P01', 2, 730, 680, 800, '2008-01-13 00:00:00', NULL, NULL, 'A'),
(320, 246, 1, '248', 1, 1150, 1100, 1300, '2008-01-13 00:00:00', NULL, NULL, 'A'),
(321, 247, 1, '249', 1, 870, 820, 900, '2008-01-13 00:00:00', NULL, NULL, 'A'),
(322, 247, 2, 'YS++-P01', 1, 870, 820, 900, '2008-01-13 00:00:00', NULL, NULL, 'A'),
(323, 248, 1, '250', 1, 790, 750, 800, '2008-01-13 00:00:00', NULL, NULL, 'A'),
(324, 248, 2, 'YSHN-P01', 1, 790, 750, 800, '2008-01-13 00:00:00', NULL, NULL, 'A'),
(325, 249, 1, '8590228020185', 1, 290, 280, 300, '2008-01-13 00:00:00', NULL, NULL, 'A'),
(326, 249, 2, 'BAMD-P01', 2, 290, 280, 300, '2008-01-13 00:00:00', NULL, NULL, 'A'),
(327, 249, 3, '8590228020185', 1, 290, 280, 300, '2008-01-13 00:00:00', NULL, NULL, 'A'),
(328, 250, 1, '255', 1, 880, 800, 900, '2008-08-30 00:00:00', NULL, NULL, 'A'),
(329, 250, 2, 'OLMA-P01', 2, 880, 800, 900, '2008-08-30 00:00:00', NULL, NULL, 'A'),
(330, 252, 1, '8590228020215', 1, 950, 890, 1000, '2008-01-13 00:00:00', NULL, NULL, 'A'),
(331, 252, 2, 'PURI-P01', 1, 950, 890, 1000, '2008-01-13 00:00:00', NULL, NULL, 'A'),
(332, 253, 1, '258', 1, 680, 630, 700, '2008-01-13 00:00:00', NULL, NULL, 'A'),
(333, 253, 2, 'SPET-P01', 2, 680, 630, 700, '2008-01-13 00:00:00', NULL, NULL, 'A'),
(334, 254, 1, '260', 1, 385, 360, 400, '2008-01-13 00:00:00', NULL, NULL, 'A'),
(335, 254, 2, 'VIIR-P01', 1, 385, 360, 400, '2008-01-13 00:00:00', NULL, NULL, 'A'),
(336, 256, 1, '263', 1, 410, 370, 500, '2008-01-13 00:00:00', NULL, NULL, 'A'),
(337, 256, 2, 'KUPK-P01', 3, 410, 370, 500, '2008-01-13 00:00:00', NULL, NULL, 'A'),
(338, 257, 1, '264', 1, 660, 630, 700, '2008-01-13 00:00:00', NULL, NULL, 'A'),
(339, 257, 2, 'PCFA-P01', 1, 660, 630, 700, '2008-01-13 00:00:00', NULL, NULL, 'A'),
(340, 258, 1, '265', 1, 900, 810, 1000, '2008-01-13 00:00:00', NULL, NULL, 'A'),
(341, 258, 2, 'SSST-P01', 2, 900, 810, 1000, '2008-01-13 00:00:00', NULL, NULL, 'A'),
(342, 259, 1, '266', 1, 810, 729, 900, '2008-01-13 00:00:00', NULL, NULL, 'A'),
(343, 259, 2, 'IDES-P01', 2, 810, 729, 900, '2008-01-13 00:00:00', NULL, NULL, 'A'),
(344, 260, 1, '267', 1, 1480, 1340, 1500, '2008-01-13 00:00:00', NULL, NULL, 'A'),
(345, 260, 2, 'WDAB-P01', 2, 1480, 1340, 1500, '2008-01-13 00:00:00', NULL, NULL, 'A'),
(346, 261, 1, '268', 1, 890, 800, 900, '2008-01-13 00:00:00', NULL, NULL, 'A'),
(347, 261, 2, 'SISE-P01', 2, 890, 800, 900, '2008-01-13 00:00:00', NULL, NULL, 'A'),
(348, 262, 1, '269', 1, 0, 0, 1000, '2008-01-13 00:00:00', NULL, NULL, 'A'),
(349, 262, 2, 'HTVR-P01', 2, 0, 0, 1000, '2008-01-13 00:00:00', NULL, NULL, 'A'),
(350, 263, 1, '270', 1, 900, 810, 1000, '2008-01-13 00:00:00', NULL, NULL, 'A'),
(351, 263, 2, 'OGAR-P01', 2, 900, 810, 1000, '2008-01-13 00:00:00', NULL, NULL, 'A'),
(352, 264, 1, '271', 1, 890, 800, 1000, '2008-01-13 00:00:00', NULL, NULL, 'A'),
(353, 264, 2, 'AKAB-P01', 2, 890, 800, 1000, '2008-01-13 00:00:00', NULL, NULL, 'A'),
(354, 265, 1, '272', 1, 810, 730, 900, '2008-01-13 00:00:00', NULL, NULL, 'A'),
(355, 265, 2, 'ZAZW-P01', 2, 810, 730, 900, '2008-01-13 00:00:00', NULL, NULL, 'A'),
(356, 266, 1, '273', 1, 440, 410, 500, '2008-01-13 00:00:00', NULL, NULL, 'A'),
(357, 266, 2, 'TAUT-P01', 2, 440, 410, 500, '2008-01-13 00:00:00', NULL, NULL, 'A'),
(358, 267, 1, '274', 1, 790, 750, 800, '2008-01-13 00:00:00', NULL, NULL, 'A'),
(359, 267, 2, 'MHTT-P01', 1, 790, 750, 800, '2008-01-13 00:00:00', NULL, NULL, 'A'),
(360, 268, 1, '275', 1, 750, 650, 800, '2008-01-13 00:00:00', NULL, NULL, 'A'),
(361, 268, 2, 'DUDW-P01', 1, 750, 650, 800, '2008-01-13 00:00:00', NULL, NULL, 'A'),
(362, 269, 1, '276', 1, 750, 700, 800, '2008-01-13 00:00:00', NULL, NULL, 'A'),
(363, 269, 2, 'BLMC-P01', 1, 750, 700, 800, '2008-01-13 00:00:00', NULL, NULL, 'A'),
(364, 270, 1, '277', 1, 230, 200, 300, '2008-01-13 00:00:00', NULL, NULL, 'A'),
(365, 270, 2, 'SACA-P01', 1, 230, 200, 300, '2008-01-13 00:00:00', NULL, NULL, 'A'),
(366, 271, 1, '278', 1, 0, 0, 0, '2008-01-13 00:00:00', NULL, NULL, 'A'),
(367, 271, 2, 'AHOR-P01', 1, 0, 0, 0, '2008-01-13 00:00:00', NULL, NULL, 'A'),
(368, 273, 1, '280', 1, 1900, 1800, 2000, '2008-05-01 00:00:00', NULL, NULL, 'A'),
(369, 273, 2, 'RTYC-P01', 1, 1900, 1800, 2000, '2008-05-01 00:00:00', NULL, NULL, 'A'),
(370, 276, 1, '283', 1, 1150, 1050, 1200, '2008-01-13 00:00:00', NULL, NULL, 'A'),
(371, 276, 2, 'MYOA-P01', 1, 1150, 1050, 1200, '2008-01-13 00:00:00', NULL, NULL, 'A'),
(372, 279, 1, '9781589942752', 1, 1250, 1150, 0, '2013-04-16 12:48:15', NULL, NULL, 'A'),
(373, 280, 1, '9781589942554', 1, 1600, 1500, 1600, '2013-04-16 12:48:15', NULL, NULL, 'A'),
(374, 283, 2, 'AHDH-P01', 1, 1250, 1150, 1300, '2008-01-13 00:00:00', NULL, NULL, 'A'),
(375, 284, 2, 'FUOD-P01', 2, 1550, 1400, 1600, '2008-01-13 00:00:00', NULL, NULL, 'A'),
(376, 286, 2, 'TOIR-P01', 1, 2450, 2350, 2500, '2008-01-13 00:00:00', NULL, NULL, 'A'),
(377, 287, 2, 'SCBG-P01', 2, 2600, 2450, 2700, '2008-01-13 00:00:00', NULL, NULL, 'A'),
(378, 289, 1, '0759751002305', 1, 295, 285, 300, '2013-04-16 12:48:15', NULL, NULL, 'A'),
(379, 289, 2, 'SIKR-P01', 1, 295, 285, 300, '2008-01-13 00:00:00', NULL, NULL, 'A'),
(380, 290, 2, 'ZENU-P01', 2, 295, 285, 300, '2008-01-13 00:00:00', NULL, NULL, 'A'),
(381, 291, 2, 'UGDO-P01', 1, 295, 285, 300, '2008-01-13 00:00:00', NULL, NULL, 'A'),
(382, 293, 2, 'KACH-P01', 1, 295, 285, 300, '2008-01-13 00:00:00', NULL, NULL, 'A'),
(383, 294, 2, 'CASK-P01', 1, 345, 330, 400, '2008-01-13 00:00:00', NULL, NULL, 'A'),
(384, 295, 2, 'TAMB-P01', 1, 195, 190, 200, '2008-01-13 00:00:00', NULL, NULL, 'A'),
(385, 298, 1, '8590228090140', 1, 290, 275, 400, '2013-04-16 12:48:15', NULL, NULL, 'A'),
(386, 298, 2, 'STRK-P01', 2, 290, 275, 400, '2008-01-13 00:00:00', NULL, NULL, 'A'),
(387, 299, 2, 'TMAH-P01', 2, 950, 890, 1000, '2008-01-13 00:00:00', NULL, NULL, 'A'),
(388, 68, 1, '8595558300082', 1, 960, 895, 1000, '2013-04-16 12:48:15', NULL, NULL, 'A'),
(389, 69, 1, '4001504011048', 1, 245, 235, 300, '2013-04-16 12:48:15', NULL, NULL, 'A'),
(390, 70, 1, '4001504013042', 1, 245, 235, 300, '2009-03-20 12:17:06', NULL, NULL, 'A'),
(391, 70, 2, 'LGRC-P01', 1, 245, 235, 300, '2009-03-20 12:17:06', NULL, NULL, 'A'),
(392, 71, 1, '4001504012045', 1, 245, 235, 300, '2013-04-16 12:48:15', NULL, NULL, 'A'),
(393, 72, 1, '8595558300266', 1, 385, 365, 400, '2009-03-20 12:35:14', NULL, NULL, 'A'),
(394, 72, 2, 'CA07-P01', 1, 385, 365, 400, '2009-03-20 12:35:14', NULL, NULL, 'A'),
(395, 73, 1, '8595558300563', 1, 440, 420, 500, '2010-11-17 17:51:45', NULL, NULL, 'A'),
(396, 73, 2, 'SMAB-P01', 1, 440, 420, 500, '2010-11-17 17:51:45', NULL, NULL, 'A'),
(397, 74, 1, '8595558300587', 1, 440, 420, 500, '2013-04-16 12:48:15', NULL, NULL, 'A'),
(398, 75, 1, '8595558300600', 1, 245, 240, 300, '2013-04-16 12:48:15', NULL, NULL, 'A'),
(399, 76, 1, '8595558300549', 1, 440, 420, 500, '2013-04-16 12:48:15', NULL, NULL, 'A'),
(400, 77, 1, '8595558300556', 1, 440, 420, 400, '2010-11-17 18:15:41', NULL, NULL, 'A'),
(401, 77, 2, 'SMPD-P01', 1, 440, 420, 400, '2010-11-17 18:15:41', NULL, NULL, 'A'),
(402, 78, 1, '8595558300532', 1, 440, 420, 500, '2010-11-17 18:18:20', NULL, NULL, 'A'),
(403, 78, 2, 'SMSF-P01', 1, 440, 420, 500, '2010-11-17 18:18:20', NULL, NULL, 'A'),
(404, 80, 1, '8595558300693', 1, 245, 230, 500, '2010-11-17 18:37:59', NULL, NULL, 'A'),
(405, 80, 2, 'TIUJ-P01', 1, 245, 230, 500, '2010-11-17 18:37:59', NULL, NULL, 'A'),
(406, 82, 1, '1425', 1, 830, 790, 800, '2012-12-18 19:41:44', NULL, NULL, 'A'),
(407, 82, 2, '', 1, 830, 790, 800, '2012-12-18 19:41:44', NULL, NULL, 'A'),
(408, 84, 1, '1428', 1, 990, 920, 1000, '2012-12-19 16:37:28', NULL, NULL, 'A'),
(409, 84, 2, '', 1, 990, 920, 1000, '2012-12-19 16:37:28', NULL, NULL, 'A');

-- --------------------------------------------------------

--
-- Struktura tabulky `polozka_v_kategoriich`
--

CREATE TABLE IF NOT EXISTS `polozka_v_kategoriich` (
  `polozka_id` int(11) NOT NULL AUTO_INCREMENT,
  `kategorie_id` smallint(6) NOT NULL,
  PRIMARY KEY (`polozka_id`,`kategorie_id`),
  KEY `POLOZKA_V_KATEGORIICH_KAT_FK` (`kategorie_id`)
) ENGINE=MyISAM  DEFAULT CHARSET=utf8 AUTO_INCREMENT=1432 ;

--
-- Vypisuji data pro tabulku `polozka_v_kategoriich`
--

INSERT INTO `polozka_v_kategoriich` (`polozka_id`, `kategorie_id`) VALUES
(1, 13),
(1, 78),
(2, 15),
(2, 78),
(3, 11),
(3, 13),
(3, 52),
(4, 13),
(4, 30),
(4, 49),
(5, 53),
(5, 57),
(6, 32),
(6, 57),
(7, 9),
(7, 40),
(8, 48),
(8, 67),
(9, 28),
(10, 22),
(11, 14),
(12, 13),
(12, 36),
(13, 9),
(13, 14),
(13, 24),
(13, 56),
(14, 21),
(14, 23),
(15, 1),
(16, 39),
(16, 46),
(17, 9),
(17, 13),
(17, 14),
(17, 57),
(18, 7),
(18, 11),
(18, 13),
(18, 31),
(23, 23),
(23, 39),
(23, 50),
(25, 23),
(25, 34),
(26, 57),
(27, 11),
(27, 13),
(27, 33),
(28, 13),
(28, 56),
(29, 14),
(29, 40),
(30, 1),
(31, 11),
(31, 13),
(31, 15),
(32, 72),
(32, 75),
(33, 28),
(33, 29),
(33, 33),
(34, 52),
(34, 58),
(36, 29),
(36, 70),
(36, 72),
(37, 13),
(37, 58),
(38, 55),
(39, 29),
(40, 1),
(40, 11),
(40, 54),
(41, 23),
(42, 66),
(42, 67),
(42, 68),
(43, 11),
(43, 13),
(43, 46),
(44, 39),
(45, 15),
(45, 23),
(45, 27),
(45, 39),
(45, 65),
(47, 13),
(48, 3),
(48, 14),
(49, 23),
(49, 34),
(50, 34),
(50, 58),
(51, 1),
(52, 23),
(52, 39),
(52, 54),
(53, 49),
(54, 1),
(55, 8),
(55, 17),
(55, 23),
(56, 13),
(56, 37),
(56, 40),
(57, 66),
(58, 13),
(60, 52),
(61, 13),
(61, 14),
(61, 52),
(61, 58),
(62, 21),
(67, 2),
(67, 13),
(67, 52),
(68, 14),
(68, 30),
(68, 40),
(69, 2),
(71, 14),
(72, 15),
(72, 39),
(73, 2),
(75, 27),
(75, 29),
(76, 15),
(76, 27),
(77, 15),
(77, 65),
(78, 39),
(78, 65),
(80, 15),
(80, 27),
(80, 39),
(81, 17),
(82, 15),
(82, 27),
(85, 17),
(85, 27),
(85, 39),
(86, 13),
(86, 65),
(88, 10),
(88, 15),
(88, 27),
(92, 1),
(92, 8),
(93, 53),
(95, 53),
(101, 53),
(105, 3),
(105, 27),
(105, 28),
(106, 9),
(108, 8),
(108, 13),
(108, 23),
(111, 23),
(111, 72),
(115, 10),
(116, 66),
(116, 67),
(119, 14),
(119, 40),
(120, 2),
(120, 14),
(120, 33),
(123, 1),
(129, 1),
(130, 1),
(131, 13),
(137, 13),
(137, 39),
(138, 13),
(138, 27),
(138, 30),
(144, 7),
(144, 13),
(144, 48),
(144, 67),
(147, 11),
(147, 13),
(147, 28),
(147, 52),
(149, 13),
(166, 57),
(166, 61),
(169, 66),
(169, 67),
(169, 68),
(170, 66),
(170, 67),
(170, 68),
(172, 3),
(172, 39),
(172, 46),
(173, 8),
(173, 15),
(174, 27),
(174, 29),
(174, 31),
(174, 70),
(174, 72),
(181, 17),
(181, 49),
(181, 54),
(181, 61),
(181, 72),
(182, 3),
(182, 22),
(182, 28),
(182, 29),
(182, 31),
(182, 41),
(184, 3),
(184, 29),
(184, 41),
(184, 70),
(188, 9),
(188, 13),
(188, 24),
(188, 26),
(189, 9),
(189, 14),
(189, 24),
(189, 56),
(190, 13),
(190, 53),
(192, 57),
(194, 24),
(194, 40),
(195, 1),
(198, 14),
(200, 1),
(202, 1),
(203, 52),
(205, 1),
(219, 13),
(219, 36),
(220, 23),
(220, 27),
(224, 1),
(228, 52),
(228, 73),
(239, 1),
(246, 13),
(246, 36),
(247, 23),
(247, 60),
(248, 57),
(248, 61),
(249, 11),
(249, 39),
(250, 10),
(250, 23),
(252, 7),
(252, 13),
(252, 27),
(255, 13),
(255, 48),
(255, 49),
(255, 53),
(257, 15),
(257, 23),
(257, 30),
(258, 13),
(258, 23),
(260, 11),
(260, 21),
(260, 60),
(263, 13),
(264, 72),
(264, 75),
(265, 2),
(265, 14),
(265, 32),
(266, 22),
(267, 2),
(267, 40),
(268, 9),
(268, 14),
(268, 22),
(268, 64),
(269, 14),
(269, 56),
(270, 14),
(270, 22),
(272, 24),
(272, 37),
(273, 2),
(273, 9),
(273, 14),
(274, 15),
(275, 1),
(275, 10),
(276, 29),
(277, 11),
(277, 13),
(277, 21),
(277, 57),
(278, 3),
(278, 31),
(278, 32),
(278, 50),
(280, 66),
(280, 67),
(280, 70),
(283, 21),
(283, 39),
(283, 44),
(287, 17),
(287, 27),
(287, 49),
(287, 54),
(287, 61),
(287, 72),
(288, 3),
(288, 22),
(288, 27),
(288, 28),
(288, 29),
(288, 31),
(288, 41),
(289, 3),
(289, 31),
(289, 32),
(289, 50),
(290, 3),
(290, 27),
(290, 32),
(291, 3),
(291, 21),
(291, 31),
(291, 32),
(291, 50),
(293, 41),
(293, 72),
(293, 75),
(295, 17),
(295, 61),
(295, 65),
(295, 70),
(297, 13),
(298, 13),
(298, 24),
(299, 13),
(301, 13),
(301, 23),
(302, 39),
(303, 13),
(306, 13),
(308, 1),
(308, 9),
(746, 55),
(748, 13),
(749, 13),
(750, 2),
(750, 27),
(750, 39),
(1423, 52),
(1425, 23),
(1425, 30),
(1428, 8),
(1428, 17),
(1428, 30),
(1428, 46),
(1430, 33),
(1430, 52),
(1430, 56),
(1430, 58),
(1431, 13);

-- --------------------------------------------------------

--
-- Struktura tabulky `polozka_v_pozici`
--

CREATE TABLE IF NOT EXISTS `polozka_v_pozici` (
  `polozka_skladem_id` smallint(6) NOT NULL,
  `pozice_id` smallint(6) NOT NULL,
  `vlozena_v_polozka_skladem_id` smallint(6) NOT NULL,
  `mnozstvi` double NOT NULL,
  PRIMARY KEY (`polozka_skladem_id`,`pozice_id`,`vlozena_v_polozka_skladem_id`)
) ENGINE=MyISAM DEFAULT CHARSET=utf8 COLLATE=utf8_czech_ci;

--
-- Vypisuji data pro tabulku `polozka_v_pozici`
--

INSERT INTO `polozka_v_pozici` (`polozka_skladem_id`, `pozice_id`, `vlozena_v_polozka_skladem_id`, `mnozstvi`) VALUES
(1, 96, 0, 3),
(2, 220, 0, 1),
(3, 255, 0, 1),
(4, 52, 0, 1),
(5, 180, 0, 1),
(6, 96, 0, 1),
(7, 206, 0, 1),
(8, 97, 0, 1),
(9, 243, 0, 1),
(10, 94, 0, 1),
(11, 169, 0, 1),
(12, 255, 0, 1),
(13, 96, 0, 1),
(14, 179, 0, 1),
(15, 22, 0, 1),
(16, 172, 0, 1),
(17, 22, 0, 1),
(18, 152, 0, 1),
(19, 22, 0, 1),
(20, 182, 0, 1),
(21, 7, 0, 1),
(22, 218, 0, 1),
(23, 96, 0, 1),
(24, 220, 0, 1),
(25, 92, 0, 2),
(26, 217, 0, 1),
(27, 96, 0, 1),
(28, 220, 0, 1),
(29, 51, 0, 1),
(30, 190, 0, 1),
(31, 21, 0, 1),
(32, 169, 0, 1),
(33, 62, 0, 1),
(34, 191, 0, 1),
(35, 52, 0, 2),
(36, 162, 0, 1),
(37, 162, 0, 1),
(38, 97, 0, 1),
(39, 220, 0, 1),
(40, 255, 0, 1),
(41, 19, 0, 3),
(42, 127, 0, 1),
(43, 255, 0, 1),
(44, 63, 0, 1),
(45, 191, 0, 1),
(46, 6, 0, 1),
(47, 152, 0, 1),
(48, 256, 0, 1),
(49, 6, 0, 1),
(50, 171, 0, 1),
(51, 5, 0, 1),
(52, 150, 0, 1),
(53, 1, 0, 1),
(54, 134, 0, 1),
(55, 93, 0, 2),
(56, 217, 0, 1),
(57, 93, 0, 1),
(58, 217, 0, 1),
(59, 93, 0, 2),
(60, 217, 0, 1),
(61, 13, 0, 1),
(62, 150, 0, 1),
(63, 13, 0, 1),
(64, 151, 0, 1),
(65, 24, 0, 1),
(66, 149, 0, 1),
(67, 13, 0, 1),
(68, 234, 0, 1),
(69, 93, 0, 3),
(70, 217, 0, 1),
(71, 107, 0, 1),
(72, 197, 0, 1),
(73, 93, 0, 1),
(74, 217, 0, 1),
(75, 107, 0, 1),
(76, 152, 0, 1),
(77, 41, 0, 1),
(78, 149, 0, 1),
(79, 12, 0, 1),
(80, 238, 0, 1),
(81, 50, 0, 1),
(82, 194, 0, 0),
(83, 24, 0, 1),
(84, 149, 0, 1),
(85, 94, 0, 1),
(86, 217, 0, 1),
(87, 50, 0, 2),
(88, 160, 0, 1),
(89, 160, 0, 1),
(90, 50, 0, 2),
(91, 161, 0, 1),
(92, 94, 0, 1),
(93, 219, 0, 1),
(94, 96, 0, 1),
(95, 220, 0, 1),
(96, 2, 0, 0),
(97, 150, 0, 1),
(98, 52, 0, 1),
(99, 179, 0, 1),
(100, 42, 0, 1),
(101, 150, 0, 1),
(102, 89, 0, 1),
(103, 217, 0, 1),
(104, 89, 0, 1),
(105, 150, 0, 1),
(106, 89, 0, 1),
(107, 217, 0, 1),
(108, 90, 0, 1),
(109, 161, 0, 1),
(110, 41, 0, 1),
(111, 134, 0, 1),
(112, 90, 0, 1),
(113, 161, 0, 1),
(114, 52, 0, 1),
(115, 179, 0, 1),
(116, 96, 0, 1),
(117, 243, 0, 1),
(118, 13, 0, 1),
(119, 133, 0, 1),
(120, 255, 0, 1),
(121, 59, 0, 3),
(122, 180, 0, 1),
(123, 255, 0, 1),
(124, 48, 0, 1),
(125, 250, 0, 1),
(126, 158, 0, 1),
(127, 256, 0, 1),
(128, 60, 0, 2),
(129, 171, 0, 1),
(130, 256, 0, 1),
(131, 60, 0, 3),
(132, 171, 0, 1),
(133, 256, 0, 1),
(134, 60, 0, 1),
(135, 171, 0, 1),
(136, 256, 0, 1),
(137, 1, 0, 1),
(138, 143, 0, 1),
(139, 62, 0, 2),
(140, 179, 0, 1),
(141, 41, 0, 1),
(141, 104, 0, 2),
(142, 172, 0, 1),
(143, 256, 0, 1),
(144, 41, 0, 1),
(144, 104, 0, 3),
(145, 172, 0, 1),
(146, 256, 0, 1),
(147, 41, 0, 1),
(148, 172, 0, 1),
(149, 256, 0, 1),
(150, 51, 0, 1),
(151, 189, 0, 1),
(152, 48, 0, 1),
(153, 127, 0, 1),
(154, 41, 0, 1),
(155, 127, 0, 1),
(156, 127, 0, 1),
(157, 256, 0, 1),
(158, 50, 0, 1),
(159, 161, 0, 1),
(160, 50, 0, 1),
(161, 161, 0, 1),
(162, 50, 0, 0),
(163, 160, 0, 1),
(164, 50, 0, 1),
(165, 160, 0, 1),
(166, 76, 0, 1),
(167, 243, 0, 1),
(168, 22, 0, 2),
(169, 149, 0, 1),
(170, 256, 0, 1),
(171, 22, 0, 1),
(172, 149, 0, 1),
(173, 256, 0, 1),
(174, 22, 0, 1),
(174, 104, 0, 2),
(175, 22, 0, 1),
(175, 104, 0, 2),
(176, 149, 0, 1),
(177, 22, 0, 1),
(178, 217, 0, 1),
(179, 256, 0, 1),
(180, 52, 0, 2),
(181, 180, 0, 1),
(182, 62, 0, 1),
(183, 180, 0, 1),
(184, 62, 0, 1),
(185, 180, 0, 1),
(186, 62, 0, 1),
(187, 169, 0, 1),
(188, 62, 0, 1),
(189, 169, 0, 1),
(190, 11, 0, 1),
(191, 182, 0, 1),
(192, 12, 0, 1),
(193, 169, 0, 1),
(194, 62, 0, 1),
(195, 180, 0, 1),
(196, 12, 0, 1),
(197, 142, 0, 1),
(198, 52, 0, 1),
(199, 179, 0, 1),
(200, 62, 0, 1),
(201, 169, 0, 1),
(202, 256, 0, 1),
(203, 62, 0, 1),
(204, 162, 0, 1),
(205, 101, 0, 1),
(206, 172, 0, 1),
(207, 42, 0, 2),
(208, 128, 0, 1),
(209, 42, 0, 2),
(210, 129, 0, 1),
(211, 42, 0, 2),
(212, 128, 0, 1),
(213, 97, 0, 1),
(214, 243, 0, 1),
(215, 92, 0, 1),
(216, 218, 0, 1),
(217, 97, 0, 1),
(218, 243, 0, 1),
(219, 96, 0, 2),
(220, 220, 0, 1),
(221, 96, 0, 2),
(222, 220, 0, 1),
(223, 96, 0, 1),
(224, 220, 0, 1),
(225, 40, 0, 1),
(226, 163, 0, 1),
(227, 5, 0, 1),
(228, 129, 0, 1),
(229, 129, 0, 1),
(230, 14, 0, 1),
(231, 149, 0, 1),
(232, 14, 0, 1),
(233, 149, 0, 1),
(234, 107, 0, 1),
(235, 141, 0, 1),
(236, 107, 0, 1),
(237, 151, 0, 1),
(238, 107, 0, 1),
(239, 197, 0, 1),
(240, 6, 0, 1),
(241, 107, 0, 1),
(242, 107, 0, 1),
(243, 6, 0, 1),
(244, 197, 0, 1),
(245, 6, 0, 1),
(246, 196, 0, 1),
(247, 6, 0, 1),
(248, 197, 0, 1),
(249, 59, 0, 1),
(250, 205, 0, 1),
(251, 59, 0, 1),
(252, 206, 0, 1),
(253, 59, 0, 1),
(254, 206, 0, 1),
(255, 59, 0, 1),
(256, 162, 0, 1),
(257, 59, 0, 1),
(258, 161, 0, 1),
(259, 70, 0, 1),
(260, 189, 0, 1),
(261, 60, 0, 1),
(262, 169, 0, 1),
(263, 255, 0, 1),
(264, 60, 0, 2),
(265, 169, 0, 1),
(266, 255, 0, 1),
(267, 60, 0, 2),
(268, 140, 0, 1),
(269, 101, 0, 1),
(270, 101, 0, 1),
(271, 101, 0, 1),
(272, 189, 0, 1),
(273, 255, 0, 1),
(274, 59, 0, 3),
(275, 180, 0, 1),
(276, 101, 0, 1),
(277, 189, 0, 1),
(278, 256, 0, 1),
(279, 60, 0, 0),
(280, 108, 0, 1),
(281, 85, 0, 1),
(282, 85, 0, 1),
(283, 163, 0, 1),
(284, 101, 0, 1),
(285, 101, 0, 1),
(286, 92, 0, 1),
(287, 217, 0, 1),
(288, 13, 0, 1),
(289, 0, 52, 1),
(290, 14, 0, 1),
(291, 14, 0, 1),
(292, 53, 0, 1),
(293, 6, 0, 1),
(294, 132, 0, 1),
(295, 256, 0, 1),
(296, 6, 0, 1),
(297, 6, 0, 1),
(298, 6, 0, 1),
(299, 48, 0, 1),
(300, 168, 0, 1),
(301, 48, 0, 1),
(302, 101, 0, 1),
(303, 134, 0, 1),
(304, 101, 0, 1),
(305, 158, 0, 1),
(306, 85, 0, 1),
(307, 85, 0, 1),
(308, 85, 0, 1),
(309, 14, 0, 1),
(310, 189, 0, 1),
(311, 256, 0, 1),
(312, 14, 0, 1),
(313, 85, 0, 1),
(314, 15, 0, 1),
(315, 152, 0, 1),
(316, 91, 0, 2),
(317, 216, 0, 1),
(318, 31, 0, 1),
(319, 193, 0, 1),
(320, 12, 0, 1),
(321, 11, 0, 1),
(322, 193, 0, 1),
(323, 11, 0, 1),
(324, 193, 0, 1),
(325, 120, 0, 3),
(326, 220, 0, 1),
(327, 255, 0, 1),
(328, 31, 0, 1),
(329, 150, 0, 1),
(330, 31, 0, 1),
(331, 193, 0, 1),
(332, 31, 0, 1),
(333, 191, 0, 1),
(334, 21, 0, 1),
(335, 191, 0, 1),
(336, 91, 0, 1),
(337, 218, 0, 1),
(338, 107, 0, 1),
(339, 153, 0, 1),
(340, 105, 0, 1),
(341, 143, 0, 1),
(342, 105, 0, 1),
(343, 143, 0, 1),
(344, 105, 0, 1),
(345, 143, 0, 1),
(346, 105, 0, 1),
(347, 143, 0, 1),
(348, 105, 0, 1),
(349, 143, 0, 1),
(350, 105, 0, 1),
(351, 143, 0, 1),
(352, 105, 0, 1),
(353, 143, 0, 1),
(354, 105, 0, 1),
(355, 143, 0, 1),
(356, 105, 0, 2),
(357, 143, 0, 1),
(358, 31, 0, 1),
(359, 150, 0, 1),
(360, 14, 0, 2),
(360, 104, 0, 1),
(361, 183, 0, 1),
(362, 14, 0, 2),
(362, 104, 0, 1),
(363, 151, 0, 1),
(364, 100, 0, 1),
(365, 149, 0, 1),
(366, 6, 0, 1),
(367, 196, 0, 1),
(368, 6, 0, 1),
(369, 133, 0, 1),
(370, 21, 0, 1),
(371, 152, 0, 1),
(372, 21, 0, 1),
(373, 6, 0, 1),
(374, 196, 0, 1),
(375, 196, 0, 1),
(376, 197, 0, 1),
(377, 197, 0, 1),
(378, 59, 0, 1),
(379, 205, 0, 1),
(380, 205, 0, 1),
(381, 206, 0, 1),
(382, 205, 0, 1),
(383, 162, 0, 1),
(384, 220, 0, 1),
(385, 120, 0, 1),
(386, 220, 0, 1),
(387, 192, 0, 1),
(388, 50, 0, 1),
(389, 120, 0, 2),
(390, 120, 0, 1),
(391, 243, 0, 1),
(392, 120, 0, 0),
(393, 49, 0, 1),
(394, 161, 0, 1),
(395, 53, 0, 1),
(396, 201, 0, 1),
(397, 53, 0, 1),
(398, 53, 0, 1),
(399, 53, 0, 1),
(400, 53, 0, 1),
(401, 201, 0, 1),
(402, 53, 0, 1),
(403, 201, 0, 1),
(404, 92, 0, 2),
(405, 140, 0, 1),
(406, 50, 0, 1),
(407, 190, 0, 1),
(408, 50, 0, 1),
(409, 151, 0, 1);

-- --------------------------------------------------------

--
-- Struktura tabulky `pozice`
--

CREATE TABLE IF NOT EXISTS `pozice` (
  `pozice_id` smallint(6) NOT NULL,
  `sklad_id` smallint(6) NOT NULL,
  `oznaceni_pozice` varchar(10) COLLATE utf8_czech_ci NOT NULL,
  `aktivni` char(1) COLLATE utf8_czech_ci DEFAULT NULL,
  PRIMARY KEY (`pozice_id`),
  KEY `POZICE_SKLAD_FK` (`sklad_id`)
) ENGINE=MyISAM DEFAULT CHARSET=utf8 COLLATE=utf8_czech_ci;

--
-- Vypisuji data pro tabulku `pozice`
--

INSERT INTO `pozice` (`pozice_id`, `sklad_id`, `oznaceni_pozice`, `aktivni`) VALUES
(1, 1, 'B.1.1', 'A'),
(2, 1, 'B.1.2', 'A'),
(3, 1, 'B.1.3', 'A'),
(4, 1, 'B.1.4', 'A'),
(5, 1, 'B.2.1', 'A'),
(6, 1, 'B.2.2', 'A'),
(7, 1, 'B.2.3', 'A'),
(8, 1, 'B.2.4', 'A'),
(9, 1, 'B.2.5', 'A'),
(10, 1, 'B.2.6', 'A'),
(11, 1, 'B.2.7', 'A'),
(12, 1, 'B.2.8', 'A'),
(13, 1, 'B.3.1', 'A'),
(14, 1, 'B.3.2', 'A'),
(15, 1, 'B.3.3', 'A'),
(16, 1, 'B.3.4', 'A'),
(17, 1, 'B.3.5', 'A'),
(18, 1, 'B.3.6', 'A'),
(19, 1, 'B.3.7', 'A'),
(20, 1, 'B.3.8', 'A'),
(21, 1, 'B.4.1', 'A'),
(22, 1, 'B.4.2', 'A'),
(23, 1, 'B.4.3', 'A'),
(24, 1, 'B.4.4', 'A'),
(25, 1, 'B.4.5', 'A'),
(26, 1, 'B.4.6', 'A'),
(27, 1, 'B.4.7', 'A'),
(28, 1, 'B.4.8', 'A'),
(29, 1, 'B.4.9', 'A'),
(30, 1, 'B.4.10', 'N'),
(31, 1, 'A.1.1', 'A'),
(32, 1, 'A.1.2', 'A'),
(33, 1, 'A.1.3', 'A'),
(34, 1, 'A.1.4', 'A'),
(35, 1, 'A.1.5', 'A'),
(36, 1, 'A.1.6', 'A'),
(37, 1, 'A.1.7', 'A'),
(38, 1, 'A.1.8', 'A'),
(39, 1, 'A.1.9', 'A'),
(40, 1, 'A.1.10', 'A'),
(41, 1, 'A.2.1', 'A'),
(42, 1, 'A.2.2', 'A'),
(43, 1, 'A.2.3', 'A'),
(44, 1, 'A.2.4', 'A'),
(45, 1, 'A.2.5', 'A'),
(46, 1, 'A.2.6', 'A'),
(47, 1, 'A.2.7', 'A'),
(48, 1, 'A.2.8', 'A'),
(49, 1, 'A.2.9', 'A'),
(50, 1, 'A.2.10', 'A'),
(51, 1, 'A.3.1', 'A'),
(52, 1, 'A.3.2', 'A'),
(53, 1, 'A.3.3', 'A'),
(54, 1, 'A.3.4', 'A'),
(55, 1, 'A.3.5', 'A'),
(56, 1, 'A.3.6', 'A'),
(57, 1, 'A.3.7', 'A'),
(58, 1, 'A.3.8', 'A'),
(59, 1, 'A.3.9', 'A'),
(60, 1, 'A.3.10', 'A'),
(61, 1, 'A.3.11', 'A'),
(62, 1, 'A.4.1', 'A'),
(63, 1, 'A.4.2', 'A'),
(64, 1, 'A.4.3', 'A'),
(65, 1, 'A.4.4', 'A'),
(66, 1, 'A.4.5', 'A'),
(67, 1, 'A.4.6', 'A'),
(68, 1, 'A.4.7', 'A'),
(69, 1, 'A.4.8', 'A'),
(70, 1, 'A.4.9', 'A'),
(71, 1, 'C.1.1', 'A'),
(72, 1, 'C.1.2', 'A'),
(73, 1, 'D.1.1', 'A'),
(74, 1, 'D.1.2', 'A'),
(75, 1, 'E.1.1', 'A'),
(76, 1, 'E.2.1', 'A'),
(77, 1, 'E.3.1', 'A'),
(78, 1, 'F.1.1', 'A'),
(79, 1, 'F.1.2', 'A'),
(80, 1, 'F.1.3', 'A'),
(81, 1, 'F.1.4', 'A'),
(82, 1, 'F.1.5', 'A'),
(83, 1, 'F.1.6', 'A'),
(84, 1, 'F.1.7', 'A'),
(85, 1, 'F.1.8', 'A'),
(86, 1, 'F.1.9', 'A'),
(87, 1, 'F.1.10', 'A'),
(88, 1, 'F.1.11', 'A'),
(89, 1, 'F.2.1', 'A'),
(90, 1, 'F.2.2', 'A'),
(91, 1, 'F.2.3', 'A'),
(92, 1, 'F.2.4', 'A'),
(93, 1, 'F.2.5', 'A'),
(94, 1, 'F.2.6', 'A'),
(95, 1, 'F.2.7a', 'A'),
(96, 1, 'F.2.8a', 'A'),
(97, 1, 'F.2.9a', 'A'),
(98, 1, 'F.2.10a', 'A'),
(99, 1, 'F.2.11', 'A'),
(100, 1, 'A.1.11', 'A'),
(101, 1, 'A.4.10', 'A'),
(102, 1, 'B.1.5', 'A'),
(103, 1, 'B.1.6', 'A'),
(104, 1, 'D.2.1', 'A'),
(105, 1, 'D.2.2', 'A'),
(106, 1, 'D.3.1', 'A'),
(107, 1, 'I.1.1', 'A'),
(108, 1, 'I.1.2', 'A'),
(109, 1, 'I.1.3', 'A'),
(110, 1, 'I.1.4', 'A'),
(111, 1, 'I.1.5', 'A'),
(112, 1, 'I.1.6', 'A'),
(113, 1, 'I.1.7', 'A'),
(114, 1, 'I.1.8', 'A'),
(115, 1, 'I.1.9', 'A'),
(116, 1, 'I.1.10', 'A'),
(117, 1, 'F.2.12', 'A'),
(118, 1, 'F.2.7b', 'A'),
(119, 1, 'F.2.8b', 'A'),
(120, 1, 'F.2.9b', 'A'),
(121, 1, 'F.2.9c', 'A'),
(122, 1, 'F.2.10b', 'A'),
(123, 1, 'F.2.10c', 'A'),
(124, 1, 'F.2.12a', 'A'),
(125, 1, 'F.2.12b', 'A'),
(126, 2, 'B.1.1', 'A'),
(127, 2, 'B.1.2', 'A'),
(128, 2, 'B.1.3', 'A'),
(129, 2, 'B.1.4', 'A'),
(130, 2, 'B.2.1', 'A'),
(131, 2, 'B.2.2', 'A'),
(132, 2, 'B.2.3', 'A'),
(133, 2, 'B.2.4', 'A'),
(134, 2, 'B.2.5', 'A'),
(135, 2, 'B.2.6', 'A'),
(136, 2, 'B.2.7', 'A'),
(137, 2, 'B.2.8', 'A'),
(138, 2, 'B.3.1', 'A'),
(139, 2, 'B.3.2', 'A'),
(140, 2, 'B.3.3', 'A'),
(141, 2, 'B.3.4', 'A'),
(142, 2, 'B.3.5', 'A'),
(143, 2, 'B.3.6', 'A'),
(144, 2, 'B.3.7', 'A'),
(145, 2, 'B.3.8', 'A'),
(146, 2, 'B.4.1', 'A'),
(147, 2, 'B.4.2', 'A'),
(148, 2, 'B.4.3', 'A'),
(149, 2, 'B.4.4', 'A'),
(150, 2, 'B.4.5', 'A'),
(151, 2, 'B.4.6', 'A'),
(152, 2, 'B.4.7', 'A'),
(153, 2, 'B.4.8', 'A'),
(154, 2, 'B.4.9', 'A'),
(155, 2, 'B.4.10', 'N'),
(156, 2, 'A.1.1', 'A'),
(157, 2, 'A.1.2', 'A'),
(158, 2, 'A.1.3', 'A'),
(159, 2, 'A.1.4', 'A'),
(160, 2, 'A.1.5', 'A'),
(161, 2, 'A.1.6', 'A'),
(162, 2, 'A.1.7', 'A'),
(163, 2, 'A.1.8', 'A'),
(164, 2, 'A.1.9', 'A'),
(165, 2, 'A.1.10', 'A'),
(166, 2, 'A.2.1', 'A'),
(167, 2, 'A.2.2', 'A'),
(168, 2, 'A.2.3', 'A'),
(169, 2, 'A.2.4', 'A'),
(170, 2, 'A.2.5', 'A'),
(171, 2, 'A.2.6', 'A'),
(172, 2, 'A.2.7', 'A'),
(173, 2, 'A.2.8', 'A'),
(174, 2, 'A.2.9', 'A'),
(175, 2, 'A.2.10', 'A'),
(176, 2, 'A.3.1', 'A'),
(177, 2, 'A.3.2', 'A'),
(178, 2, 'A.3.3', 'A'),
(179, 2, 'A.3.4', 'A'),
(180, 2, 'A.3.5', 'A'),
(181, 2, 'A.3.6', 'A'),
(182, 2, 'A.3.7', 'A'),
(183, 2, 'A.3.8', 'A'),
(184, 2, 'A.3.9', 'A'),
(185, 2, 'A.3.10', 'A'),
(186, 2, 'A.3.11', 'A'),
(187, 2, 'A.4.1', 'A'),
(188, 2, 'A.4.2', 'A'),
(189, 2, 'A.4.3', 'A'),
(190, 2, 'A.4.4', 'A'),
(191, 2, 'A.4.5', 'A'),
(192, 2, 'A.4.6', 'A'),
(193, 2, 'A.4.7', 'A'),
(194, 2, 'A.4.8', 'A'),
(195, 2, 'A.4.9', 'A'),
(196, 2, 'C.1.1', 'A'),
(197, 2, 'C.1.2', 'A'),
(198, 2, 'D.1.1', 'A'),
(199, 2, 'D.1.2', 'A'),
(200, 2, 'E.1.1', 'A'),
(201, 2, 'E.2.1', 'A'),
(202, 2, 'E.3.1', 'A'),
(203, 2, 'F.1.1', 'A'),
(204, 2, 'F.1.2', 'A'),
(205, 2, 'F.1.3', 'A'),
(206, 2, 'F.1.4', 'A'),
(207, 2, 'F.1.5', 'A'),
(208, 2, 'F.1.6', 'A'),
(209, 2, 'F.1.7', 'A'),
(210, 2, 'F.1.8', 'A'),
(211, 2, 'F.1.9', 'A'),
(212, 2, 'F.1.10', 'A'),
(213, 2, 'F.1.11', 'A'),
(214, 2, 'F.2.1', 'A'),
(215, 2, 'F.2.2', 'A'),
(216, 2, 'F.2.3', 'A'),
(217, 2, 'F.2.4', 'A'),
(218, 2, 'F.2.5', 'A'),
(219, 2, 'F.2.6', 'A'),
(220, 2, 'F.2.7a', 'A'),
(221, 2, 'F.2.8a', 'A'),
(222, 2, 'F.2.9a', 'A'),
(223, 2, 'F.2.10a', 'A'),
(224, 2, 'F.2.11', 'A'),
(225, 2, 'A.1.11', 'A'),
(226, 2, 'A.4.10', 'A'),
(227, 2, 'B.1.5', 'A'),
(228, 2, 'B.1.6', 'A'),
(229, 2, 'D.2.1', 'A'),
(230, 2, 'D.2.2', 'A'),
(231, 2, 'D.3.1', 'A'),
(232, 2, 'I.1.1', 'A'),
(233, 2, 'I.1.2', 'A'),
(234, 2, 'I.1.3', 'A'),
(235, 2, 'I.1.4', 'A'),
(236, 2, 'I.1.5', 'A'),
(237, 2, 'I.1.6', 'A'),
(238, 2, 'I.1.7', 'A'),
(239, 2, 'I.1.8', 'A'),
(240, 2, 'I.1.9', 'A'),
(241, 2, 'I.1.10', 'A'),
(242, 2, 'F.2.12', 'A'),
(243, 2, 'F.2.7b', 'A'),
(244, 2, 'F.2.8b', 'A'),
(245, 2, 'F.2.9b', 'A'),
(246, 2, 'F.2.9c', 'A'),
(247, 2, 'F.2.10b', 'A'),
(248, 2, 'F.2.10c', 'A'),
(249, 2, 'F.2.12a', 'A'),
(250, 2, 'F.2.12b', 'A'),
(251, 3, 'D.1.1', 'A'),
(252, 3, 'D.1.2', 'A'),
(253, 3, 'D.2.1', 'A'),
(254, 3, 'D.2.2', 'A'),
(255, 3, 'D.3.1', 'A'),
(256, 3, 'D.3.2', 'A'),
(257, -1, 'D.1.1', 'A'),
(258, -1, 'D.1.2', 'A'),
(259, -1, 'D.2.1', 'A'),
(260, -1, 'D.2.2', 'A'),
(261, -1, 'D.3.1', 'A'),
(262, -1, 'D.3.2', 'A'),
(263, -2, 'D.1.1', 'A'),
(264, -2, 'D.1.2', 'A'),
(265, -2, 'D.2.1', 'A'),
(266, -2, 'D.2.2', 'A'),
(267, -2, 'D.3.1', 'A'),
(268, -2, 'D.3.2', 'A'),
(269, 5, 'D.1.1', 'A'),
(270, 5, 'D.1.2', 'A'),
(271, 5, 'D.2.1', 'A'),
(272, 5, 'D.2.2', 'A'),
(273, 5, 'D.3.1', 'A'),
(274, 5, 'D.3.2', 'A'),
(275, 4, 'akce', 'A'),
(276, 6, 'GaD', 'A'),
(277, 7, 'vyřazení', 'A');

-- --------------------------------------------------------

--
-- Struktura tabulky `protokol_polozky`
--

CREATE TABLE IF NOT EXISTS `protokol_polozky` (
  `polozka_skladem_id` smallint(6) NOT NULL,
  `protokol` varchar(255) NOT NULL,
  `poznamka` varchar(255) DEFAULT NULL,
  PRIMARY KEY (`polozka_skladem_id`)
) ENGINE=MyISAM DEFAULT CHARSET=utf8;

-- --------------------------------------------------------

--
-- Struktura tabulky `reklamace`
--

CREATE TABLE IF NOT EXISTS `reklamace` (
  `rekl_id` int(11) NOT NULL,
  `prijal_osoba_id` smallint(6) NOT NULL,
  `resi_osoba_id` smallint(6) NOT NULL,
  `rekl_zaznam_id` int(11) NOT NULL,
  `popis` varchar(255) NOT NULL,
  `cislo_dokl` varchar(20) NOT NULL,
  `stav_popis` varchar(255) DEFAULT NULL,
  `dat_dalsi_zmeny` date DEFAULT NULL,
  `stav_rekl_id` smallint(6) NOT NULL,
  `dat_vlozeni` datetime NOT NULL,
  `dat_zmeny` datetime DEFAULT NULL,
  `dat_smazani` datetime DEFAULT NULL,
  PRIMARY KEY (`rekl_id`),
  KEY `REKLAMACE_NAKUP_PRODEJ_FK` (`rekl_zaznam_id`),
  KEY `REKLAMACE_OSOBA_FKv1` (`prijal_osoba_id`),
  KEY `REKLAMACE_STAV_REKLAMACE_FK` (`stav_rekl_id`),
  KEY `REKLAMACE_USER_FK` (`resi_osoba_id`)
) ENGINE=MyISAM DEFAULT CHARSET=utf8;

-- --------------------------------------------------------

--
-- Struktura tabulky `role`
--

CREATE TABLE IF NOT EXISTS `role` (
  `role_id` smallint(6) NOT NULL,
  `popis_role` varchar(30) NOT NULL,
  PRIMARY KEY (`role_id`)
) ENGINE=MyISAM DEFAULT CHARSET=utf8;

-- --------------------------------------------------------

--
-- Struktura tabulky `sklad`
--

CREATE TABLE IF NOT EXISTS `sklad` (
  `sklad_id` smallint(6) NOT NULL AUTO_INCREMENT,
  `priorita` smallint(6) NOT NULL,
  `nazev_skladu` varchar(20) DEFAULT NULL,
  `dat_vlozeni` datetime NOT NULL,
  `dat_zmeny` datetime DEFAULT NULL,
  `dat_smazani` datetime DEFAULT NULL,
  `aktivni` char(1) DEFAULT NULL,
  `je_menu` char(1) NOT NULL,
  PRIMARY KEY (`sklad_id`)
) ENGINE=MyISAM  DEFAULT CHARSET=utf8 AUTO_INCREMENT=10 ;

--
-- Vypisuji data pro tabulku `sklad`
--

INSERT INTO `sklad` (`sklad_id`, `priorita`, `nazev_skladu`, `dat_vlozeni`, `dat_zmeny`, `dat_smazani`, `aktivni`, `je_menu`) VALUES
(2, 99, 'Půjčovna', '2013-04-16 00:00:00', NULL, NULL, 'A', 'A'),
(1, 30, 'Prodej', '2013-04-16 00:00:00', NULL, NULL, 'A', 'A'),
(-99, 99, 'Soukr.nákupy', '2013-04-16 00:00:00', NULL, NULL, 'A', 'N'),
(-2, 70, 'Fiktivní komise', '2013-04-16 00:00:00', NULL, NULL, 'A', 'N'),
(-1, 70, 'Fiktivní sklad', '2013-04-16 00:00:00', NULL, NULL, 'A', 'N'),
(3, 30, 'Komise', '2013-04-16 00:00:00', NULL, NULL, 'A', 'A'),
(4, 10, 'Akce', '2013-04-16 00:00:00', NULL, NULL, 'A', 'A'),
(5, 20, 'Objednávka', '2013-04-16 00:00:00', NULL, NULL, 'A', 'N'),
(6, 30, 'GaD', '2013-04-16 00:00:00', NULL, NULL, 'A', 'N'),
(7, 99, 'Vyřazení', '2013-04-16 00:00:00', NULL, NULL, 'A', 'N'),
(8, 99, 'Ztráty 2011', '2013-04-16 00:00:00', NULL, NULL, 'A', 'N'),
(9, 99, 'Ztráty 2012', '2013-04-16 00:00:00', NULL, NULL, 'A', 'N');

-- --------------------------------------------------------

--
-- Struktura tabulky `skupina`
--

CREATE TABLE IF NOT EXISTS `skupina` (
  `skupina_id` smallint(6) NOT NULL,
  `popis` varchar(30) NOT NULL,
  PRIMARY KEY (`skupina_id`)
) ENGINE=MyISAM DEFAULT CHARSET=utf8;

-- --------------------------------------------------------

--
-- Struktura tabulky `slevy`
--

CREATE TABLE IF NOT EXISTS `slevy` (
  `sleva_id` smallint(6) NOT NULL,
  `sleva_popis` varchar(20) DEFAULT NULL,
  `sleva_proc` double DEFAULT NULL,
  `sleva_prodej_stribrna` char(1) NOT NULL,
  `sleva_prodej_zlata` char(1) NOT NULL,
  PRIMARY KEY (`sleva_id`)
) ENGINE=MyISAM DEFAULT CHARSET=utf8;

-- --------------------------------------------------------

--
-- Struktura tabulky `stat`
--

CREATE TABLE IF NOT EXISTS `stat` (
  `stat_id` smallint(6) NOT NULL,
  `nazev_statu` varchar(25) NOT NULL,
  `predvolba` varchar(6) NOT NULL,
  PRIMARY KEY (`stat_id`)
) ENGINE=MyISAM DEFAULT CHARSET=utf8;

--
-- Vypisuji data pro tabulku `stat`
--

INSERT INTO `stat` (`stat_id`, `nazev_statu`, `predvolba`) VALUES
(1, 'Afghánistán', '+93'),
(2, 'Angola', '+244'),
(3, 'Anguilla', '+1264'),
(4, 'Albánie', '+355'),
(5, 'Andorra', '+376'),
(7, 'Spojené arabské emiráty', '+971'),
(8, 'Argentina', '+54'),
(9, 'Arménie', '+374'),
(10, 'Americká Samoa', '+1684'),
(11, 'Antarktida', ''),
(12, 'Francouzská jižní a antar', ''),
(13, 'Antigua a Barbuda', '+1268'),
(14, 'Austrálie', '+61'),
(15, 'Rakousko', '+43'),
(16, 'Ázerbájdžán', '+994'),
(17, 'Burundi', '+257'),
(18, 'Belgie', '+32'),
(19, 'Benin', '+229'),
(20, 'Burkina Faso', '+226'),
(21, 'Bangladéš', '+880'),
(22, 'Bulharsko', '+359'),
(23, 'Bahrajn', '+973'),
(24, 'Bahamy', '+1242'),
(25, 'Bosna a Hercegovina', '+387'),
(26, 'Bělorusko', '+375'),
(27, 'Belize', '+501'),
(28, 'Bermudy', '+1441'),
(29, 'Bolívie', '+591'),
(30, 'Brazílie', '+55'),
(31, 'Barbados', '+1246'),
(32, 'Brunej', '+673'),
(33, 'Bhútán', '+975'),
(34, 'Bouvetův ostrov', ''),
(35, 'Botswana', '+267'),
(36, 'Středoafrická republika', '+236'),
(37, 'Kanada', '+1'),
(38, 'Kokosové ostrovy', ''),
(39, 'Pobřeží slonoviny', '+225'),
(40, 'Kamerun', '+237'),
(41, 'Demokratická republika Ko', '+243'),
(42, 'Kongo', '+242'),
(43, 'Cookovy ostrovy', '+682'),
(44, 'Kolumbie', '+57'),
(45, 'Komory', '+269'),
(46, 'Kapverdy', '+238'),
(47, 'Kostarika', '+506'),
(48, 'Kuba', '+53'),
(49, 'Vánoční ostrov', ''),
(50, 'Kajmanské ostrovy', '+1345'),
(51, 'Kypr', '+357'),
(52, 'Česká republika', '+420'),
(54, 'Německo', '+49'),
(56, 'Džibutsko', '+253'),
(57, 'Dominika', '+1767'),
(58, 'Dánsko', '+45'),
(59, 'Dominikánská republika', '+1809'),
(60, 'Alžírsko', '+213'),
(61, 'Ekvádor', '+593'),
(62, 'Egypt', '+20'),
(63, 'Eritrea', '+291'),
(64, 'Západní Sahara', ''),
(65, 'Španělsko', '+34'),
(66, 'Estonsko', '+372'),
(67, 'Etiopie', '+251'),
(69, 'Finsko', '+358'),
(70, 'Fidži', '+679'),
(71, 'Falklandy (Malvíny)', '+500'),
(72, 'Francie', ''),
(73, 'Faerské ostrovy', '+298'),
(74, 'Mikronésie', '+691'),
(76, 'Gabon', '+241'),
(77, 'Spojené království', '+44'),
(78, 'Gruzie', '+995'),
(79, 'Ghana', '+233'),
(80, 'Gibraltar', '+350'),
(81, 'Guinea', '+224'),
(82, 'Guadeloupe', '+590'),
(83, 'Gambie', '+220'),
(84, 'Guinea-Bissau', '+245'),
(85, 'Rovníková Guinea', '+240'),
(86, 'Řecko', '+30'),
(87, 'Grenada', '+1473'),
(88, 'Grónsko', '+299'),
(89, 'Guatemala', '+502'),
(90, 'Francouzská Guyana', ''),
(91, 'Guam', '+1671'),
(92, 'Guyana', '+592'),
(93, 'Hongkong', '+852'),
(94, 'Heardův ostrov a McDonald', ''),
(95, 'Honduras', '+504'),
(96, 'Chorvatsko', '+385'),
(97, 'Haiti', '+509'),
(98, 'Maďarsko', '+36'),
(99, 'Švýcarsko', '+41'),
(100, 'Chile', '+56'),
(101, 'Čína', '+86'),
(102, 'Indonésie', '+62'),
(103, 'Indie', '+91'),
(105, 'Britské indickooceánské ú', ''),
(106, 'Irsko', '+353'),
(107, 'Írán', '+98'),
(108, 'Irák', '+964'),
(109, 'Island', '+354'),
(110, 'Izrael', '+972'),
(111, 'Itálie', '+39'),
(112, 'Jamajka', '+1876'),
(113, 'Jordánsko', '+962'),
(114, 'Japonsko', '+81'),
(115, 'Kazachstán', '+7'),
(116, 'Keňa', '+254'),
(117, 'Kyrgyzstán', '+996'),
(118, 'Kambodža', '+855'),
(119, 'Kiribati', '+686'),
(120, 'Svatý Kryštof a Nevis', '+1869'),
(121, 'Jižní Korea', '+82'),
(122, 'Kuvajt', '+965'),
(123, 'Laos', '+856'),
(124, 'Libanon', '+961'),
(125, 'Libérie', '+231'),
(126, 'Libye', '+218'),
(127, 'Svatá Lucie', ''),
(128, 'Lichtenštejnsko', '+423'),
(129, 'Srí Lanka', '+94'),
(130, 'Lesotho', '+266'),
(131, 'Litva', '+370'),
(132, 'Lucembursko', '+352'),
(133, 'Lotyšsko', '+371'),
(134, 'Macao', '+853'),
(135, 'Maroko', '+212'),
(136, 'Monako', '+377'),
(137, 'Moldavsko', '+373'),
(138, 'Madagaskar', '+261'),
(139, 'Maledivy', '+960'),
(140, 'Mexiko', '+52'),
(141, 'Marshallovy ostrovy', '+692'),
(142, 'Makedonie', '+389'),
(143, 'Mali', '+223'),
(144, 'Malta', '+356'),
(145, 'Myanmar (Barma)', '+95'),
(146, 'Mongolsko', '+976'),
(147, 'Severní Mariany', '+167'),
(148, 'Mosambik', '+258'),
(149, 'Mauritánie', '+222'),
(150, 'Montserrat', '+1664'),
(152, 'Martinik', '+596'),
(153, 'Mauricius', '+230'),
(154, 'Malawi', '+265'),
(155, 'Malajsie', '+60'),
(156, 'Mayotte', '+269'),
(157, 'Namibie', '+264'),
(158, 'Nová Kaledonie', '+687'),
(159, 'Niger', '+227'),
(160, 'Norfolk', ''),
(161, 'Nigérie', '+234'),
(162, 'Nikaragua', '+505'),
(163, 'Niue', '+683'),
(164, 'Nizozemsko', '+31'),
(165, 'Norsko', '+47'),
(166, 'Nepál', '+977'),
(167, 'Nauru', '+674'),
(168, 'Nový Zéland', '+64'),
(169, 'Omán', '+968'),
(171, 'Pákistán', '+92'),
(172, 'Panama', '+507'),
(173, 'Pitcairnovy ostrovy', ''),
(174, 'Peru', '+51'),
(175, 'Filipíny', '+63'),
(176, 'Palau', '+680'),
(177, 'Papua-Nová Guinea', '+675'),
(178, 'Polsko', '+48'),
(179, 'Portoriko', '+1939'),
(180, 'Severní Korea', '+850'),
(181, 'Portugalsko', '+351'),
(182, 'Paraguay', '+595'),
(183, 'Francouzská Polynésie', '+689'),
(184, 'Katar', '+974'),
(186, 'Réunion', '+262'),
(189, 'Rusko', '+7'),
(190, 'Rwanda', '+250'),
(191, 'Saúdská Arábie', '+966'),
(192, 'Súdán', '+249'),
(193, 'Senegal', '+221'),
(194, 'Singapur', '+65'),
(195, 'Jižní Georgie a Jižní San', ''),
(196, 'Svatá Helena, Ascension a', '+290'),
(197, 'Špicberky a Jan Mayen', ''),
(198, 'Šalamounovy ostrovy', '+677'),
(199, 'Sierra Leone', '+232'),
(200, 'Salvador', '+503'),
(201, 'San Marino', '+378'),
(202, 'Somálsko', '+252'),
(204, 'Saint-Pierre a Miquelon', '+508'),
(205, 'Srbsko', '+381'),
(206, 'Svatý Tomáš a Princův ost', '+239'),
(207, 'Surinam', '+597'),
(208, 'Slovensko', '+421'),
(209, 'Slovinsko', '+386'),
(210, 'Švédsko', '+46'),
(211, 'Svazijsko', '+268'),
(212, 'Seychely', '+248'),
(213, 'Sýrie', '+963'),
(214, 'Turks a Caicos', '+1649'),
(215, 'Čad', '+235'),
(216, 'Togo', '+228'),
(217, 'Thajsko', '+66'),
(218, 'Tádžikistán', '+992'),
(219, 'Tokelau', '+690'),
(220, 'Turkmenistán', '+993'),
(222, 'Tonga', '+676'),
(223, 'Trinidad a Tobago', '+1868'),
(224, 'Tunisko', '+216'),
(225, 'Turecko', '+90'),
(226, 'Tuvalu', '+688'),
(227, 'Tchaj-wan', '+886'),
(228, 'Tanzanie', '+255'),
(229, 'Uganda', '+256'),
(230, 'Ukrajina', '+380'),
(231, 'Menší odlehlé ostrovy USA', ''),
(232, 'Uruguay', '+598'),
(233, 'Spojené státy americké', '+1'),
(234, 'Uzbekistán', '+998'),
(235, 'Vatikán', '+39'),
(236, 'Svatý Vincenc a Grenadiny', '+1784'),
(237, 'Venezuela', '+58'),
(238, 'Britské Panenské ostrovy', '+1284'),
(239, 'Americké Panenské ostrovy', '+134'),
(240, 'Vietnam', '+84'),
(241, 'Vanuatu', '+678'),
(242, 'Wallis a Futuna', '+681'),
(243, 'Samoa', '+685'),
(244, 'Jemen', '+967'),
(246, 'Jihoafrická republika', '+27'),
(248, 'Zambie', '+260'),
(249, 'Zimbabwe', '+263');

-- --------------------------------------------------------

--
-- Struktura tabulky `stav_objednavky`
--

CREATE TABLE IF NOT EXISTS `stav_objednavky` (
  `stav_obj_id` smallint(6) NOT NULL,
  `nazev_stavu_obj` varchar(20) NOT NULL,
  `popis_stavu_obj` varchar(50) DEFAULT NULL,
  PRIMARY KEY (`stav_obj_id`)
) ENGINE=MyISAM DEFAULT CHARSET=utf8;

-- --------------------------------------------------------

--
-- Struktura tabulky `stav_polozky`
--

CREATE TABLE IF NOT EXISTS `stav_polozky` (
  `stav_id` smallint(6) NOT NULL,
  `stav_kod` char(1) NOT NULL,
  `popis_stavu` varchar(250) NOT NULL,
  `dat_vlozeni` datetime NOT NULL,
  `dat_zmeny` datetime DEFAULT NULL,
  `dat_smazani` datetime DEFAULT NULL,
  `aktivni` char(1) NOT NULL,
  PRIMARY KEY (`stav_id`)
) ENGINE=MyISAM DEFAULT CHARSET=utf8;

--
-- Vypisuji data pro tabulku `stav_polozky`
--

INSERT INTO `stav_polozky` (`stav_id`, `stav_kod`, `popis_stavu`, `dat_vlozeni`, `dat_zmeny`, `dat_smazani`, `aktivni`) VALUES
(1, 'A', 'nová', '2013-04-16 00:00:00', NULL, NULL, 'A'),
(2, 'B', 'výborný', '2013-04-16 00:00:00', NULL, NULL, 'A'),
(3, 'C', 'dobrý', '2013-04-16 00:00:00', NULL, NULL, 'A'),
(4, 'D', 'ucházející', '2013-04-16 00:00:00', NULL, NULL, 'A'),
(5, 'E', 'mírně poškozená', '2013-04-16 00:00:00', NULL, NULL, 'A'),
(6, 'F', 'poškozená, ale hratelná', '2013-04-16 00:00:00', NULL, NULL, 'A'),
(7, 'X', 'k vyřazení', '2013-04-16 00:00:00', NULL, NULL, 'A');

-- --------------------------------------------------------

--
-- Struktura tabulky `stav_reklamace`
--

CREATE TABLE IF NOT EXISTS `stav_reklamace` (
  `stav_rekl_id` smallint(6) NOT NULL,
  `popis_stavu_rekl` varchar(250) NOT NULL,
  PRIMARY KEY (`stav_rekl_id`)
) ENGINE=MyISAM DEFAULT CHARSET=utf8;

-- --------------------------------------------------------

--
-- Struktura tabulky `typ_dokladu`
--

CREATE TABLE IF NOT EXISTS `typ_dokladu` (
  `typ_dokladu_id` smallint(6) NOT NULL,
  `popis_typu_dokl` varchar(20) NOT NULL,
  `je_prijem` char(1) NOT NULL,
  PRIMARY KEY (`typ_dokladu_id`)
) ENGINE=MyISAM DEFAULT CHARSET=utf8;

-- --------------------------------------------------------

--
-- Struktura tabulky `typ_objednavky`
--

CREATE TABLE IF NOT EXISTS `typ_objednavky` (
  `typ_obj_id` smallint(6) NOT NULL,
  `popis` varchar(20) NOT NULL,
  PRIMARY KEY (`typ_obj_id`)
) ENGINE=MyISAM DEFAULT CHARSET=utf8;

--
-- Vypisuji data pro tabulku `typ_objednavky`
--

INSERT INTO `typ_objednavky` (`typ_obj_id`, `popis`) VALUES
(1, 'Objednávka'),
(2, 'Půjčení');

-- --------------------------------------------------------

--
-- Struktura tabulky `typ_polozky`
--

CREATE TABLE IF NOT EXISTS `typ_polozky` (
  `typ_pol_id` smallint(6) NOT NULL,
  `popis_pol` varchar(20) NOT NULL,
  `dat_vlozeni` datetime NOT NULL,
  `dat_zmeny` datetime DEFAULT NULL,
  `dat_smazani` datetime DEFAULT NULL,
  `aktivni` char(1) DEFAULT NULL,
  PRIMARY KEY (`typ_pol_id`)
) ENGINE=MyISAM DEFAULT CHARSET=utf8;

--
-- Vypisuji data pro tabulku `typ_polozky`
--

INSERT INTO `typ_polozky` (`typ_pol_id`, `popis_pol`, `dat_vlozeni`, `dat_zmeny`, `dat_smazani`, `aktivni`) VALUES
(1, 'zboží', '2013-04-15 00:00:00', NULL, NULL, 'A'),
(2, 'služby', '2013-04-15 00:00:00', NULL, NULL, 'A');

-- --------------------------------------------------------

--
-- Struktura tabulky `typ_vztahu_polozek`
--

CREATE TABLE IF NOT EXISTS `typ_vztahu_polozek` (
  `vztah_id` smallint(6) NOT NULL,
  `popis_vztahu` varchar(50) DEFAULT NULL,
  `dat_vlozeni` datetime NOT NULL,
  `dat_zmeny` datetime DEFAULT NULL,
  `dat_smazani` datetime DEFAULT NULL,
  `aktivni` char(1) DEFAULT NULL,
  PRIMARY KEY (`vztah_id`)
) ENGINE=MyISAM DEFAULT CHARSET=utf8;

-- --------------------------------------------------------

--
-- Struktura tabulky `votes_new`
--

CREATE TABLE IF NOT EXISTS `votes_new` (
  `id` int(11) NOT NULL AUTO_INCREMENT,
  `type` varchar(15) NOT NULL,
  `parent_id` int(11) NOT NULL,
  `vote` tinyint(4) NOT NULL,
  `browser` varchar(255) NOT NULL,
  `ip` int(11) unsigned NOT NULL,
  `time` timestamp NOT NULL DEFAULT CURRENT_TIMESTAMP,
  PRIMARY KEY (`id`)
) ENGINE=MyISAM  DEFAULT CHARSET=utf8 AUTO_INCREMENT=5 ;

--
-- Vypisuji data pro tabulku `votes_new`
--

INSERT INTO `votes_new` (`id`, `type`, `parent_id`, `vote`, `browser`, `ip`, `time`) VALUES
(1, '', 0, 3, '', 0, '2013-04-23 09:24:49'),
(2, '', 0, 1, '', 0, '2013-04-23 09:24:49'),
(3, '', 1, 3, '', 0, '2013-04-23 09:25:12'),
(4, '', 1, 1, '', 0, '2013-04-23 09:25:12');

-- --------------------------------------------------------

--
-- Struktura tabulky `vypujcka`
--

CREATE TABLE IF NOT EXISTS `vypujcka` (
  `vypujcka_id` int(11) NOT NULL,
  `polozka_skladem_id` smallint(6) NOT NULL,
  `datum_zapujceni` date NOT NULL,
  `datum_navraceni_plan` date NOT NULL,
  `datum_navraceni` date DEFAULT NULL,
  `cena_zalohy` double NOT NULL,
  `cena_vypujcky` double NOT NULL,
  `cena_prodleni` double DEFAULT NULL,
  `cena_poskozeni` double DEFAULT NULL,
  `protokol` varchar(250) DEFAULT NULL,
  `pujceni_stav_id` smallint(6) NOT NULL,
  `pujceni_doklad_pk_id` int(11) NOT NULL,
  `pujceni_doklad_fa_id` int(11) NOT NULL,
  `vraceni_stav_id` smallint(6) NOT NULL,
  `vraceni_doklad_pk_id` int(11) NOT NULL,
  `vraceni_doklad_fa_id` int(11) NOT NULL,
  PRIMARY KEY (`vypujcka_id`),
  KEY `VYPUJCKA_FAKTURA_FK` (`vraceni_doklad_fa_id`),
  KEY `VYPUJCKA_FAKTURY_FK` (`pujceni_doklad_fa_id`),
  KEY `VYPUJCKA_POKLADNI_KNIHA_FK` (`vraceni_doklad_pk_id`),
  KEY `VYPUJCKA_POKLADNI_KNIHA_FKv1` (`pujceni_doklad_pk_id`),
  KEY `VYPUJCKA_POLOZKA_SKLADEM_FK` (`polozka_skladem_id`),
  KEY `VYPUJCKA_STAV_POLOZKY_FK` (`pujceni_stav_id`),
  KEY `VYPUJCKA_STAV_POLOZKY_FKv1` (`vraceni_stav_id`)
) ENGINE=MyISAM DEFAULT CHARSET=utf8;

--
-- Vypisuji data pro tabulku `vypujcka`
--

INSERT INTO `vypujcka` (`vypujcka_id`, `polozka_skladem_id`, `datum_zapujceni`, `datum_navraceni_plan`, `datum_navraceni`, `cena_zalohy`, `cena_vypujcky`, `cena_prodleni`, `cena_poskozeni`, `protokol`, `pujceni_stav_id`, `pujceni_doklad_pk_id`, `pujceni_doklad_fa_id`, `vraceni_stav_id`, `vraceni_doklad_pk_id`, `vraceni_doklad_fa_id`) VALUES
(1, 1, '2013-05-15', '2013-05-22', NULL, 500, 50, NULL, NULL, NULL, 0, 0, 0, 0, 0, 0),
(2, 1, '2013-05-15', '2013-05-21', NULL, 500, 50, NULL, NULL, NULL, 0, 0, 0, 0, 0, 0);

-- --------------------------------------------------------

--
-- Struktura tabulky `vztah_kategorii`
--

CREATE TABLE IF NOT EXISTS `vztah_kategorii` (
  `kategorie_id` int(6) NOT NULL AUTO_INCREMENT,
  `kategorie_nad_id` int(6) NOT NULL,
  KEY `VZTAH_KATEGORII_KATEGORIE_FK` (`kategorie_id`)
) ENGINE=MyISAM  DEFAULT CHARSET=utf8 AUTO_INCREMENT=79 ;

--
-- Vypisuji data pro tabulku `vztah_kategorii`
--

INSERT INTO `vztah_kategorii` (`kategorie_id`, `kategorie_nad_id`) VALUES
(1, 78),
(4, 84),
(4, 92),
(5, 84),
(5, 92),
(6, 84),
(6, 92),
(7, 84),
(8, 84),
(11, 52),
(15, 82),
(16, 84),
(16, 92),
(31, 92),
(35, 84),
(35, 92),
(37, 24),
(39, 84),
(40, 24),
(42, 84),
(42, 92),
(46, 84),
(47, 84),
(51, 24),
(53, 92),
(55, 84),
(60, 84),
(62, 61),
(62, 82),
(65, 82),
(69, 24),
(71, 84),
(71, 92),
(72, 92),
(73, 24),
(74, 84),
(74, 92),
(75, 84),
(75, 92),
(78, 0);

-- --------------------------------------------------------

--
-- Struktura tabulky `vztah_polozek`
--

CREATE TABLE IF NOT EXISTS `vztah_polozek` (
  `Item_id` int(11) NOT NULL,
  `item_vztahova_id` int(11) NOT NULL,
  `vztah_id` smallint(6) NOT NULL,
  PRIMARY KEY (`item_vztahova_id`,`vztah_id`,`Item_id`),
  KEY `VZTAH_POLOZEK_VZTAH_ID` (`vztah_id`),
  KEY `ItemRelation1` (`Item_id`)
) ENGINE=MyISAM DEFAULT CHARSET=utf8;

