{"id":26,"date":"2014-10-30T23:32:44","date_gmt":"2014-10-30T22:32:44","guid":{"rendered":"http:\/\/brennini.com\/?page_id=26"},"modified":"2016-04-11T12:14:28","modified_gmt":"2016-04-11T11:14:28","slug":"kontakt","status":"publish","type":"page","link":"https:\/\/hosting.pilsfree.net\/tembork\/kontakt\/","title":{"rendered":"Kontakt"},"content":{"rendered":"<h4>Brennini kennel<\/h4>\n<h5><a href=\"mailto:info@hosting.pilsfree.net\/tembork\">info@hosting.pilsfree.net\/tembork<\/a><\/h5>\n<h5><a href=\"http:\/\/www.facebook.com\/brenninikennel\" target=\"_blank\">www.facebook.com\/brenninikennel<\/a><\/h5>\n<h4><\/h4>\n<h4>Nikol Be\u0161kov\u00e1<\/h4>\n<p><strong>+420 606 685 537<\/strong><\/p>\n<p><a href=\"mailto:nikol.beskova@gmail.com\">nikol.beskova@gmail.com<\/a><\/p>\n<p><strong>Plze\u0148 &#8211; sever<\/strong><\/p>\n<p style=\"text-align: justify;\"><strong><span class=\"wsite-text wsite-headline-paragraph\">Czech Republic<\/span><\/strong><\/p>\n<p><a href=\"http:\/\/mapy.cz\/s\/g7Km\" target=\"_blank\"><strong>Mapa<\/strong><\/a><\/p>\n<h5><\/h5>\n<h5><\/h5>\n<h5><\/h5>\n<p>&nbsp;<\/p>\n<p>&nbsp;<\/p>\n<h5><\/h5>\n<h5><\/h5>\n<h4>Kontaktn\u00ed formul\u00e1\u0159<\/h4>\n<h5>\u00a0[contact-form-7 id=&#8220;144&#8243; title=&#8220;Kontaktn\u00ed formul\u00e1\u0159 \u00a01&#8243;]<\/h5>\n","protected":false},"excerpt":{"rendered":"<p>Brennini kennel info@hosting.pilsfree.net\/tembork www.facebook.com\/brenninikennel Nikol Be\u0161kov\u00e1 +420 606 685 537 nikol.beskova@gmail.com Plze\u0148 &#8211; sever Czech Republic Mapa &nbsp; &nbsp; Kontaktn\u00ed formul\u00e1\u0159 \u00a0[contact-form-7 id=&#8220;144&#8243; title=&#8220;Kontaktn\u00ed formul\u00e1\u0159 \u00a01&#8243;]<\/p>\n","protected":false},"author":1,"featured_media":0,"parent":0,"menu_order":0,"comment_status":"closed","ping_status":"open","template":"","meta":{"_exactmetrics_skip_tracking":false,"_exactmetrics_sitenote_active":false,"_exactmetrics_sitenote_note":"","_exactmetrics_sitenote_category":0,"footnotes":""},"class_list":["post-26","page","type-page","status-publish","hentry"],"_links":{"self":[{"href":"https:\/\/hosting.pilsfree.net\/tembork\/wp-json\/wp\/v2\/pages\/26"}],"collection":[{"href":"https:\/\/hosting.pilsfree.net\/tembork\/wp-json\/wp\/v2\/pages"}],"about":[{"href":"https:\/\/hosting.pilsfree.net\/tembork\/wp-json\/wp\/v2\/types\/page"}],"author":[{"embeddable":true,"href":"https:\/\/hosting.pilsfree.net\/tembork\/wp-json\/wp\/v2\/users\/1"}],"replies":[{"embeddable":true,"href":"https:\/\/hosting.pilsfree.net\/tembork\/wp-json\/wp\/v2\/comments?post=26"}],"version-history":[{"count":16,"href":"https:\/\/hosting.pilsfree.net\/tembork\/wp-json\/wp\/v2\/pages\/26\/revisions"}],"predecessor-version":[{"id":993,"href":"https:\/\/hosting.pilsfree.net\/tembork\/wp-json\/wp\/v2\/pages\/26\/revisions\/993"}],"wp:attachment":[{"href":"https:\/\/hosting.pilsfree.net\/tembork\/wp-json\/wp\/v2\/media?parent=26"}],"curies":[{"name":"wp","href":"https:\/\/api.w.org\/{rel}","templated":true}]}}