{"id":15,"date":"2014-10-30T23:11:02","date_gmt":"2014-10-30T22:11:02","guid":{"rendered":"http:\/\/brennini.com\/?page_id=15"},"modified":"2018-03-17T18:34:31","modified_gmt":"2018-03-17T17:34:31","slug":"brenda","status":"publish","type":"page","link":"https:\/\/hosting.pilsfree.net\/tembork\/brenda\/","title":{"rendered":"Brenda"},"content":{"rendered":"<h3>Brenda \u0160\u0165astn\u00fd koutek<\/h3>\n<p>&nbsp;<\/p>\n<p><img loading=\"lazy\" decoding=\"async\" class=\"wp-image-387 size-large alignnone\" src=\"http:\/\/hosting.pilsfree.net\/tembork\/wp-content\/uploads\/2014\/10\/DSC_0437i-1024x682.jpg\" alt=\"DSC_0437i\" width=\"590\" height=\"392\" srcset=\"https:\/\/hosting.pilsfree.net\/tembork\/wp-content\/uploads\/2014\/10\/DSC_0437i-1024x682.jpg 1024w, https:\/\/hosting.pilsfree.net\/tembork\/wp-content\/uploads\/2014\/10\/DSC_0437i-300x200.jpg 300w, https:\/\/hosting.pilsfree.net\/tembork\/wp-content\/uploads\/2014\/10\/DSC_0437i-870x580.jpg 870w\" sizes=\"(max-width: 590px) 100vw, 590px\" \/><\/p>\n<p><strong>Plemeno:<\/strong> Australsk\u00fd ov\u010d\u00e1k<\/p>\n<p><strong>Matka<\/strong>:&nbsp;<a href=\"http:\/\/jag-aus.cz\/aus_indi.htm\" target=\"_blank\"><strong>INDIANA SV\u011a\u017d\u00cd V\u00cdTR<\/strong><\/a><\/p>\n<p><strong>Otec<\/strong>: <a href=\"http:\/\/www.perlamahagon.com\/ao\/bred\/bred.html\" target=\"_blank\"><strong>C.I.B. GrCh. MultiCh. BRED SRDCOV\u00c9 ESO<\/strong><\/a><\/p>\n<p><strong>Rodokmen:&nbsp;<a href=\"http:\/\/kchbo.com\/genealogie\/genealogie.php?strana=1&amp;topMenu=1&amp;cat=1&amp;gPage=1&amp;gName=&amp;gSearch=&amp;gCmku=1&amp;gAct=detail&amp;action=home&amp;ID=40817\" target=\"_blank\"><span style=\"text-decoration: underline;\">ZDE<\/span><\/a><\/strong><\/p>\n<p><strong>Datum narozen\u00ed<\/strong>:&nbsp;21.09.2013<\/p>\n<p><strong>\u010c\u00edslo z\u00e1pisu:&nbsp;<\/strong>CMKU\/AUO\/1784\/13<\/p>\n<p><strong>\u010c\u00edslo chipu: <\/strong>203096100138112<\/p>\n<p><strong>Chovatel<\/strong>: <a href=\"http:\/\/www.jag-aus.cz\/index_aus.htm\">Olga H\u00e1jkov\u00e1<\/a><\/p>\n<p><strong>Majitel:<\/strong> Nikola Be\u0161kov\u00e1<\/p>\n<p><strong>Barva:<\/strong> \u010derven\u00e1 s b\u00edl\u00fdmi znaky a hn\u011bd\u00fdm p\u00e1len\u00edm<\/p>\n<p><strong>V\u00fd\u0161ka: <\/strong>49&nbsp;cm<\/p>\n<p><strong>V\u00e1ha:<\/strong> 21 kg<\/p>\n<p><strong>Zuby:<\/strong> plnochrup\u00e1<\/p>\n<p><strong>Skus: <\/strong>n\u016f\u017ekov\u00fd<\/p>\n<p><strong>Ocas: <\/strong>dlouh\u00fd, dokup\u00edrov\u00e1n<\/p>\n<p>&nbsp;<\/p>\n<p><strong>ZDRAV\u00cd<\/strong><\/p>\n<p><strong>CEA:<\/strong>&nbsp; +\/+ <strong><br \/>\nPRA:&nbsp;<\/strong> +\/+ <strong><br \/>\nHSF4: <\/strong>+\/- <strong><br \/>\nMDR1: <\/strong>+\/+<strong><br \/>\nPHA: <\/strong>neg.<\/p>\n<p><strong>DKK:<\/strong>&nbsp;A\/A<strong><br \/>\n<strong>DLK<\/strong>: <\/strong>0\/0<strong><br \/>\n<\/strong><\/p>\n<p>&nbsp;<\/p>\n<p><strong>DOV:<\/strong>&nbsp; 5.2.2015 prost\u00e1 (eye test clear)<strong><br \/>\n<\/strong>&nbsp; &nbsp; &nbsp; &nbsp; 26.1.2016&nbsp;prost\u00e1 (eye test clear)<strong><br \/>\n<\/strong>&nbsp; &nbsp; &nbsp; &nbsp; 24.11.2016&nbsp;prost\u00e1 (eye test clear)<strong><br \/>\n<\/strong>&nbsp; &nbsp; &nbsp; &nbsp; 25.1.2018 prost\u00e1 (eye test clear)<\/p>\n<p>&nbsp;<\/p>\n<p><strong>ZKOU\u0160KY:<\/strong><\/p>\n<p><strong>AD<\/strong> (vytrvalostn\u00ed zkou\u0161ka)<\/p>\n<p><strong>coursingov\u00e1 licence<\/strong><\/p>\n<p><strong>ZVOP<\/strong> (zkou\u0161ka vloh ov\u010d\u00e1ck\u00e9ho psa)<\/p>\n<p><strong>ZOP<\/strong> dle \u0159\u00e1du KJ \u010cR Brno (zkou\u0161ka ovladatelnosti psa)<\/p>\n<p>&nbsp;<\/p>\n<p>&nbsp;<\/p>\n<p>Brenda se stala na\u0161\u00ed druhou fenou. S Angee jsme dost \u010dasto jezdili na r\u016fzn\u00e9 v\u00fdcvikov\u00e9 akce a v\u017edy jeden z n\u00e1s cvi\u010dil, druh\u00fd musel sed\u011bt aneb jeden pes a dva psovodi. Kdy\u017e jsme si v prosinci roku 2012 jsme vyb\u00edrali &#8222;tu prvn\u00ed&#8220; m\u011bli jsme na v\u00fdb\u011br ze dvou fen &#8211; black tri Angelina a red tri Agatha. Vzhledem k tomu, \u017ee napoprv\u00e9 zv\u00edt\u011bzila \u010dern\u00e1, \u010derven\u00e1 byla jasnou volbou pro p\u0159\u00ed\u0161t\u011b. S na\u0161\u00ed chovatelkou Olinou H\u00e1jkovou jsme byli pravideln\u011b v kontaktu a kdy\u017e se zm\u00ednila o dal\u0161\u00edm pl\u00e1novan\u00e9m vrhu, tak jsem si nep\u0159\u00e1la nic jin\u00e9ho ne\u017e aby se pro m\u011b narodila vytou\u017een\u00e1 \u010derven\u00e1 hol\u010di\u010dka, Angelinky k\u00e1mo\u0161ka a Vild\u00edkova par\u0165a\u010dka.<\/p>\n<p>Brendi\u010dka je nejv\u011bt\u0161\u00ed maz\u00e1nek. Nejrad\u011bji ze v\u0161eho m\u00e1 mazlen\u00ed, drb\u00e1n\u00ed a spink\u00e1n\u00ed s p\u00e1n\u00ed\u010dkem. Dok\u00e1\u017ee b\u00fdt skv\u011bl\u00fdm gau\u010d\u00e1kem, ale z\u00e1rove\u0148 je velmi u\u010denliv\u00e1 a poslu\u0161n\u00e1. Bav\u00ed ji agility, coursing i pasen\u00ed ove\u010dek.<\/p>\n<p><a href=\"http:\/\/hosting.pilsfree.net\/tembork\/wp-content\/uploads\/2014\/10\/11263031_902808996409326_6877758507240636630_n.jpg\"><img loading=\"lazy\" decoding=\"async\" class=\"alignleft size-full wp-image-754\" src=\"http:\/\/hosting.pilsfree.net\/tembork\/wp-content\/uploads\/2014\/10\/11263031_902808996409326_6877758507240636630_n.jpg\" alt=\"11263031_902808996409326_6877758507240636630_n\" width=\"720\" height=\"468\" srcset=\"https:\/\/hosting.pilsfree.net\/tembork\/wp-content\/uploads\/2014\/10\/11263031_902808996409326_6877758507240636630_n.jpg 720w, https:\/\/hosting.pilsfree.net\/tembork\/wp-content\/uploads\/2014\/10\/11263031_902808996409326_6877758507240636630_n-300x195.jpg 300w\" sizes=\"(max-width: 720px) 100vw, 720px\" \/><\/a> <a href=\"http:\/\/hosting.pilsfree.net\/tembork\/wp-content\/uploads\/2014\/10\/10993419_855028191187407_7568086953109589525_n.jpg\"><img loading=\"lazy\" decoding=\"async\" class=\"alignleft size-full wp-image-753\" src=\"http:\/\/hosting.pilsfree.net\/tembork\/wp-content\/uploads\/2014\/10\/10993419_855028191187407_7568086953109589525_n.jpg\" alt=\"10993419_855028191187407_7568086953109589525_n\" width=\"720\" height=\"480\" srcset=\"https:\/\/hosting.pilsfree.net\/tembork\/wp-content\/uploads\/2014\/10\/10993419_855028191187407_7568086953109589525_n.jpg 720w, https:\/\/hosting.pilsfree.net\/tembork\/wp-content\/uploads\/2014\/10\/10993419_855028191187407_7568086953109589525_n-300x200.jpg 300w\" sizes=\"(max-width: 720px) 100vw, 720px\" \/><\/a> <a href=\"http:\/\/hosting.pilsfree.net\/tembork\/wp-content\/uploads\/2014\/10\/brenda-1.jpg\"><img loading=\"lazy\" decoding=\"async\" class=\"alignleft size-full wp-image-755\" src=\"http:\/\/hosting.pilsfree.net\/tembork\/wp-content\/uploads\/2014\/10\/brenda-1.jpg\" alt=\"brenda (1)\" width=\"900\" height=\"642\" srcset=\"https:\/\/hosting.pilsfree.net\/tembork\/wp-content\/uploads\/2014\/10\/brenda-1.jpg 900w, https:\/\/hosting.pilsfree.net\/tembork\/wp-content\/uploads\/2014\/10\/brenda-1-300x214.jpg 300w, https:\/\/hosting.pilsfree.net\/tembork\/wp-content\/uploads\/2014\/10\/brenda-1-870x621.jpg 870w\" sizes=\"(max-width: 900px) 100vw, 900px\" \/><\/a><\/p>\n<p><a href=\"http:\/\/hosting.pilsfree.net\/tembork\/wp-content\/uploads\/2014\/10\/DSC_0422i.jpg\"><img loading=\"lazy\" decoding=\"async\" class=\"alignleft wp-image-750 \" src=\"http:\/\/hosting.pilsfree.net\/tembork\/wp-content\/uploads\/2014\/10\/DSC_0422i-1024x683.jpg\" alt=\"DSC_0422i\" width=\"944\" height=\"629\" srcset=\"https:\/\/hosting.pilsfree.net\/tembork\/wp-content\/uploads\/2014\/10\/DSC_0422i-1024x683.jpg 1024w, https:\/\/hosting.pilsfree.net\/tembork\/wp-content\/uploads\/2014\/10\/DSC_0422i-300x200.jpg 300w, https:\/\/hosting.pilsfree.net\/tembork\/wp-content\/uploads\/2014\/10\/DSC_0422i-870x581.jpg 870w\" sizes=\"(max-width: 944px) 100vw, 944px\" \/><\/a> <a href=\"http:\/\/hosting.pilsfree.net\/tembork\/wp-content\/uploads\/2014\/10\/DSC3662_1.jpg\"><img loading=\"lazy\" decoding=\"async\" class=\"alignleft size-full wp-image-503\" src=\"http:\/\/hosting.pilsfree.net\/tembork\/wp-content\/uploads\/2014\/10\/DSC3662_1.jpg\" alt=\"_DSC3662_1\" width=\"600\" height=\"900\" srcset=\"https:\/\/hosting.pilsfree.net\/tembork\/wp-content\/uploads\/2014\/10\/DSC3662_1.jpg 600w, https:\/\/hosting.pilsfree.net\/tembork\/wp-content\/uploads\/2014\/10\/DSC3662_1-200x300.jpg 200w\" sizes=\"(max-width: 600px) 100vw, 600px\" \/><\/a><\/p>\n<p>&nbsp;<\/p>\n<p>&nbsp;<\/p>\n<p>&nbsp;<\/p>\n<p><a href=\"http:\/\/hosting.pilsfree.net\/tembork\/wp-content\/uploads\/2014\/10\/DSC_0210.jpg\"><img loading=\"lazy\" decoding=\"async\" class=\"aligncenter size-full wp-image-381\" src=\"http:\/\/hosting.pilsfree.net\/tembork\/wp-content\/uploads\/2014\/10\/DSC_0210.jpg\" alt=\"DSC_0210\" width=\"4608\" height=\"3072\" srcset=\"https:\/\/hosting.pilsfree.net\/tembork\/wp-content\/uploads\/2014\/10\/DSC_0210.jpg 4608w, https:\/\/hosting.pilsfree.net\/tembork\/wp-content\/uploads\/2014\/10\/DSC_0210-300x200.jpg 300w, https:\/\/hosting.pilsfree.net\/tembork\/wp-content\/uploads\/2014\/10\/DSC_0210-1024x682.jpg 1024w, https:\/\/hosting.pilsfree.net\/tembork\/wp-content\/uploads\/2014\/10\/DSC_0210-870x580.jpg 870w\" sizes=\"(max-width: 4608px) 100vw, 4608px\" \/><\/a> <a href=\"http:\/\/hosting.pilsfree.net\/tembork\/wp-content\/uploads\/2014\/10\/DSC_0225.jpg\"><img loading=\"lazy\" decoding=\"async\" class=\"aligncenter size-full wp-image-382\" src=\"http:\/\/hosting.pilsfree.net\/tembork\/wp-content\/uploads\/2014\/10\/DSC_0225.jpg\" alt=\"DSC_0225\" width=\"4608\" height=\"3072\" srcset=\"https:\/\/hosting.pilsfree.net\/tembork\/wp-content\/uploads\/2014\/10\/DSC_0225.jpg 4608w, https:\/\/hosting.pilsfree.net\/tembork\/wp-content\/uploads\/2014\/10\/DSC_0225-300x200.jpg 300w, https:\/\/hosting.pilsfree.net\/tembork\/wp-content\/uploads\/2014\/10\/DSC_0225-1024x682.jpg 1024w, https:\/\/hosting.pilsfree.net\/tembork\/wp-content\/uploads\/2014\/10\/DSC_0225-870x580.jpg 870w\" sizes=\"(max-width: 4608px) 100vw, 4608px\" \/><\/a> <a href=\"http:\/\/hosting.pilsfree.net\/tembork\/wp-content\/uploads\/2014\/10\/DSC_0340.jpg\"><img loading=\"lazy\" decoding=\"async\" class=\"aligncenter size-full wp-image-383\" src=\"http:\/\/hosting.pilsfree.net\/tembork\/wp-content\/uploads\/2014\/10\/DSC_0340.jpg\" alt=\"DSC_0340\" width=\"3653\" height=\"2436\" srcset=\"https:\/\/hosting.pilsfree.net\/tembork\/wp-content\/uploads\/2014\/10\/DSC_0340.jpg 3653w, https:\/\/hosting.pilsfree.net\/tembork\/wp-content\/uploads\/2014\/10\/DSC_0340-300x200.jpg 300w, https:\/\/hosting.pilsfree.net\/tembork\/wp-content\/uploads\/2014\/10\/DSC_0340-1024x682.jpg 1024w, https:\/\/hosting.pilsfree.net\/tembork\/wp-content\/uploads\/2014\/10\/DSC_0340-870x580.jpg 870w\" sizes=\"(max-width: 3653px) 100vw, 3653px\" \/><\/a> <a href=\"http:\/\/hosting.pilsfree.net\/tembork\/wp-content\/uploads\/2014\/10\/DSC_0395i.jpg\"><img loading=\"lazy\" decoding=\"async\" class=\"aligncenter size-full wp-image-384\" src=\"http:\/\/hosting.pilsfree.net\/tembork\/wp-content\/uploads\/2014\/10\/DSC_0395i.jpg\" alt=\"DSC_0395i\" width=\"3532\" height=\"2356\" srcset=\"https:\/\/hosting.pilsfree.net\/tembork\/wp-content\/uploads\/2014\/10\/DSC_0395i.jpg 3532w, https:\/\/hosting.pilsfree.net\/tembork\/wp-content\/uploads\/2014\/10\/DSC_0395i-300x200.jpg 300w, https:\/\/hosting.pilsfree.net\/tembork\/wp-content\/uploads\/2014\/10\/DSC_0395i-1024x683.jpg 1024w, https:\/\/hosting.pilsfree.net\/tembork\/wp-content\/uploads\/2014\/10\/DSC_0395i-870x580.jpg 870w\" sizes=\"(max-width: 3532px) 100vw, 3532px\" \/><\/a> <a href=\"http:\/\/hosting.pilsfree.net\/tembork\/wp-content\/uploads\/2014\/10\/DSC_0399.jpg\"><img loading=\"lazy\" decoding=\"async\" class=\"aligncenter size-full wp-image-385\" src=\"http:\/\/hosting.pilsfree.net\/tembork\/wp-content\/uploads\/2014\/10\/DSC_0399.jpg\" alt=\"DSC_0399\" width=\"4608\" height=\"3072\" srcset=\"https:\/\/hosting.pilsfree.net\/tembork\/wp-content\/uploads\/2014\/10\/DSC_0399.jpg 4608w, https:\/\/hosting.pilsfree.net\/tembork\/wp-content\/uploads\/2014\/10\/DSC_0399-300x200.jpg 300w, https:\/\/hosting.pilsfree.net\/tembork\/wp-content\/uploads\/2014\/10\/DSC_0399-1024x682.jpg 1024w, https:\/\/hosting.pilsfree.net\/tembork\/wp-content\/uploads\/2014\/10\/DSC_0399-870x580.jpg 870w\" sizes=\"(max-width: 4608px) 100vw, 4608px\" \/><\/a> <a href=\"http:\/\/hosting.pilsfree.net\/tembork\/wp-content\/uploads\/2014\/10\/DSC_0435.jpg\"><img loading=\"lazy\" decoding=\"async\" class=\"aligncenter size-full wp-image-386\" src=\"http:\/\/hosting.pilsfree.net\/tembork\/wp-content\/uploads\/2014\/10\/DSC_0435.jpg\" alt=\"DSC_0435\" width=\"4346\" height=\"2898\" srcset=\"https:\/\/hosting.pilsfree.net\/tembork\/wp-content\/uploads\/2014\/10\/DSC_0435.jpg 4346w, https:\/\/hosting.pilsfree.net\/tembork\/wp-content\/uploads\/2014\/10\/DSC_0435-300x200.jpg 300w, https:\/\/hosting.pilsfree.net\/tembork\/wp-content\/uploads\/2014\/10\/DSC_0435-1024x682.jpg 1024w, https:\/\/hosting.pilsfree.net\/tembork\/wp-content\/uploads\/2014\/10\/DSC_0435-870x580.jpg 870w\" sizes=\"(max-width: 4346px) 100vw, 4346px\" \/><\/a> <a href=\"http:\/\/hosting.pilsfree.net\/tembork\/wp-content\/uploads\/2014\/10\/DSC_0707.jpg\"><img loading=\"lazy\" decoding=\"async\" class=\"aligncenter size-full wp-image-388\" src=\"http:\/\/hosting.pilsfree.net\/tembork\/wp-content\/uploads\/2014\/10\/DSC_0707.jpg\" alt=\"DSC_0707\" width=\"3910\" height=\"2609\" srcset=\"https:\/\/hosting.pilsfree.net\/tembork\/wp-content\/uploads\/2014\/10\/DSC_0707.jpg 3910w, https:\/\/hosting.pilsfree.net\/tembork\/wp-content\/uploads\/2014\/10\/DSC_0707-300x200.jpg 300w, https:\/\/hosting.pilsfree.net\/tembork\/wp-content\/uploads\/2014\/10\/DSC_0707-1024x683.jpg 1024w, https:\/\/hosting.pilsfree.net\/tembork\/wp-content\/uploads\/2014\/10\/DSC_0707-870x580.jpg 870w\" sizes=\"(max-width: 3910px) 100vw, 3910px\" \/><\/a> <a href=\"http:\/\/hosting.pilsfree.net\/tembork\/wp-content\/uploads\/2014\/10\/VZ.jpg\"><img loading=\"lazy\" decoding=\"async\" class=\"aligncenter size-full wp-image-389\" src=\"http:\/\/hosting.pilsfree.net\/tembork\/wp-content\/uploads\/2014\/10\/VZ.jpg\" alt=\"VZ\" width=\"1024\" height=\"682\" srcset=\"https:\/\/hosting.pilsfree.net\/tembork\/wp-content\/uploads\/2014\/10\/VZ.jpg 1024w, https:\/\/hosting.pilsfree.net\/tembork\/wp-content\/uploads\/2014\/10\/VZ-300x199.jpg 300w, https:\/\/hosting.pilsfree.net\/tembork\/wp-content\/uploads\/2014\/10\/VZ-870x579.jpg 870w\" sizes=\"(max-width: 1024px) 100vw, 1024px\" \/><\/a><\/p>\n<p><a href=\"http:\/\/hosting.pilsfree.net\/tembork\/wp-content\/uploads\/2014\/10\/1798379_784459268249843_945257829_n.jpg\"><img loading=\"lazy\" decoding=\"async\" class=\"aligncenter wp-image-380\" src=\"http:\/\/hosting.pilsfree.net\/tembork\/wp-content\/uploads\/2014\/10\/1798379_784459268249843_945257829_n.jpg\" alt=\"1798379_784459268249843_945257829_n\" width=\"1024\" height=\"768\" srcset=\"https:\/\/hosting.pilsfree.net\/tembork\/wp-content\/uploads\/2014\/10\/1798379_784459268249843_945257829_n.jpg 800w, https:\/\/hosting.pilsfree.net\/tembork\/wp-content\/uploads\/2014\/10\/1798379_784459268249843_945257829_n-300x225.jpg 300w\" sizes=\"(max-width: 1024px) 100vw, 1024px\" \/><\/a><\/p>\n<p><a href=\"http:\/\/hosting.pilsfree.net\/tembork\/wp-content\/uploads\/2014\/10\/DSC_0143-2.jpg\"><img loading=\"lazy\" decoding=\"async\" class=\"aligncenter wp-image-394\" src=\"http:\/\/hosting.pilsfree.net\/tembork\/wp-content\/uploads\/2014\/10\/DSC_0143-2-1024x682.jpg\" alt=\"DSC_0143 (2)\" width=\"1024\" height=\"683\" srcset=\"https:\/\/hosting.pilsfree.net\/tembork\/wp-content\/uploads\/2014\/10\/DSC_0143-2-1024x682.jpg 1024w, https:\/\/hosting.pilsfree.net\/tembork\/wp-content\/uploads\/2014\/10\/DSC_0143-2-300x200.jpg 300w, https:\/\/hosting.pilsfree.net\/tembork\/wp-content\/uploads\/2014\/10\/DSC_0143-2-870x580.jpg 870w\" sizes=\"(max-width: 1024px) 100vw, 1024px\" \/><\/a> <a href=\"http:\/\/hosting.pilsfree.net\/tembork\/wp-content\/uploads\/2014\/10\/DSC_0143.jpg\"><img loading=\"lazy\" decoding=\"async\" class=\"aligncenter size-full wp-image-395\" src=\"http:\/\/hosting.pilsfree.net\/tembork\/wp-content\/uploads\/2014\/10\/DSC_0143.jpg\" alt=\"DSC_0143\" width=\"3595\" height=\"2395\" srcset=\"https:\/\/hosting.pilsfree.net\/tembork\/wp-content\/uploads\/2014\/10\/DSC_0143.jpg 3595w, https:\/\/hosting.pilsfree.net\/tembork\/wp-content\/uploads\/2014\/10\/DSC_0143-300x199.jpg 300w, https:\/\/hosting.pilsfree.net\/tembork\/wp-content\/uploads\/2014\/10\/DSC_0143-1024x682.jpg 1024w, https:\/\/hosting.pilsfree.net\/tembork\/wp-content\/uploads\/2014\/10\/DSC_0143-870x579.jpg 870w\" sizes=\"(max-width: 3595px) 100vw, 3595px\" \/><\/a><\/p>\n<p><a href=\"http:\/\/hosting.pilsfree.net\/tembork\/wp-content\/uploads\/2015\/04\/Brenda_Stastny_Koutek.jpg\"><img loading=\"lazy\" decoding=\"async\" class=\"alignleft wp-image-424 size-full\" src=\"http:\/\/hosting.pilsfree.net\/tembork\/wp-content\/uploads\/2015\/04\/Brenda_Stastny_Koutek.jpg\" alt=\"Brenda_Stastny_Koutek\" width=\"900\" height=\"600\" srcset=\"https:\/\/hosting.pilsfree.net\/tembork\/wp-content\/uploads\/2015\/04\/Brenda_Stastny_Koutek.jpg 900w, https:\/\/hosting.pilsfree.net\/tembork\/wp-content\/uploads\/2015\/04\/Brenda_Stastny_Koutek-300x200.jpg 300w, https:\/\/hosting.pilsfree.net\/tembork\/wp-content\/uploads\/2015\/04\/Brenda_Stastny_Koutek-870x580.jpg 870w\" sizes=\"(max-width: 900px) 100vw, 900px\" \/><\/a><\/p>\n","protected":false},"excerpt":{"rendered":"<p>Brenda \u0160\u0165astn\u00fd koutek &nbsp; Plemeno: Australsk\u00fd ov\u010d\u00e1k Matka:&nbsp;INDIANA SV\u011a\u017d\u00cd V\u00cdTR Otec: C.I.B. GrCh. MultiCh. BRED SRDCOV\u00c9 ESO Rodokmen:&nbsp;ZDE Datum narozen\u00ed:&nbsp;21.09.2013 \u010c\u00edslo z\u00e1pisu:&nbsp;CMKU\/AUO\/1784\/13 \u010c\u00edslo chipu: 203096100138112 Chovatel: Olga H\u00e1jkov\u00e1 Majitel: Nikola Be\u0161kov\u00e1 Barva: \u010derven\u00e1 s b\u00edl\u00fdmi znaky a hn\u011bd\u00fdm p\u00e1len\u00edm V\u00fd\u0161ka: 49&nbsp;cm V\u00e1ha: 21 kg Zuby: plnochrup\u00e1 Skus: n\u016f\u017ekov\u00fd Ocas: dlouh\u00fd, dokup\u00edrov\u00e1n &nbsp; ZDRAV\u00cd CEA:&nbsp; +\/+ &hellip; <a href=\"https:\/\/hosting.pilsfree.net\/tembork\/brenda\/\" class=\"more-link\">Pokra\u010dov\u00e1n\u00ed textu <span class=\"screen-reader-text\">Brenda<\/span> <span class=\"meta-nav\">&rarr;<\/span><\/a><\/p>\n","protected":false},"author":1,"featured_media":0,"parent":0,"menu_order":0,"comment_status":"closed","ping_status":"open","template":"","meta":{"_exactmetrics_skip_tracking":false,"_exactmetrics_sitenote_active":false,"_exactmetrics_sitenote_note":"","_exactmetrics_sitenote_category":0,"footnotes":""},"class_list":["post-15","page","type-page","status-publish","hentry"],"_links":{"self":[{"href":"https:\/\/hosting.pilsfree.net\/tembork\/wp-json\/wp\/v2\/pages\/15"}],"collection":[{"href":"https:\/\/hosting.pilsfree.net\/tembork\/wp-json\/wp\/v2\/pages"}],"about":[{"href":"https:\/\/hosting.pilsfree.net\/tembork\/wp-json\/wp\/v2\/types\/page"}],"author":[{"embeddable":true,"href":"https:\/\/hosting.pilsfree.net\/tembork\/wp-json\/wp\/v2\/users\/1"}],"replies":[{"embeddable":true,"href":"https:\/\/hosting.pilsfree.net\/tembork\/wp-json\/wp\/v2\/comments?post=15"}],"version-history":[{"count":46,"href":"https:\/\/hosting.pilsfree.net\/tembork\/wp-json\/wp\/v2\/pages\/15\/revisions"}],"predecessor-version":[{"id":1284,"href":"https:\/\/hosting.pilsfree.net\/tembork\/wp-json\/wp\/v2\/pages\/15\/revisions\/1284"}],"wp:attachment":[{"href":"https:\/\/hosting.pilsfree.net\/tembork\/wp-json\/wp\/v2\/media?parent=15"}],"curies":[{"name":"wp","href":"https:\/\/api.w.org\/{rel}","templated":true}]}}