{"id":1141,"date":"2017-03-28T10:39:36","date_gmt":"2017-03-28T09:39:36","guid":{"rendered":"http:\/\/brennini.com\/?page_id=1141"},"modified":"2017-10-12T13:13:58","modified_gmt":"2017-10-12T12:13:58","slug":"salam","status":"publish","type":"page","link":"https:\/\/hosting.pilsfree.net\/tembork\/salam\/","title":{"rendered":"Sal\u00e1m"},"content":{"rendered":"<h2 style=\"text-align: left;\">Terry Choco Abonito<\/h2>\n<h4>CHOVN\u00dd PES<\/h4>\n<p><a href=\"http:\/\/hosting.pilsfree.net\/tembork\/wp-content\/uploads\/2017\/03\/IMG_2455.jpg\"><img loading=\"lazy\" decoding=\"async\" class=\"alignnone wp-image-1221 size-large\" src=\"http:\/\/hosting.pilsfree.net\/tembork\/wp-content\/uploads\/2017\/03\/IMG_2455-1024x638.jpg\" alt=\"\" width=\"590\" height=\"368\" srcset=\"https:\/\/hosting.pilsfree.net\/tembork\/wp-content\/uploads\/2017\/03\/IMG_2455-1024x638.jpg 1024w, https:\/\/hosting.pilsfree.net\/tembork\/wp-content\/uploads\/2017\/03\/IMG_2455-300x187.jpg 300w, https:\/\/hosting.pilsfree.net\/tembork\/wp-content\/uploads\/2017\/03\/IMG_2455-768x478.jpg 768w, https:\/\/hosting.pilsfree.net\/tembork\/wp-content\/uploads\/2017\/03\/IMG_2455-870x542.jpg 870w\" sizes=\"(max-width: 590px) 100vw, 590px\" \/><\/a><\/p>\n<p><strong>Plemeno:<\/strong>&nbsp;\u010civava kr\u00e1tkosrst\u00e1<\/p>\n<p><strong>Matka<\/strong>:&nbsp;<strong><a href=\"http:\/\/chihuahua.euweb.cz\/onoria.html\" target=\"_blank\">ONORIA Ave Bengal<\/a><\/strong><\/p>\n<p><strong>Otec<\/strong>:&nbsp;<strong><span style=\"color: blue;\"><a href=\"http:\/\/chihuahua.euweb.cz\/torreodor.html\" target=\"_blank\">TORREODOR Iz Legendy o Borodachah<\/a><\/span><\/strong><\/p>\n<p><strong>Rodokmen:&nbsp;<\/strong><\/p>\n<p><strong>Datum narozen\u00ed<\/strong>:&nbsp;7.6.2016<\/p>\n<p><strong>\u010c\u00edslo z\u00e1pisu:&nbsp;<\/strong>CMKU\/CHI\/20543\/16\/17<\/p>\n<p><strong>\u010c\u00edslo chipu:&nbsp;941000019285309<\/strong><\/p>\n<p><strong>Chovatel<\/strong>: <strong><a href=\"http:\/\/www.chihuahua.euweb.cz\/index.html\/\" target=\"_blank\">Ta\u0165\u00e1na Makowetzov\u00e1<\/a><\/strong><\/p>\n<p><strong>Majitel:<\/strong> Nikola Be\u0161kov\u00e1<\/p>\n<p><strong>Barva:<\/strong>&nbsp;tricolor &#8211; \u010dokol\u00e1dov\u011b hn\u011bd\u00e1<\/p>\n<p><strong>V\u00fd\u0161ka:&nbsp;<\/strong><\/p>\n<p><strong>V\u00e1ha:<\/strong> 2,9 kg<\/p>\n<p><strong>Zuby:<\/strong> plnochrup\u00fd<\/p>\n<p><strong>Skus: <\/strong>n\u016f\u017ekov\u00fd<\/p>\n<p><strong>Ocas: <\/strong>dlouh\u00fd<\/p>\n<p>&nbsp;<\/p>\n<p><strong>ZDRAV\u00cd<\/strong><\/p>\n<p><strong>PL:<\/strong>&nbsp; 0\/0&nbsp;<strong><br \/>\n<\/strong><\/p>\n<p><strong>ZKOU\u0160KY:<\/strong><\/p>\n<p>&nbsp;<\/p>\n<p><a href=\"http:\/\/hosting.pilsfree.net\/tembork\/wp-content\/uploads\/2017\/03\/IMG_2382.jpg\" target=\"_blank\"><img loading=\"lazy\" decoding=\"async\" class=\"alignnone wp-image-1220 size-large\" src=\"http:\/\/hosting.pilsfree.net\/tembork\/wp-content\/uploads\/2017\/03\/IMG_2382-1024x664.jpg\" alt=\"\" width=\"590\" height=\"383\" srcset=\"https:\/\/hosting.pilsfree.net\/tembork\/wp-content\/uploads\/2017\/03\/IMG_2382-1024x664.jpg 1024w, https:\/\/hosting.pilsfree.net\/tembork\/wp-content\/uploads\/2017\/03\/IMG_2382-300x195.jpg 300w, https:\/\/hosting.pilsfree.net\/tembork\/wp-content\/uploads\/2017\/03\/IMG_2382-768x498.jpg 768w, https:\/\/hosting.pilsfree.net\/tembork\/wp-content\/uploads\/2017\/03\/IMG_2382-870x564.jpg 870w\" sizes=\"(max-width: 590px) 100vw, 590px\" \/><\/a><\/p>\n<p><a href=\"http:\/\/hosting.pilsfree.net\/tembork\/wp-content\/uploads\/2017\/03\/IMG_2372.jpg\" target=\"_blank\"><img loading=\"lazy\" decoding=\"async\" class=\"alignnone wp-image-1219 size-large\" src=\"http:\/\/hosting.pilsfree.net\/tembork\/wp-content\/uploads\/2017\/03\/IMG_2372-1024x683.jpg\" alt=\"\" width=\"590\" height=\"394\" srcset=\"https:\/\/hosting.pilsfree.net\/tembork\/wp-content\/uploads\/2017\/03\/IMG_2372-1024x683.jpg 1024w, https:\/\/hosting.pilsfree.net\/tembork\/wp-content\/uploads\/2017\/03\/IMG_2372-300x200.jpg 300w, https:\/\/hosting.pilsfree.net\/tembork\/wp-content\/uploads\/2017\/03\/IMG_2372-768x512.jpg 768w, https:\/\/hosting.pilsfree.net\/tembork\/wp-content\/uploads\/2017\/03\/IMG_2372-870x580.jpg 870w\" sizes=\"(max-width: 590px) 100vw, 590px\" \/><\/a><\/p>\n<p><a href=\"http:\/\/hosting.pilsfree.net\/tembork\/wp-content\/uploads\/2017\/03\/IMG_0200.jpg\" target=\"_blank\"><img loading=\"lazy\" decoding=\"async\" class=\"alignnone wp-image-1144 size-large\" src=\"http:\/\/hosting.pilsfree.net\/tembork\/wp-content\/uploads\/2017\/03\/IMG_0200-1024x768.jpg\" alt=\"\" width=\"590\" height=\"443\" srcset=\"https:\/\/hosting.pilsfree.net\/tembork\/wp-content\/uploads\/2017\/03\/IMG_0200-1024x768.jpg 1024w, https:\/\/hosting.pilsfree.net\/tembork\/wp-content\/uploads\/2017\/03\/IMG_0200-300x225.jpg 300w, https:\/\/hosting.pilsfree.net\/tembork\/wp-content\/uploads\/2017\/03\/IMG_0200-768x576.jpg 768w, https:\/\/hosting.pilsfree.net\/tembork\/wp-content\/uploads\/2017\/03\/IMG_0200-870x653.jpg 870w\" sizes=\"(max-width: 590px) 100vw, 590px\" \/><\/a><\/p>\n","protected":false},"excerpt":{"rendered":"<p>Terry Choco Abonito CHOVN\u00dd PES Plemeno:&nbsp;\u010civava kr\u00e1tkosrst\u00e1 Matka:&nbsp;ONORIA Ave Bengal Otec:&nbsp;TORREODOR Iz Legendy o Borodachah Rodokmen:&nbsp; Datum narozen\u00ed:&nbsp;7.6.2016 \u010c\u00edslo z\u00e1pisu:&nbsp;CMKU\/CHI\/20543\/16\/17 \u010c\u00edslo chipu:&nbsp;941000019285309 Chovatel: Ta\u0165\u00e1na Makowetzov\u00e1 Majitel: Nikola Be\u0161kov\u00e1 Barva:&nbsp;tricolor &#8211; \u010dokol\u00e1dov\u011b hn\u011bd\u00e1 V\u00fd\u0161ka:&nbsp; V\u00e1ha: 2,9 kg Zuby: plnochrup\u00fd Skus: n\u016f\u017ekov\u00fd Ocas: dlouh\u00fd &nbsp; ZDRAV\u00cd PL:&nbsp; 0\/0&nbsp; ZKOU\u0160KY: &nbsp;<\/p>\n","protected":false},"author":1,"featured_media":0,"parent":0,"menu_order":7,"comment_status":"closed","ping_status":"closed","template":"","meta":{"_exactmetrics_skip_tracking":false,"_exactmetrics_sitenote_active":false,"_exactmetrics_sitenote_note":"","_exactmetrics_sitenote_category":0,"footnotes":""},"class_list":["post-1141","page","type-page","status-publish","hentry"],"_links":{"self":[{"href":"https:\/\/hosting.pilsfree.net\/tembork\/wp-json\/wp\/v2\/pages\/1141"}],"collection":[{"href":"https:\/\/hosting.pilsfree.net\/tembork\/wp-json\/wp\/v2\/pages"}],"about":[{"href":"https:\/\/hosting.pilsfree.net\/tembork\/wp-json\/wp\/v2\/types\/page"}],"author":[{"embeddable":true,"href":"https:\/\/hosting.pilsfree.net\/tembork\/wp-json\/wp\/v2\/users\/1"}],"replies":[{"embeddable":true,"href":"https:\/\/hosting.pilsfree.net\/tembork\/wp-json\/wp\/v2\/comments?post=1141"}],"version-history":[{"count":19,"href":"https:\/\/hosting.pilsfree.net\/tembork\/wp-json\/wp\/v2\/pages\/1141\/revisions"}],"predecessor-version":[{"id":1237,"href":"https:\/\/hosting.pilsfree.net\/tembork\/wp-json\/wp\/v2\/pages\/1141\/revisions\/1237"}],"wp:attachment":[{"href":"https:\/\/hosting.pilsfree.net\/tembork\/wp-json\/wp\/v2\/media?parent=1141"}],"curies":[{"name":"wp","href":"https:\/\/api.w.org\/{rel}","templated":true}]}}