{"id":13,"date":"2014-11-21T23:27:20","date_gmt":"2014-11-21T22:27:20","guid":{"rendered":"http:\/\/hosting.pilsfree.net\/js-projekt\/labe\/?page_id=13"},"modified":"2020-09-23T17:11:01","modified_gmt":"2020-09-23T16:11:01","slug":"linky","status":"publish","type":"page","link":"https:\/\/hosting.pilsfree.net\/js-projekt\/labe\/?page_id=13","title":{"rendered":"Linky"},"content":{"rendered":"<p><strong>Diskuzn\u00ed f\u00f3rum o p\u0159\u00edprav\u011b moj\u00ed cesty :<\/strong><br \/>\n<a href=\"http:\/\/seakayakforum.cz\/topic\/235\/plzencuxhaven\/\">&#8211; Sea Kayak F\u00f3rum \u010cesk\u00e1 republika &#8211; Plze\u0148-Cuxhaven<\/a> &#8230; :))) kluci d\u00edk<\/p>\n<p>Tenhle skv\u011bl\u00fd link mi uk\u00e1zal t\u00e1ta a\u017e na trase &#8230;\u00a0<a href=\"http:\/\/www.faltboot.org\/wiki\/index.php\/Elbe,_Kilometertabelle\">http:\/\/www.faltboot.org\/wiki\/index.php\/Elbe,_Kilometertabelle<\/a><\/p>\n<p>a dal\u0161\u00ed s km a\u017e po Hamburk<br \/>\n<a href=\"http:\/\/www.blaues-band.de\/elbe\/index.htm\" target=\"_blank\" rel=\"noopener noreferrer\">http:\/\/www.blaues-band.de\/elbe\/index.htm<\/a><\/p>\n<p>Mapy :<br \/>\n<a href=\"http:\/\/www.csplo.cz\/reky\/evc\/evc.htm\" target=\"_blank\" rel=\"noopener noreferrer\">Zaj\u00edmav\u00e1 sestava map.<\/a><br \/>\n<a href=\"http:\/\/www.csplo.cz\/reky\/labe\/elbe0.htm\" target=\"_blank\" rel=\"noopener noreferrer\">Plavebn\u00ed mapy H\u0159ensko &#8211; Hamburk<\/a><\/p>\n<p><a href=\"http:\/\/www.hamburger-stadtplan.com\/\" target=\"_blank\" rel=\"noopener noreferrer\">Mapa Hamburku s vyhled\u00e1v\u00e1n\u00edm<\/a><br \/>\n<a href=\"http:\/\/www.takemaps.com\/cz\/mapa_hamburku_cz.php\" target=\"_blank\" rel=\"noopener noreferrer\">Mapa hamburku &#8211; tisknuteln\u00e1<\/a><\/p>\n<p><a href=\"http:\/\/www.navionics.com\/en\/mobile-pc-app\" target=\"_blank\" rel=\"noopener noreferrer\">Navionics.com &#8211; mobiln\u00ed aplikace<\/a><br \/>\n<a href=\"http:\/\/webapp.navionics.com\/?lang=en\" target=\"_blank\" rel=\"noopener noreferrer\">Navionics.com &#8211; WEB aplikace<\/a><\/p>\n<p><a href=\"https:\/\/www.juebermann.de\/\" target=\"_blank\" rel=\"noopener noreferrer\">Asi nejlep\u0161\u00ed DKV vydavatelstv\u00ed vod\u00e1ck\u00e9 literatury a map https:\/\/www.juebermann.de\/<\/a><\/p>\n<p>&nbsp;<\/p>\n<p><strong>Moje inspirace :<\/strong><br \/>\n<a href=\"http:\/\/mapy.spspraha.cz\/lpm\/maps.asp?lang=cz\">&#8211; <\/a><a title=\"Jak to jel Crosby\" href=\"http:\/\/www.kalimera.cz\/na_kajaku_do_hamburku.html\" target=\"_blank\" rel=\"noopener noreferrer\">Jak to jel z Tou\u0161kova Petr K\u0159\u00ed\u017eek zvan\u00fd Crosby<\/a><br \/>\n<a href=\"http:\/\/mapy.spspraha.cz\/lpm\/maps.asp?lang=cz\">&#8211; <\/a><a title=\"http:\/\/www.kanalizace-frydl.cz\/\" href=\"http:\/\/www.kanalizace-frydl.cz\/blog-detajl.php?p=22\" target=\"_blank\" rel=\"noopener noreferrer\">Jak to jel z \u010cerno\u0161ic Martin Fr\u00fddl<\/a><br \/>\n<a href=\"http:\/\/mapy.spspraha.cz\/lpm\/maps.asp?lang=cz\">&#8211; <\/a><a title=\"Hydromagazin ... lze to i na creeku :) \" href=\"http:\/\/old.hydromagazin.cz\/vyhledej.asp?clanek=682&amp;srchtxt=HAMBURG\" target=\"_blank\" rel=\"noopener noreferrer\">Jak to jel z Prahy Petr Nekola zvan\u00fd Medv\u011bd (1.dil)<\/a>, <a title=\"Hydromagazin ... lze to i na creeku :) \" href=\"http:\/\/old.hydromagazin.cz\/vyhledej.asp?clanek=683&amp;srchtxt=HAMBURG\" target=\"_blank\" rel=\"noopener noreferrer\">(2.dil)<\/a>.<br \/>\n<a href=\"http:\/\/mapy.spspraha.cz\/lpm\/maps.asp?lang=cz\">&#8211; <\/a><a title=\"A jeden s n\u011bmeckou poctivost\u00ed. \" href=\"http:\/\/www.paddelsport.de\/elbe\/elbe586.php\" target=\"_blank\" rel=\"noopener noreferrer\">A jeden s n\u011bmeckou poctivost\u00ed. <\/a><\/p>\n<p><strong>Zaj\u00edmavosti o lodn\u00ed doprav\u011b :<\/strong><br \/>\n&#8211;\u00a0<a href=\"https:\/\/www.marinetraffic.com\/en\/?cb=3836\" target=\"_blank\" rel=\"noopener noreferrer\">Live Ships Map<\/a>\u00a0&#8211; mapa aktu\u00e1ln\u00ed pozice lodi<\/p>\n<p><strong>D\u016fle\u017eit\u00e9 linky :<\/strong><br \/>\n<a href=\"http:\/\/mapy.spspraha.cz\/lpm\/maps.asp?lang=cz\"> &#8211; http:\/\/mapy.spspraha.cz\/lpm\/maps.asp?lang=cz<\/a><br \/>\n<a href=\"http:\/\/www.vltavaslodi.cz\/cs\/plavebni-komory\"> &#8211; http:\/\/www.vltavaslodi.cz\/cs\/plavebni-komory<\/a><br \/>\n<a href=\"http:\/\/www.napalubu.eu\/plavebni-komory\"> &#8211; http:\/\/www.napalubu.eu\/plavebni-komory<\/a><br \/>\n<a href=\"http:\/\/plavebniurad.cz\/predpisy\/predpis.php?typ=v&amp;page=1&amp;id=42\" target=\"_blank\" rel=\"noopener noreferrer\"> &#8211; Plavebn\u00ed vyhl\u00e1\u0161ka \u010d. 3\/2014<\/a>\u00a0<a href=\"http:\/\/plavebniurad.cz\/predpisy\/predpis.php?typ=v&amp;page=1&amp;id=42\" target=\"_blank\" rel=\"noopener noreferrer\">St\u00e1tn\u00ed plavebn\u00ed spr\u00e1vy zde dne 22. 7. 2014 o proplavov\u00e1n\u00ed plavebn\u00edmi komorami na labsko-vltavsk\u00e9 vodn\u00ed cest\u011b<\/a><\/p>\n<p><strong>Bezpe\u010dnost\u00a0&#8211; pravidla -zna\u010dky :<\/strong><br \/>\n<a href=\"http:\/\/mapy.spspraha.cz\/lpm\/maps.asp?lang=cz\">&#8211; <\/a><a title=\" ... zna\u010dky+n\u011bmeck\u00fd slovn\u00edk\" href=\"http:\/\/www.canalboating.cz\/plavba\/\" target=\"_blank\" rel=\"noopener noreferrer\">Zna\u010dky a lodnick\u00fd slovn\u00edk (CZ\/D\/A)<\/a><br \/>\n<a href=\"http:\/\/mapy.spspraha.cz\/lpm\/maps.asp?lang=cz\">&#8211; <\/a><a href=\"http:\/\/plavebniurad.cz\/wp-content\/uploads\/2012\/08\/Desatero_pro_plavbu_v_Praze.pdf\" target=\"_blank\" rel=\"noopener noreferrer\">Desatero_pro_plavbu_v_Praze.pdf<\/a><br \/>\n<a href=\"http:\/\/mapy.spspraha.cz\/lpm\/maps.asp?lang=cz\">&#8211; <\/a><a title=\"COLREG - PDF\" href=\"http:\/\/www.clean.cz\/public\/Image\/sekce-typ-117\/umluva-colreg.pdf\" target=\"_blank\" rel=\"noopener noreferrer\">COLREG 72<\/a>\u00a0&#8211;\u00a0<a title=\"COLREG - PDF\" href=\"http:\/\/www.clean.cz\/public\/Image\/sekce-typ-117\/umluva-colreg.pdf\" target=\"_blank\" rel=\"noopener noreferrer\">\u00damluva o mezin\u00e1rodn\u00edch pravidlech pro zabr\u00e1n\u011bn\u00ed sr\u00e1\u017ek\u00e1m na mo\u0159i<\/a>\u00a0&#8211; p\u0159elo\u017eeno do \u010de\u0161tiny<br \/>\n<a href=\"http:\/\/mapy.spspraha.cz\/lpm\/maps.asp?lang=cz\">&#8211; <\/a><a href=\"http:\/\/old.seakayaker.cz\/component\/content\/frontpage\/02-cb?start=120\" target=\"_blank\" rel=\"noopener noreferrer\">COLREG &#8211; V\u00fdcuc pro kajak\u00e1\u0159e od VPJ<\/a>\u00a0(aneb &#8222;Vypadni!&#8220;)<\/p>\n<p><strong>P\u0159\u00edliv a odliv :<\/strong><br \/>\n<a href=\"http:\/\/mapy.spspraha.cz\/lpm\/maps.asp?lang=cz\">&#8211; <\/a><a href=\"http:\/\/www.tide-forecast.com\/locations\/Hamburg-Germany\/tides\/latest\" target=\"_blank\" rel=\"noopener noreferrer\">P\u0159\u00edliv , odliv, slunce, m\u011bs\u00edc &#8230;<\/a><br \/>\n<a href=\"http:\/\/mapy.spspraha.cz\/lpm\/maps.asp?lang=cz\">&#8211; <\/a><a href=\"http:\/\/www.bsh.de\/cgi-bin\/gezeiten\/was_tab.pl?ort=DE__732D&amp;zone=Gesetzliche%20Zeit&amp;niveau=KN\" target=\"_blank\" rel=\"noopener noreferrer\">Tabulka p\u0159\u00edlivu a odlivu\u00a0Geesthacht &#8211;\u00a0Gezeitenvorausberechnung f\u00fcr Geesthacht<\/a><\/p>\n<p><strong>V\u00fdslovnost &#8230;:<\/strong><br \/>\n<a href=\"http:\/\/mapy.spspraha.cz\/lpm\/maps.asp?lang=cz\">&#8211; <\/a><a href=\"http:\/\/cs.forvo.com\/word\/geesthacht\/\" target=\"_blank\" rel=\"noopener noreferrer\">http:\/\/cs.forvo.com\/word\/geesthacht\/<\/a><\/p>\n<p><strong>N\u011bco o seakayakingu \u00a0a vod\u00e1ctv\u00ed:<\/strong><br \/>\n<a href=\"http:\/\/mapy.spspraha.cz\/lpm\/maps.asp?lang=cz\">&#8211; <\/a><a title=\"www.seakayaker.cz\" href=\"http:\/\/www.seakayaker.cz\/\" target=\"_blank\" rel=\"noopener noreferrer\">www.seakayaker.cz<\/a><br \/>\n<a href=\"http:\/\/mapy.spspraha.cz\/lpm\/maps.asp?lang=cz\">&#8211; <\/a><a href=\"http:\/\/seakayakforum.cz\/\" target=\"_blank\" rel=\"noopener noreferrer\">http:\/\/seakayakforum.cz\/<\/a><br \/>\n<a href=\"http:\/\/mapy.spspraha.cz\/lpm\/maps.asp?lang=cz\">&#8211; <\/a><a title=\"Raft\" href=\"http:\/\/www.raft.cz\/\" target=\"_blank\" rel=\"noopener noreferrer\">www.raft.cz &#8230; nen\u00ed skoro o raftingu, ale o vod\u00e1ctv\u00ed obecn\u011b<\/a><br \/>\n<a href=\"http:\/\/mapy.spspraha.cz\/lpm\/maps.asp?lang=cz\">&#8211; <\/a><a title=\"Hydro\" href=\"http:\/\/www.hydromagazin.cz\" target=\"_blank\" rel=\"noopener noreferrer\">www.hydromagazin.cz &#8230; prost\u011b Hydro<\/a><br \/>\n<a href=\"http:\/\/mapy.spspraha.cz\/lpm\/maps.asp?lang=cz\">&#8211; <\/a><a title=\"Kotva Plze\u0148\" href=\"http:\/\/www.kotva.e-plzen.cz\/news.php\">www.kotva.e-plzen.cz &#8230; str\u00e1nky na\u0161eho klubu Kotva Plze\u0148<\/a><br \/>\n<a href=\"http:\/\/mapy.spspraha.cz\/lpm\/maps.asp?lang=cz\">&#8211; <\/a><a title=\"Vod\u00e1ck\u00fd maraton na \u0159ece Berounce\" href=\"http:\/\/www.vodmar-beroun.cz\/\" target=\"_blank\" rel=\"noopener noreferrer\">www.vodmar-beroun.cz &#8230; tradi\u010dn\u00ed Vod\u00e1ck\u00fd maraton na \u0159ece Berounce<\/a><\/p>\n<p><a href=\"http:\/\/travelswithpaddles.blogspot.com\/2006\/09\/terschelling-in-day_8108.html\">http:\/\/travelswithpaddles.blogspot.com\/2006\/09\/terschelling-in-day_8108.html<\/a><\/p>\n<p>&nbsp;<\/p>\n<p><strong>Zaj\u00edmav\u00e9 a praktick\u00e9 linky :<\/strong><br \/>\n<a href=\"http:\/\/mapy.spspraha.cz\/lpm\/maps.asp?lang=cz\">&#8211; <\/a><a href=\"http:\/\/www.hamburger-kanu-verband.de\/\" target=\"_blank\" rel=\"noopener noreferrer\">MAPA LOD\u011aNIC V HAMBURKU<\/a><br \/>\n<a href=\"http:\/\/mapy.spspraha.cz\/lpm\/maps.asp?lang=cz\">&#8211; <\/a><a href=\"http:\/\/www.casopisdobrodruh.cz\/archiv\/0804.pdf\">www.casopisdobrodruh.cz\/archiv\/0804.pdf<\/a><br \/>\n<a href=\"http:\/\/mapy.spspraha.cz\/lpm\/maps.asp?lang=cz\">&#8211; <\/a><a href=\"http:\/\/www.ikse-mkol.org\/uploads\/media\/MKOL-Labe-a-jeho-povodi-2005-kap4-11.pdf\" target=\"_blank\" rel=\"noopener noreferrer\">MKOL-Labe-a-jeho-povodi-2005-kap4-11.pdf<\/a><\/p>\n<p><a href=\"http:\/\/mapy.spspraha.cz\/lpm\/maps.asp?lang=cz\">&#8211; <\/a><a title=\"... kr\u00e1sn\u00fd obr\u00e1zek\" href=\"http:\/\/upload.wikimedia.org\/wikipedia\/commons\/0\/0c\/Labe_udoli.jpg\" target=\"_blank\" rel=\"noopener noreferrer\">&#8230; kr\u00e1sn\u00fd obr\u00e1zek &#8211; p\u00edskovce<\/a><br \/>\n<a href=\"http:\/\/mapy.spspraha.cz\/lpm\/maps.asp?lang=cz\">&#8211; <\/a><a title=\"... kr\u00e1sn\u00fd obr\u00e1zek\" href=\"http:\/\/commons.wikimedia.org\/wiki\/File:Labe_udoli.jpg\" target=\"_blank\" rel=\"noopener noreferrer\">&#8230; kr\u00e1sn\u00fd obr\u00e1zek &#8211; p\u00edskovce 2<\/a><br \/>\n<a href=\"http:\/\/mapy.spspraha.cz\/lpm\/maps.asp?lang=cz\">&#8211; <\/a><a href=\"http:\/\/www.labskastezka.cz\/cz\/labe-a-priroda\/reka-labe\/pro-vodaky\/\" target=\"_blank\" rel=\"noopener noreferrer\">www.labskastezka.cz &#8211; Labe a priroda pro-vodaky\/<\/a><\/p>\n<p><strong>Technika p\u00e1dlov\u00e1n\u00ed :<\/strong><br \/>\n<a href=\"http:\/\/mapy.spspraha.cz\/lpm\/maps.asp?lang=cz\">&#8211; <\/a><a href=\"http:\/\/www.flatwaterkayaking.com\/how_to_paddle_proper_kayaking_techniques.html\" target=\"_blank\" rel=\"noopener noreferrer\">\u0161treka\u0159i\u00a0<\/a><\/p>\n<p><strong>Span\u00ed v p\u0159\u00edrod\u011b leg\u00e1ln\u011b\u00a0:<\/strong><\/p>\n<p>https:\/\/eng.naturstyrelsen.dk\/experience-nature\/sleeping-outside-in-nature\/<\/p>\n<blockquote class=\"wp-embedded-content\" data-secret=\"ZYpsehBkuL\"><p><a href=\"https:\/\/henkvandillen.net\/en\/how-to-wild-camp-for-free-and-legal-in-the-netherlands\/\">How to wild camp for free and legal in The Netherlands<\/a><\/p><\/blockquote>\n<p><iframe class=\"wp-embedded-content\" sandbox=\"allow-scripts\" security=\"restricted\" style=\"position: absolute; clip: rect(1px, 1px, 1px, 1px);\" src=\"https:\/\/henkvandillen.net\/en\/how-to-wild-camp-for-free-and-legal-in-the-netherlands\/embed\/#?secret=ZYpsehBkuL\" data-secret=\"ZYpsehBkuL\" width=\"474\" height=\"267\" title=\"&#8220;How to wild camp for free and legal in The Netherlands&#8221; &#8212; Henk van Dillen\" frameborder=\"0\" marginwidth=\"0\" marginheight=\"0\" scrolling=\"no\"><\/iframe><\/p>\n","protected":false},"excerpt":{"rendered":"<p>Diskuzn\u00ed f\u00f3rum o p\u0159\u00edprav\u011b moj\u00ed cesty : &#8211; Sea Kayak F\u00f3rum \u010cesk\u00e1 republika &#8211; Plze\u0148-Cuxhaven &#8230; :))) kluci d\u00edk Tenhle skv\u011bl\u00fd link mi uk\u00e1zal t\u00e1ta a\u017e na trase &#8230;\u00a0http:\/\/www.faltboot.org\/wiki\/index.php\/Elbe,_Kilometertabelle a dal\u0161\u00ed s km a\u017e po Hamburk http:\/\/www.blaues-band.de\/elbe\/index.htm Mapy : Zaj\u00edmav\u00e1 sestava map. Plavebn\u00ed mapy H\u0159ensko &#8211; Hamburk Mapa Hamburku s vyhled\u00e1v\u00e1n\u00edm Mapa hamburku &#8211; tisknuteln\u00e1 &hellip; <a href=\"https:\/\/hosting.pilsfree.net\/js-projekt\/labe\/?page_id=13\" class=\"more-link\">Pokra\u010dov\u00e1n\u00ed textu <span class=\"screen-reader-text\">Linky<\/span> <span class=\"meta-nav\">&rarr;<\/span><\/a><\/p>\n","protected":false},"author":1,"featured_media":0,"parent":0,"menu_order":9,"comment_status":"open","ping_status":"open","template":"","meta":[],"_links":{"self":[{"href":"https:\/\/hosting.pilsfree.net\/js-projekt\/labe\/index.php?rest_route=\/wp\/v2\/pages\/13"}],"collection":[{"href":"https:\/\/hosting.pilsfree.net\/js-projekt\/labe\/index.php?rest_route=\/wp\/v2\/pages"}],"about":[{"href":"https:\/\/hosting.pilsfree.net\/js-projekt\/labe\/index.php?rest_route=\/wp\/v2\/types\/page"}],"author":[{"embeddable":true,"href":"https:\/\/hosting.pilsfree.net\/js-projekt\/labe\/index.php?rest_route=\/wp\/v2\/users\/1"}],"replies":[{"embeddable":true,"href":"https:\/\/hosting.pilsfree.net\/js-projekt\/labe\/index.php?rest_route=%2Fwp%2Fv2%2Fcomments&post=13"}],"version-history":[{"count":22,"href":"https:\/\/hosting.pilsfree.net\/js-projekt\/labe\/index.php?rest_route=\/wp\/v2\/pages\/13\/revisions"}],"predecessor-version":[{"id":243,"href":"https:\/\/hosting.pilsfree.net\/js-projekt\/labe\/index.php?rest_route=\/wp\/v2\/pages\/13\/revisions\/243"}],"wp:attachment":[{"href":"https:\/\/hosting.pilsfree.net\/js-projekt\/labe\/index.php?rest_route=%2Fwp%2Fv2%2Fmedia&parent=13"}],"curies":[{"name":"wp","href":"https:\/\/api.w.org\/{rel}","templated":true}]}}