{"id":91,"date":"2017-04-24T18:03:15","date_gmt":"2017-04-24T17:03:15","guid":{"rendered":"http:\/\/hosting.pilsfree.net\/js-projekt\/labe\/?page_id=91"},"modified":"2019-06-07T21:36:15","modified_gmt":"2019-06-07T20:36:15","slug":"kam-dal-wales-co-treba-z-reky-wye-do-reky-dee","status":"publish","type":"page","link":"http:\/\/hosting.pilsfree.net\/js-projekt\/labe\/?page_id=91","title":{"rendered":"Kam d\u00e1l?  Wales?"},"content":{"rendered":"<p><script type=\"text\/javascript\">\/\/ <![CDATA[ zadany_rok=2015; zadany_mesic=5; zadany_den=22; zadany_hodiny=0; zadany_minuty=0; zadany_sekundy=0; nastalo=\"\"; \/\/ ]]><\/script><\/p>\n<p><script type=\"text\/javascript\">\/\/ <![CDATA[ \/\/ JavaScript Document function zpracuj() { dnes=new Date(); dni=dnes.getDate(); mesicu=dnes.getMonth(); if (mesicu==0 || mesicu==2 || mesicu==4) odecetdnu=31; if (mesicu==3) odecetdnu=30; if (mesicu==1) odecetdnu=28; if (mesicu==\"1\") { zbyva_dni=odecetdnu-dni+31+30+22; } if (mesicu==\"2\") { zbyva_dni=odecetdnu-dni+30+22; } if (mesicu==\"3\") { zbyva_dni=odecetdnu-dni+22; } if (mesicu==\"4\") { zbyva_dni=22-dni; } var str =zbyva_dni + \" \"; if (zbyva_dni > 4 || zbyva_dni == 0)\n        str += \"dn\u00ed \";\n    else if (zbyva_dni > 1)\n        str += \"dny \";\n    else\n        str += \"den \";\n\n\n    document.getElementById('sem').innerHTML = str;\n}\n\/\/ ]]><\/script><\/p>\n<h2>\u00davod o\u00a0Wales<\/h2>\n<p>Miluji tuto kr\u00e1snou zelenou zemi, kterou jsem m\u011bl ji\u017e kdysi mo\u017enost nav\u0161t\u00edvit. Je to zem\u011b draka v zelenob\u00edl\u00e9m poli, kde je v\u0161echno &#8222;tak n\u011bjak mal\u00e9&#8220;, ale duch velk\u00fd. Historick\u00fd konflikt s Angli\u00ed zde m\u00e1 hlubok\u00e9 ko\u0159eny a boj o vlastn\u00ed jazyk p\u0159e\u017eil i p\u0159es snahu Angli\u010dan\u016f o jeho vym\u00fdcen\u00ed. Pr\u016fmysl (t\u011b\u017eba a zpracov\u00e1n\u00ed uhl\u00ed a kov\u016f).tuto zemi zdecimoval, aby se pak mohla vr\u00e1tit do sv\u00e9 zvl\u00e1\u0161tn\u00ed p\u0159\u00edrodn\u00ed kr\u00e1sy, ze kter\u00e9 ob\u010das vykukuj\u00ed poz\u016fstatky opu\u0161t\u011bn\u00e9 industri\u00e1ln\u00ed i bohat\u00e9 p\u0159edindustri\u00e1ln\u00ed historie.<\/p>\n<p><a href=\"http:\/\/hosting.pilsfree.net\/js-projekt\/labe\/wp-content\/uploads\/2019\/06\/wales-map.png\"><img loading=\"lazy\" class=\"alignnone  wp-image-240\" src=\"http:\/\/hosting.pilsfree.net\/js-projekt\/labe\/wp-content\/uploads\/2019\/06\/wales-map-247x300.png\" alt=\"\" width=\"461\" height=\"560\" srcset=\"http:\/\/hosting.pilsfree.net\/js-projekt\/labe\/wp-content\/uploads\/2019\/06\/wales-map-247x300.png 247w, http:\/\/hosting.pilsfree.net\/js-projekt\/labe\/wp-content\/uploads\/2019\/06\/wales-map.png 669w\" sizes=\"(max-width: 461px) 100vw, 461px\" \/><\/a><\/p>\n<div><a href=\"http:\/\/hosting.pilsfree.net\/js-projekt\/labe\/wp-content\/uploads\/2019\/06\/1920px-Flag_of_Wales_1959\u2013present.svg_.png\"><img loading=\"lazy\" class=\"wp-image-235 aligncenter\" src=\"http:\/\/hosting.pilsfree.net\/js-projekt\/labe\/wp-content\/uploads\/2019\/06\/1920px-Flag_of_Wales_1959\u2013present.svg_-300x180.png\" alt=\"\" width=\"448\" height=\"269\" srcset=\"http:\/\/hosting.pilsfree.net\/js-projekt\/labe\/wp-content\/uploads\/2019\/06\/1920px-Flag_of_Wales_1959\u2013present.svg_-300x180.png 300w, http:\/\/hosting.pilsfree.net\/js-projekt\/labe\/wp-content\/uploads\/2019\/06\/1920px-Flag_of_Wales_1959\u2013present.svg_-768x461.png 768w, http:\/\/hosting.pilsfree.net\/js-projekt\/labe\/wp-content\/uploads\/2019\/06\/1920px-Flag_of_Wales_1959\u2013present.svg_-1024x614.png 1024w, http:\/\/hosting.pilsfree.net\/js-projekt\/labe\/wp-content\/uploads\/2019\/06\/1920px-Flag_of_Wales_1959\u2013present.svg_.png 1920w\" sizes=\"(max-width: 448px) 100vw, 448px\" \/><\/a><\/div>\n<div>Vlajka je kr\u00e1sn\u00e1 a zaj\u00edmav\u00fd je i keltsky ko\u0161at\u00fd jazyk.\u00a0Vel\u0161an\u00e9 sami sebe naz\u00fdvaj\u00ed\u00a0<i>Cymry<\/i>, co\u017e pravd\u011bpodobn\u011b ve star\u00e9 vel\u0161tin\u011b znamen\u00e1 \u201ekrajan\u201c. Nenau\u010dil jsem se Vel\u0161sky ani pozdravit, co\u017e budu muset napravit. Ob\u00e1v\u00e1m se, \u017ee to nebude jednoduch\u00e9.<\/div>\n<div><\/div>\n<div>P\u00e1r info z Wiki<\/div>\n<div>&#8211; p\u0159\u00edklad n\u00e1zvu n\u00e1zvu dvou obc\u00ed, kter\u00e9 jist\u011b nevyslov\u00edm :<\/div>\n<div>\n<ul>\n<li><a class=\"new\" title=\"Cwmbr\u00e2n (str\u00e1nka neexistuje)\" href=\"https:\/\/cs.wikipedia.org\/w\/index.php?title=Cwmbr%C3%A2n&amp;action=edit&amp;redlink=1\">Cwmbr\u00e2n<\/a><\/li>\n<li><a title=\"Llanfairpwllgwyngyllgogerychwyrndrobwllllantysiliogogogoch\" href=\"https:\/\/cs.wikipedia.org\/wiki\/Llanfairpwllgwyngyllgogerychwyrndrobwllllantysiliogogogoch\">Llanfairpwllgwyngyllgogerychwyrndrobwllllantysiliogogogoch<\/a>\u00a0\u00a0<b>v\u00fdslovnost\u00a0<\/b>(<span class=\"IPA\" title=\"Toto je p\u0159epis v\u00fdslovnosti pomoc\u00ed znak\u016f mezin\u00e1rodn\u00ed fonetick\u00e9 abecedy (IPA).\">\u026canvairp\u028a\u026cgw\u0268\u014bg\u0268\u031e\u026cg\u0254g\u025br\u0259\u03c7w\u0259rndr\u0254b\u028a\u026c\u026cant\u0259s\u026alj\u0254g\u0254g\u0254go\u02d0\u03c7<\/span>\u00a0<a title=\"zvuk\" href=\"https:\/\/cs.wikipedia.org\/wiki\/M%C3%A9dia:Cy-Llanfairpwllgwyngyllgogerychwyrndrobwllllantysiliogogogoch.ogg\"><img loading=\"lazy\" src=\"https:\/\/upload.wikimedia.org\/wikipedia\/commons\/thumb\/8\/8a\/Loudspeaker.svg\/12px-Loudspeaker.svg.png\" srcset=\"\/\/upload.wikimedia.org\/wikipedia\/commons\/thumb\/8\/8a\/Loudspeaker.svg\/18px-Loudspeaker.svg.png 1.5x, \/\/upload.wikimedia.org\/wikipedia\/commons\/thumb\/8\/8a\/Loudspeaker.svg\/24px-Loudspeaker.svg.png 2x\" alt=\"zvuk\" width=\"12\" height=\"12\" data-file-width=\"20\" data-file-height=\"20\" \/><\/a>, zkr\u00e1cen\u011b\u00a0<b>Llanfairpwllgwyngyll<\/b>,\u00a0<b>Llanfair Pwllgwyngyll<\/b>,\u00a0<b>Llanfair PG<\/b>\u00a0nebo\u00a0<b>Llanfairpwll<\/b>) je obec na ostrov\u011b\u00a0<a title=\"Anglesey\" href=\"https:\/\/cs.wikipedia.org\/wiki\/Anglesey\">Anglesey<\/a>, zn\u00e1m\u00e1 v\u00a0podstat\u011b jen kv\u016fli sv\u00e9mu dlouh\u00e9mu jm\u00e9nu. P\u0159eklad tohoto\u00a0<a title=\"Vel\u0161tina\" href=\"https:\/\/cs.wikipedia.org\/wiki\/Vel%C5%A1tina\">vel\u0161sk\u00e9ho<\/a>\u00a0n\u00e1zvu zn\u00ed zhruba\u00a0<i>\u201eKostel Panny Marie\u00a0<\/i>(Llanfair)<i>\u00a0v\u00a0roklin\u011b\u00a0<\/i>(pwll)<i>\u00a0b\u00edl\u00fdch l\u00edsek\u00a0<\/i>(gwyn gyll)<i>\u00a0pobl\u00ed\u017e\u00a0<\/i>(ger)<i>\u00a0prudk\u00e9ho v\u00edru\u00a0<\/i>(chwyrn drobwll)<i>\u00a0a\u00a0kostela svat\u00e9ho Tysilia\u00a0<\/i>(llantysilio)<i>\u00a0u\u00a0\u010derven\u00e9 jeskyn\u011b\u00a0<\/i>(ogo goch)<i>\u201c<\/i>,<sup id=\"cite_ref-novinky_1-0\" class=\"reference\"><a href=\"https:\/\/cs.wikipedia.org\/wiki\/Llanfairpwllgwyngyllgogerychwyrndrobwllllantysiliogogogoch#cite_note-novinky-1\">[1]<\/a><\/sup>\u00a0<a title=\"Angli\u010dtina\" href=\"https:\/\/cs.wikipedia.org\/wiki\/Angli%C4%8Dtina\">anglicky<\/a>\u00a0<span class=\"cizojazycne\" lang=\"en\" title=\"angli\u010dtina\"><i>St. Mary&#8217;s Church in the hollow of the white hazel near the rapid whirlpool and the church of St. Tysilio with a red cave<\/i><\/span>.<\/li>\n<\/ul>\n<p><em><span id=\"Vzorov\u00fd_text\" class=\"mw-headline\">&#8211; Vzorov\u00fd text &#8211;\u00a0<\/span><span id=\"V\u0161eobecn\u00e1_deklarace_lidsk\u00fdch_pr\u00e1v\" class=\"mw-headline\">V\u0161eobecn\u00e1 deklarace lidsk\u00fdch pr\u00e1v :<\/span><\/em><\/p>\n<table border=\"0\">\n<tbody>\n<tr>\n<td valign=\"top\"><em><b>vel\u0161sky<\/b><\/em><\/td>\n<td valign=\"top\"><em>Mae pob bod dynol yn cael eu geni&#8217;n rhydd ac yn gydradd \u00e2&#8217;i gilydd mewn urddas a hawliau. Maent wedi&#8217;u geni \u00e2 rheswm a chydwybod, a dylent weithredu mewn ysbryd cymodlon.<\/em><\/td>\n<\/tr>\n<tr>\n<td valign=\"top\"><em><b>\u010desky<\/b><\/em><\/td>\n<td valign=\"top\"><em>V\u0161ichni lid\u00e9 se rod\u00ed svobodn\u00ed a sob\u011b rovn\u00ed co do d\u016fstojnosti a pr\u00e1v. Jsou nad\u00e1ni rozumem a sv\u011bdom\u00edm a maj\u00ed spolu jednat v\u00a0duchu bratrstv\u00ed.<\/em><\/td>\n<\/tr>\n<\/tbody>\n<\/table>\n<\/div>\n<div><\/div>\n<h2><strong>Co t\u0159eba z \u0159eky Wye do \u0159eky Dee?<\/strong><\/h2>\n<div><\/div>\n<div id=\"sem\">Ahoj kamar\u00e1di,<\/div>\n<div>st\u00e1le mi to vrt\u00e1 hlavou.<\/div>\n<div><\/div>\n<div>Sed\u011bt na zadku doma dok\u00e1\u017ee ka\u017ed\u00fd, tak &#8222;co s na\u010dat\u00fdm ve\u010derem&#8220; &#8230;\u00a0<strong>Wales (<a title=\"\" href=\"https:\/\/cs.wikipedia.org\/wiki\/Vel%C5%A1tina\">vel\u0161sky<\/a>\u00a0<b><span class=\"cizojazycne\" lang=\"cy\" title=\"vel\u0161tina\">Cymru)<\/span><\/b><\/strong> je \u00fa\u017easn\u00e1 zem\u011b &#8230; a nejen mo\u0159e je zde skv\u011bl\u00e9. Bohu\u017eel st\u00e1le na to nem\u00e1m lo\u010f. Ale takto to v\u017edy za\u010d\u00edn\u00e1&#8230; vypus\u0165 sen, na\u010dti, stanov term\u00edn a za\u010dni. Slovy <a href=\"http:\/\/freyahoffmeister.com\/\" target=\"_blank\" rel=\"noopener noreferrer\">Freyi Hoffmeister\u00a0<\/a><strong>Never stop starting Never start stopping.<\/strong><\/div>\n<div><\/div>\n<div>\n<figure style=\"width: 615px\" class=\"wp-caption aligncenter\"><img loading=\"lazy\" class=\"\" src=\"http:\/\/i4.walesonline.co.uk\/incoming\/article7597898.ece\/ALTERNATES\/s615\/JS43834699.jpg\" width=\"615\" height=\"409\" \/><figcaption class=\"wp-caption-text\">Kdy\u017e foukne v Aberystwyth<\/figcaption><\/figure>\n<\/div>\n<div><\/div>\n<div>Tady u\u017e to n\u011bkdo prop\u00e1dloval a popsal <a href=\"https:\/\/kayakaroundwales.wordpress.com\/\" target=\"_blank\" rel=\"noopener noreferrer\">(kayak around Wales)<\/a> . Jen 650 km, mo\u0159e s jedn\u00edm z nejv\u011bt\u0161\u00edch p\u0159\u00edliv\u016f na sv\u011bt\u011b, mo\u0159e s p\u0159\u00edlivov\u00fdmi pe\u0159ejemi, kde se jezd\u00ed i rodeo <a href=\"http:\/\/www.canoewales.com\/tidal-rapids\" target=\"_blank\" rel=\"noopener noreferrer\">(tidal-rapids)<\/a>\u00a0 p\u0159\u00edlivem a\u017e p\u0159es 13m <a href=\"http:\/\/www.walesonline.co.uk\/news\/super-tide-phenomenon-brings-high-sea-8690641\" target=\"_blank\" rel=\"noopener noreferrer\">(super tide)<\/a><\/div>\n<div><\/div>\n<div>Je\u0161t\u011b ur\u010dit term\u00edn.\u00a0<strong>Nepojedete n\u011bkdo se mnou?<\/strong><\/div>\n<div><\/div>\n<div>3\/6\/2019 za\u010dnu postupn\u011b dopl\u0148ovat zaj\u00edmav\u00e9 linky, kter\u00e9 pak pozd\u011bji je\u0161t\u011b uprav\u00edm dle \u00fa\u010delu a trasy.<\/div>\n<div>Po dlouh\u00e9 dob\u011b zanedb\u00e1v\u00e1n\u00ed p\u0159\u00edpravy bych sem r\u00e1d p\u0159idal zaj\u00edmav\u00fd link na\u00a0<a href=\"https:\/\/www.walescoastpath.gov.uk\/?lang=en\" target=\"_blank\" rel=\"noopener noreferrer\">Wales Coast Path<\/a>. Kdyby n\u011bkdo cht\u011bl s n\u00e1mi p\u011bsky &#8230;<\/div>\n<div><\/div>\n<div>Ahoj Klasik<\/div>\n<div><\/div>\n<div><\/div>\n<div><strong>Zaj\u00edmav\u00e9 linky, zat\u00edm neprot\u0159\u00edd\u011bn\u00e9 :<\/strong><\/div>\n<div><\/div>\n<div><a href=\"https:\/\/www.walescoastpath.gov.uk\/?lang=en\" target=\"_blank\" rel=\"noopener noreferrer\">Wales Coast Path<\/a><\/div>\n<div>Dal\u0161\u00ed link je na lod\u011bnici <a href=\"https:\/\/www.tycwch-cwmtydu-boathouse.wales\/activities\">Cwmtydu<\/a>\u00a0. Obecn\u011b se mi na vodn\u00edch cest\u00e1ch osv\u011bd\u010dilo vyu\u017e\u00edvat sportovn\u00ed lod\u011bnice jako m\u00edsta vhodn\u00e1 k zast\u00e1vce. V z\u00e1sad\u011b u mal\u00fdch klub\u016f b\u00fdv\u00e1 v\u011bt\u0161\u00ed vst\u0159\u00edcnost a vz\u00e1jemn\u00e9 pochopen\u00ed, tak\u017ee m\u011b tolerantn\u011b p\u0159ijali na p\u0159esp\u00e1n\u00ed i jachta\u0159i.a klub kanupola. Samoz\u0159ejm\u011b to nefunguje na vyt\u00ed\u017een\u00fdch \u0159ek\u00e1ch typu Vltava z VB do CB.<\/div>\n<div><\/div>\n<div><a href=\"https:\/\/www.cardigan-bay.com\/cwmtydu-beach-cardigan-bay.php\">https:\/\/www.cardigan-bay.com\/cwmtydu-beach-cardigan-bay.php<\/a><\/div>\n<div><a href=\"https:\/\/www.cardigan-bay.com\/kayaking-cardigan-bay.php\">https:\/\/www.cardigan-bay.com\/kayaking-cardigan-bay.php<\/a><\/div>\n<div><a href=\"https:\/\/www.angleseyoutdoors.com\/\">https:\/\/www.angleseyoutdoors.com\/<\/a><\/div>\n<div><a href=\"https:\/\/books.google.cz\/books?id=JemEAwAAQBAJ&amp;pg=PP4&amp;lpg=PP4&amp;dq=kayak+club+liverpool&amp;source=bl&amp;ots=aItQR7f_vI&amp;sig=ACfU3U3Spz867PA4XvSQ1UYQI6c8-HFu8A&amp;hl=cs&amp;sa=X&amp;ved=2ahUKEwiG-YD2otXiAhUMZlAKHQz0ADkQ6AEwDXoECAcQAQ#v=onepage&amp;q=kayak%20club%20liverpool&amp;f=false\" target=\"_blank\" rel=\"noopener noreferrer\">Canoe club Liverpool<\/a><\/div>\n<div><a href=\"http:\/\/luccgoespaddling.blogspot.com\/\" target=\"_blank\" rel=\"noopener noreferrer\">Liverpool University Canoe Club (LUCC)<\/a><\/div>\n<div><a href=\"http:\/\/groupspaces.com\/Lucanoe\/\">http:\/\/groupspaces.com\/Lucanoe\/<\/a><\/div>\n<div><a href=\"https:\/\/www.liverpool.ac.uk\/sports\/sports-clubs\/student-sports\/canoeing\/\">https:\/\/www.liverpool.ac.uk\/sports\/sports-clubs\/student-sports\/canoeing\/\u00a0<\/a><\/div>\n<div><a href=\"http:\/\/www.chesterriversidecanoeclub.co.uk\/\">Chester Riverside Canoe Club (CRCC)<\/a><\/div>\n<div><a href=\"https:\/\/www.sea-cadets.org\/swansea\/what-we-do\" target=\"_blank\" rel=\"noopener noreferrer\">Sea Cadets Swansea<\/a><\/div>\n<div><\/div>\n<div><a href=\"http:\/\/www.ukseakayakguidebook.co.uk\/sea_trips_wales.htm\">http:\/\/www.ukseakayakguidebook.co.uk\/sea_trips_wales.htm<\/a><\/div>\n<div><\/div>\n<div><\/div>\n","protected":false},"excerpt":{"rendered":"<p>\u00davod o\u00a0Wales Miluji tuto kr\u00e1snou zelenou zemi, kterou jsem m\u011bl ji\u017e kdysi mo\u017enost nav\u0161t\u00edvit. Je to zem\u011b draka v zelenob\u00edl\u00e9m poli, kde je v\u0161echno &#8222;tak n\u011bjak mal\u00e9&#8220;, ale duch velk\u00fd. Historick\u00fd konflikt s Angli\u00ed zde m\u00e1 hlubok\u00e9 ko\u0159eny a boj o vlastn\u00ed jazyk p\u0159e\u017eil i p\u0159es snahu Angli\u010dan\u016f o jeho vym\u00fdcen\u00ed. Pr\u016fmysl (t\u011b\u017eba a zpracov\u00e1n\u00ed &hellip; <a href=\"http:\/\/hosting.pilsfree.net\/js-projekt\/labe\/?page_id=91\" class=\"more-link\">Pokra\u010dov\u00e1n\u00ed textu <span class=\"screen-reader-text\">Kam d\u00e1l?  Wales?<\/span> <span class=\"meta-nav\">&rarr;<\/span><\/a><\/p>\n","protected":false},"author":1,"featured_media":0,"parent":0,"menu_order":0,"comment_status":"open","ping_status":"open","template":"","meta":[],"_links":{"self":[{"href":"http:\/\/hosting.pilsfree.net\/js-projekt\/labe\/index.php?rest_route=\/wp\/v2\/pages\/91"}],"collection":[{"href":"http:\/\/hosting.pilsfree.net\/js-projekt\/labe\/index.php?rest_route=\/wp\/v2\/pages"}],"about":[{"href":"http:\/\/hosting.pilsfree.net\/js-projekt\/labe\/index.php?rest_route=\/wp\/v2\/types\/page"}],"author":[{"embeddable":true,"href":"http:\/\/hosting.pilsfree.net\/js-projekt\/labe\/index.php?rest_route=\/wp\/v2\/users\/1"}],"replies":[{"embeddable":true,"href":"http:\/\/hosting.pilsfree.net\/js-projekt\/labe\/index.php?rest_route=%2Fwp%2Fv2%2Fcomments&post=91"}],"version-history":[{"count":14,"href":"http:\/\/hosting.pilsfree.net\/js-projekt\/labe\/index.php?rest_route=\/wp\/v2\/pages\/91\/revisions"}],"predecessor-version":[{"id":241,"href":"http:\/\/hosting.pilsfree.net\/js-projekt\/labe\/index.php?rest_route=\/wp\/v2\/pages\/91\/revisions\/241"}],"wp:attachment":[{"href":"http:\/\/hosting.pilsfree.net\/js-projekt\/labe\/index.php?rest_route=%2Fwp%2Fv2%2Fmedia&parent=91"}],"curies":[{"name":"wp","href":"https:\/\/api.w.org\/{rel}","templated":true}]}}